{"id":1559,"date":"2023-11-09T17:01:27","date_gmt":"2023-11-09T17:01:27","guid":{"rendered":"https:\/\/calibracion.com.mx\/tienda\/?post_type=product&#038;p=1559"},"modified":"2025-03-09T07:31:39","modified_gmt":"2025-03-09T07:31:39","slug":"testo-635-2-termohigrometro-medidor-de-humedad","status":"publish","type":"product","link":"https:\/\/calibracion.com.mx\/tienda\/testo-635-2-termohigrometro-medidor-de-humedad\/","title":{"rendered":"testo 635-2 termohigr\u00f3metro\/medidor de humedad"},"content":{"rendered":"<p>Este instrumento de medici\u00f3n necesita una sonda para ser comisionado.<\/p>\n<p>El termohigr\u00f3metro \/ registrador testo 635-2 tiene una gran selecci\u00f3n de sondas de temperatura y humedad para medir, registrar, investigar y tambi\u00e9n informar datos para una serie de apps comerciales e industriales.<\/p>\n<p>Las mediciones tienen la posibilidad de guardarse como solo una entrada o registrarse en todo el tiempo a trav\u00e9s de intervalos establecidos por el usuario en ubicaciones de archivos espec\u00edficas para su simple descarga al programa ComSoft para su an\u00e1lisis y tambi\u00e9n informes. Con la impresora inal\u00e1mbrica opcional, la documentaci\u00f3n in situ est\u00e1 a un bot\u00f3n de distancia.<\/p>\n<p>El testo 635-2 puede mostrar valores m\u00edn.\/m\u00e1x\/promedio y calcular la diferencia de punto de roc\u00edo entre el aire interior y la \u00e1rea de la pared. Tanto el medidor como la gu\u00eda del men\u00fa son simples y c\u00f3modos de utilizar. Un display retroiluminada le permite leer las mediciones con poca luz y una estructura resistente protege el medidor contra impactos.<\/p>\n<p><strong>Funciones<\/strong><\/p>\n<ul>\n<li>Las teclas de funci\u00f3n veloces hacen m\u00e1s f\u00e1cil el trabajo de las tareas definidas por el usuario.<\/li>\n<li>Sondas para mediciones de humedad, humedad, temperatura, punto de roc\u00edo a presi\u00f3n y presi\u00f3n absoluta.<\/li>\n<li>La memoria grande almacena hasta 10 .000 lecturas.<\/li>\n<li>Capacidad para 2 conexiones de sonda cableadas y tres inal\u00e1mbricas.<\/li>\n<\/ul>\n<p><strong>\u00bfQu\u00e9 incluye?<\/strong><\/p>\n<p>Medidor \/ registrador de temperatura y humedad testo 635-2, software ComSoft, cable de datos USB, protocolo de calibraci\u00f3n y bater\u00edas.<\/p>\n<p><strong>Aplicaciones<\/strong><\/p>\n<ul>\n<li>Las teclas de funci\u00f3n veloces hacen m\u00e1s f\u00e1cil el trabajo de las tareas establecidas por el usuario.<\/li>\n<li>Sondas para mediciones de humedad, humedad, temperatura, punto de roc\u00edo a presi\u00f3n y presi\u00f3n absoluta.<\/li>\n<li>La memoria grande guarda hasta diez .000 lecturas.<\/li>\n<li>Aptitud para 2 conexiones de sonda cableadas y tres inal\u00e1mbricas.<\/li>\n<\/ul>\n<h3>Caracter\u00edsticas t\u00e9cnicas:<\/h3>\n<h3>Datos t\u00e9cnicos<\/h3>\n<table class=\"table table-striped\">\n<thead>\n<tr>\n<th>Datos t\u00e9cnicos<\/th>\n<th><\/th>\n<\/tr>\n<\/thead>\n<tbody>\n<tr>\n<td>Temperatura de almacenamiento<\/td>\n<td>-22 hasta +158 \u00b0F<\/td>\n<\/tr>\n<tr>\n<td>Temperatura de funcionamiento<\/td>\n<td>-4 hasta +122 \u00b0F<\/td>\n<\/tr>\n<tr>\n<td>Tipo de bater\u00eda<\/td>\n<td>Manganeso alcalino, mignon, tipo AA<\/td>\n<\/tr>\n<tr>\n<td>Duraci\u00f3n de la bater\u00eda<\/td>\n<td>200 horas (sin funcionamiento de radio)<\/td>\n<\/tr>\n<tr>\n<td>Dimensiones<\/td>\n<td>8,66 x 2,91 x 1,81 pulgadas<\/td>\n<\/tr>\n<tr>\n<td>Material de la carcasa<\/td>\n<td>ABS\/TPE\/Metal<\/td>\n<\/tr>\n<\/tbody>\n<\/table>\n<h3>Tipo T (Cu-CuNi)<\/h3>\n<table class=\"table table-striped\">\n<thead>\n<tr>\n<th>Datos t\u00e9cnicos<\/th>\n<th><\/th>\n<\/tr>\n<\/thead>\n<tbody>\n<tr>\n<td>Rango de medici\u00f3n<\/td>\n<td>-328 hasta +752 \u00b0F<\/td>\n<\/tr>\n<tr>\n<td>Exactitud<\/td>\n<td>\u00b10.54 \u00b0F (-76 a +140 \u00b0F)<br \/>\n\u00b10.5% de rdg. (rango restante)<\/td>\n<\/tr>\n<tr>\n<td>Resoluci\u00f3n<\/td>\n<td>0.1 \u00b0C<\/td>\n<\/tr>\n<\/tbody>\n<\/table>\n<h3>NTC<\/h3>\n<table class=\"table table-striped\">\n<thead>\n<tr>\n<th>Datos t\u00e9cnicos<\/th>\n<th><\/th>\n<\/tr>\n<\/thead>\n<tbody>\n<tr>\n<td>Rango de medici\u00f3n<\/td>\n<td>-40 hasta +150 \u00b0C<\/td>\n<\/tr>\n<tr>\n<td>Exactitud<\/td>\n<td>\u00b10,2 \u00b0C (-25 a +74,9 \u00b0C)\u00b10,4 \u00b0C (-40 a -25,1 \u00b0C)\u00b10,4 \u00b0C (+75 a +99,9 \u00b0C)<\/p>\n<p>\u00b10,5% de RDG. (rango restante)<\/td>\n<\/tr>\n<tr>\n<td>Resoluci\u00f3n<\/td>\n<td>0.1 \u00b0C<\/td>\n<\/tr>\n<\/tbody>\n<\/table>\n<h3>Sonda de presi\u00f3n absoluta<\/h3>\n<table class=\"table table-striped\">\n<thead>\n<tr>\n<th>Datos t\u00e9cnicos<\/th>\n<th><\/th>\n<\/tr>\n<\/thead>\n<tbody>\n<tr>\n<td>Rango de medici\u00f3n<\/td>\n<td>0 a 802 inH2O<\/td>\n<\/tr>\n<tr>\n<td>Resoluci\u00f3n<\/td>\n<td>0,1 inH2O<\/td>\n<\/tr>\n<\/tbody>\n<\/table>\n<h3>Humedad<\/h3>\n<table class=\"table table-striped\">\n<thead>\n<tr>\n<th>Datos t\u00e9cnicos<\/th>\n<th><\/th>\n<\/tr>\n<\/thead>\n<tbody>\n<tr>\n<td>Rango de medici\u00f3n<\/td>\n<td>0 hasta +100 % HR<\/td>\n<\/tr>\n<tr>\n<td>Resoluci\u00f3n<\/td>\n<td>0,1 %HR<\/td>\n<\/tr>\n<\/tbody>\n<\/table>\n<h3>Tipo K<\/h3>\n<table class=\"table table-striped\">\n<thead>\n<tr>\n<th>Datos t\u00e9cnicos<\/th>\n<th><\/th>\n<\/tr>\n<\/thead>\n<tbody>\n<tr>\n<td>Rango de medici\u00f3n<\/td>\n<td>-328 hasta +2498 \u00b0F<\/td>\n<\/tr>\n<tr>\n<td>Exactitud<\/td>\n<td>\u00b10.54 \u00b0F (-76 a +140 \u00b0F)<br \/>\n\u00b10.5% de rdg. (rango restante)<\/td>\n<\/tr>\n<tr>\n<td>Resoluci\u00f3n<\/td>\n<td>0.1 \u00b0C<\/td>\n<\/tr>\n<\/tbody>\n<\/table>\n","protected":false},"excerpt":{"rendered":"<p>El termohigr\u00f3metro \/ registrador testo 635-2 tiene una gran selecci\u00f3n de sondas de temperatura y humedad para medir, registrar, investigar y tambi\u00e9n informar datos para una serie de apps comerciales e industriales.<\/p>\n<p>Este instrumento de medici\u00f3n necesita una sonda para ser comisionado.<\/p>\n","protected":false},"featured_media":1565,"template":"","meta":[],"product_cat":[16],"product_tag":[],"class_list":["post-1559","product","type-product","status-publish","has-post-thumbnail","hentry","product_cat-uncategorized"],"_links":{"self":[{"href":"https:\/\/calibracion.com.mx\/tienda\/wp-json\/wp\/v2\/product\/1559","targetHints":{"allow":["GET"]}}],"collection":[{"href":"https:\/\/calibracion.com.mx\/tienda\/wp-json\/wp\/v2\/product"}],"about":[{"href":"https:\/\/calibracion.com.mx\/tienda\/wp-json\/wp\/v2\/types\/product"}],"wp:featuredmedia":[{"embeddable":true,"href":"https:\/\/calibracion.com.mx\/tienda\/wp-json\/wp\/v2\/media\/1565"}],"wp:attachment":[{"href":"https:\/\/calibracion.com.mx\/tienda\/wp-json\/wp\/v2\/media?parent=1559"}],"wp:term":[{"taxonomy":"product_cat","embeddable":true,"href":"https:\/\/calibracion.com.mx\/tienda\/wp-json\/wp\/v2\/product_cat?post=1559"},{"taxonomy":"product_tag","embeddable":true,"href":"https:\/\/calibracion.com.mx\/tienda\/wp-json\/wp\/v2\/product_tag?post=1559"}],"curies":[{"name":"wp","href":"https:\/\/api.w.org\/{rel}","templated":true}]}}