{"id":1579,"date":"2023-11-09T17:37:32","date_gmt":"2023-11-09T17:37:32","guid":{"rendered":"https:\/\/calibracion.com.mx\/tienda\/?post_type=product&#038;p=1579"},"modified":"2023-11-09T17:37:32","modified_gmt":"2023-11-09T17:37:32","slug":"termohigrometro-digital-testo-625-0-a-100-hr-4-a-140f","status":"publish","type":"product","link":"https:\/\/calibracion.com.mx\/tienda\/termohigrometro-digital-testo-625-0-a-100-hr-4-a-140f\/","title":{"rendered":"termohigr\u00f3metro digital testo 625, 0 a 100% hr, -4 a 140\u00b0f"},"content":{"rendered":"<p>Hecho para hacerlo m\u00e1s f\u00e1cil, este instrumento de medici\u00f3n compacto ofrece lecturas precisas siempre que las necesite. Adem\u00e1s, es r\u00e1pido, flexible, f\u00e1cil de usar y se conecta a su tel\u00e9fono inteligente con la aplicaci\u00f3n inteligente, proporcion\u00e1ndole una segunda pantalla. \u00a1Medir no podr\u00eda ser m\u00e1s f\u00e1cil que esto!<\/p>\n<p><strong>Funciones<\/strong><\/p>\n<ul>\n<li>C\u00e1lculo de medias cronometradas y multipunto.<\/li>\n<li>C\u00e1lculo del punto de roc\u00edo y la temperatura del bulbo h\u00famedo.<\/li>\n<li>Configuraci\u00f3n r\u00e1pida en la app , historial de gr\u00e1ficos, segunda pantalla y memoria de datos de medici\u00f3n en la app inteligente.<\/li>\n<li>Suena una alarma sonora si se sobrepasa un valor l\u00edmite.<\/li>\n<li>Medici\u00f3n simple , r\u00e1pida y precisa de la temperatura del aire y la humedad relativa.<\/li>\n<\/ul>\n<p><strong>F\u00e1cil<\/strong><\/p>\n<ul>\n<li>Mano de obra robusta: cuando las cosas se ponen dif\u00edciles.<\/li>\n<li>Dise\u00f1o s\u00f3lido : f\u00e1cilmente libre , guardado de manera r\u00e1pida.<\/li>\n<li>Imprimir informes in situ: Todo en blanco y negro.<\/li>\n<li>Aplicaci\u00f3n capaz : configure, guarde, documente mediciones y mucho m\u00e1s.<\/li>\n<li>Manejo deducible : alta tecnolog\u00eda reducida a lo fundamental.<\/li>\n<\/ul>\n<p><strong>R\u00e1pido<\/strong><\/p>\n<ul>\n<li>C\u00e1lculo autom\u00e1tico del caudal volum\u00e9trico: el di\u00e1metro del conducto es bastante.<\/li>\n<li>Configuraci\u00f3n con la aplicaci\u00f3n inteligente : cambie la configuraci\u00f3n con solo unos pocos clicks.<\/li>\n<li>Resultados de medici\u00f3n inmediatos: Con solo una mirada, todo est\u00e1 claro.<\/li>\n<li>Dos pantallas muestran m\u00e1s de una: muestra las curvas de medici\u00f3n de tus clientes del servicio en un m\u00f3vil inteligente , en el mismo instante.<\/li>\n<\/ul>\n<p><strong>Preciso<\/strong><\/p>\n<ul>\n<li>Documentaci\u00f3n con la Smart App : Absolutamente sin papeleo.<\/li>\n<li>Men\u00fas de medici\u00f3n \u00fatiles: medici\u00f3n de un solo punto y curva de tiempo en todos y cada instrumento.<\/li>\n<li>Sondas digitales probadas en la pr\u00e1ctica: para obtener resultados de medici\u00f3n estables , reproducibles y precisos a largo plazo.<\/li>\n<li>Mediciones complicadas , simplificadas de forma compacta: por ejemplo , medici\u00f3n, cambios y documentaci\u00f3n muy f\u00e1ciles de ventilar espacios habitables.<\/li>\n<\/ul>\n<p><strong>Aplicaciones<\/strong><\/p>\n<ul>\n<li>Calidad del aire interior y confort<\/li>\n<\/ul>\n<p><strong>Aplicaci\u00f3n inteligente<\/strong><\/p>\n<ul>\n<li>F\u00e1cil y veloz : los men\u00fas de medici\u00f3n para numerosas aplicaciones dan un soporte perfecto en la configuraci\u00f3n y realizaci\u00f3n de la medici\u00f3n.<\/li>\n<li>Presentaci\u00f3n gr\u00e1fica clara de las lecturas, por poner un ejemplo , como una tabla, para una r\u00e1pida interpretaci\u00f3n de los desenlaces.<\/li>\n<li>Cree reportes de medici\u00f3n digitales que integren fotos como archivos PDF \/ CSV en el sitio y env\u00edelos por correo.<\/li>\n<\/ul>\n<h4>Testo 625 Especificaciones<\/h4>\n<table class=\"table table-striped\">\n<tbody>\n<tr>\n<td>Sensor de humedad (capacitivo)<\/td>\n<td>Rango de medici\u00f3n: 0 a 100% HR Precisi\u00f3n (\u00b11 d\u00edgito): 2.5% HR (5 a 95% HR)<br \/>\nResoluci\u00f3n: 0.1% HR<\/td>\n<\/tr>\n<tr>\n<td>NTC<\/td>\n<td>Rango de medici\u00f3n: -4 a 140 \u00b0F\/-20 a 60 \u00b0C Precisi\u00f3n (\u00b11 d\u00edgito): \u00b10.9 \u00b0F \/ \u00b10.5 \u00b0C Resoluci\u00f3n: 0.1 \u00b0F \/ 0.1 \u00b0C<\/td>\n<\/tr>\n<tr>\n<td>Par\u00e1metros de medici\u00f3n<\/td>\n<td>% HR, \u00b0F, \u00b0F td, \u00b0F dp, \u00b0C, \u00b0C td, \u00b0C dp<\/td>\n<\/tr>\n<tr>\n<td>Condiciones ambientales<\/td>\n<td>Temperatura de funcionamiento: Instrumento de medici\u00f3n: -4 a 122 \u00b0F (-20 a 50 \u00b0C)Sonda: -4 a 158 \u00b0F (-20 a 70 \u00b0C)Temperatura de almacenamiento:<br \/>\n-4 a 122 \u00b0F (-20 a 50 \u00b0C)<\/td>\n<\/tr>\n<tr>\n<td>Clase de protecci\u00f3n<\/td>\n<td>Instrumento de medici\u00f3n: IP40<br \/>\nSonda: IP20<\/td>\n<\/tr>\n<tr>\n<td>Material de la carcasa<\/td>\n<td>ABS + PC\/TPE<\/td>\n<\/tr>\n<tr>\n<td>Bater\u00eda<\/td>\n<td>Tipo: 3 x AA<br \/>\nVida: 100 horas<\/td>\n<\/tr>\n<tr>\n<td>Dimensiones<\/td>\n<td>Instrumento de medici\u00f3n: 8.2 x 2.4 x 1.1\u2033 (208.3 x 60.9 x 27.9 mm)Sonda: 0.47 x 0.59\u2033 (11.9 x 15 mm)<\/td>\n<\/tr>\n<tr>\n<td>Peso<\/td>\n<td>0,44 libras (199,6 g)<\/td>\n<\/tr>\n<\/tbody>\n<\/table>\n","protected":false},"excerpt":{"rendered":"<p>Hecho para hacerlo m\u00e1s f\u00e1cil, este instrumento de medici\u00f3n compacto ofrece lecturas precisas siempre que las necesite. Adem\u00e1s, es r\u00e1pido, flexible, f\u00e1cil de usar y se conecta a su tel\u00e9fono inteligente con la aplicaci\u00f3n inteligente, proporcion\u00e1ndole una segunda pantalla. \u00a1Medir no podr\u00eda ser m\u00e1s f\u00e1cil que esto!<\/p>\n","protected":false},"featured_media":1584,"template":"","meta":[],"product_cat":[16],"product_tag":[],"class_list":["post-1579","product","type-product","status-publish","has-post-thumbnail","hentry","product_cat-uncategorized"],"_links":{"self":[{"href":"https:\/\/calibracion.com.mx\/tienda\/wp-json\/wp\/v2\/product\/1579","targetHints":{"allow":["GET"]}}],"collection":[{"href":"https:\/\/calibracion.com.mx\/tienda\/wp-json\/wp\/v2\/product"}],"about":[{"href":"https:\/\/calibracion.com.mx\/tienda\/wp-json\/wp\/v2\/types\/product"}],"wp:featuredmedia":[{"embeddable":true,"href":"https:\/\/calibracion.com.mx\/tienda\/wp-json\/wp\/v2\/media\/1584"}],"wp:attachment":[{"href":"https:\/\/calibracion.com.mx\/tienda\/wp-json\/wp\/v2\/media?parent=1579"}],"wp:term":[{"taxonomy":"product_cat","embeddable":true,"href":"https:\/\/calibracion.com.mx\/tienda\/wp-json\/wp\/v2\/product_cat?post=1579"},{"taxonomy":"product_tag","embeddable":true,"href":"https:\/\/calibracion.com.mx\/tienda\/wp-json\/wp\/v2\/product_tag?post=1579"}],"curies":[{"name":"wp","href":"https:\/\/api.w.org\/{rel}","templated":true}]}}