{"id":1802,"date":"2023-11-10T20:02:44","date_gmt":"2023-11-10T20:02:44","guid":{"rendered":"https:\/\/calibracion.com.mx\/tienda\/?post_type=product&#038;p=1802"},"modified":"2023-11-22T15:12:48","modified_gmt":"2023-11-22T15:12:48","slug":"testo-540-luxometro","status":"publish","type":"product","link":"https:\/\/calibracion.com.mx\/tienda\/testo-540-luxometro\/","title":{"rendered":"testo 540 \u2013 lux\u00f3metro"},"content":{"rendered":"<p>Con el lux\u00f3metro testo 540 para luz artificial y natural va a poder apreciar en cuesti\u00f3n de segundos la intensidad de la luz en los puestos de trabajo.<\/p>\n<p>El lux\u00f3metro testo 540 sirve para medir la intensidad de la luz en los cargos laborales. El modelo b\u00e1sico persuade por la medici\u00f3n r\u00e1pida y un manejo sencillo.<\/p>\n<h3>Funciones<\/h3>\n<ul>\n<li>Medici\u00f3n r\u00e1pida de la intensidad de la luz.<\/li>\n<li>Tapa protectora incluida para una conservaci\u00f3n segura.<\/li>\n<li>El sensor est\u00e1 inspirado en la sensibilidad espectral del ojo humano.<\/li>\n<li>Funci\u00f3n de retenci\u00f3n, indicaci\u00f3n de valores m\u00e1ximos y m\u00ednimos.<\/li>\n<\/ul>\n<h3>El lux\u00f3metro testo 540: peque\u00f1o, manejable, preciso<\/h3>\n<p>El lux\u00f3metro testo 540 es un modelo b\u00e1sico y ha sido desarrollado en especial para la medici\u00f3n r\u00e1pida in situ de cargos laborales , oficinas y shoppings. El sensor est\u00e1 inspirado en la sensibilidad espectral del ojo humano y es perfecto para la valoraci\u00f3n de la intensidad de la luz.<\/p>\n<p>Los valores de medici\u00f3n se pueden leer c\u00f3modamente en la pantalla iluminada y con s\u00f3lo apretar un bot\u00f3n se muestran los valores m\u00e1ximos y m\u00ednimos. La funci\u00f3n de retenci\u00f3n permite leer con comodidad los valores de medici\u00f3n. El medidor de luz es muy f\u00e1cil de manejar y gracias a la tapa protectora suministrada se puede guardar de manera segura hasta la pr\u00f3xima medici\u00f3n.<\/p>\n<h3>Volumen de suministro<\/h3>\n<div class=\"c2a-tabSection m-tabs\">\n<div id=\"tab-details\" class=\"large-12 column m-tab-pdp\">\n<div class=\"medium-8\">\n<article class=\"child-2 paragraph\">El lux\u00f3metro testo 540 con tapa protectora, protocolo de calibraci\u00f3n y pilas.<\/p>\n<h3>Datos t\u00e9cnicos<\/h3>\n<table>\n<colgroup>\n<col class=\"colWidth25\" \/>\n<col \/><\/colgroup>\n<thead>\n<tr>\n<th colspan=\"2\">Datos t\u00e9cnicos generales<\/th>\n<\/tr>\n<\/thead>\n<tbody>\n<tr>\n<td class=\"table-bold\">Peso<\/td>\n<td>95 g (incl. pilas y tapa de protecci\u00f3n)<\/td>\n<\/tr>\n<tr>\n<td class=\"table-bold\">Medidas<\/td>\n<td>133 X 46 X 25 mm<\/td>\n<\/tr>\n<tr>\n<td class=\"table-bold\">Temperatura de funcionamiento<\/td>\n<td>0 hasta +50 \u00baC<\/td>\n<\/tr>\n<tr>\n<td class=\"table-bold\">Clase de protecci\u00f3n<\/td>\n<td>IP40<\/td>\n<\/tr>\n<tr>\n<td class=\"table-bold\">Tipo de bater\u00eda<\/td>\n<td>2 pilas AAA<\/td>\n<\/tr>\n<tr>\n<td class=\"table-bold\">Autonom\u00eda<\/td>\n<td>200 h (t\u00edpico con pantalla sin iluminaci\u00f3n)<\/td>\n<\/tr>\n<tr>\n<td class=\"table-bold\">Temperatura de almacenamiento<\/td>\n<td>-40 hasta +70 \u00baC<\/td>\n<\/tr>\n<\/tbody>\n<\/table>\n<p>&nbsp;<\/p>\n<table>\n<colgroup>\n<col class=\"colWidth25\" \/>\n<col \/><\/colgroup>\n<thead>\n<tr>\n<th colspan=\"2\">Medici\u00f3n Lux<\/th>\n<\/tr>\n<\/thead>\n<tbody>\n<tr>\n<td class=\"table-bold\">Rango<\/td>\n<td>0 hasta 99999 lux<\/p>\n<p>0 hasta 9300 ftc<\/td>\n<\/tr>\n<tr>\n<td class=\"table-bold\">Exactitud<\/td>\n<td>\u00b13 lux o \u00b13 % (comparado con el dispositivo de referencia con una incidencia de luz de 90\u00b0)<\/td>\n<\/tr>\n<tr>\n<td class=\"table-bold\">Resoluci\u00f3n<\/td>\n<td>1 lux (0 hasta 19999 lux)<\/p>\n<p>10 lux (Resto rango)<\/td>\n<\/tr>\n<tr>\n<td class=\"table-bold\">C\u00edclo de medici\u00f3n<\/td>\n<td>0,5 s<\/td>\n<\/tr>\n<\/tbody>\n<\/table>\n<\/article>\n<\/div>\n<\/div>\n<\/div>\n","protected":false},"excerpt":{"rendered":"<p>Con el lux\u00f3metro testo 540 para luz artificial y natural va a poder apreciar en cuesti\u00f3n de segundos la intensidad de la luz en los puestos de trabajo.<\/p>\n","protected":false},"featured_media":1808,"template":"","meta":[],"product_cat":[16],"product_tag":[],"class_list":["post-1802","product","type-product","status-publish","has-post-thumbnail","hentry","product_cat-uncategorized"],"_links":{"self":[{"href":"https:\/\/calibracion.com.mx\/tienda\/wp-json\/wp\/v2\/product\/1802","targetHints":{"allow":["GET"]}}],"collection":[{"href":"https:\/\/calibracion.com.mx\/tienda\/wp-json\/wp\/v2\/product"}],"about":[{"href":"https:\/\/calibracion.com.mx\/tienda\/wp-json\/wp\/v2\/types\/product"}],"wp:featuredmedia":[{"embeddable":true,"href":"https:\/\/calibracion.com.mx\/tienda\/wp-json\/wp\/v2\/media\/1808"}],"wp:attachment":[{"href":"https:\/\/calibracion.com.mx\/tienda\/wp-json\/wp\/v2\/media?parent=1802"}],"wp:term":[{"taxonomy":"product_cat","embeddable":true,"href":"https:\/\/calibracion.com.mx\/tienda\/wp-json\/wp\/v2\/product_cat?post=1802"},{"taxonomy":"product_tag","embeddable":true,"href":"https:\/\/calibracion.com.mx\/tienda\/wp-json\/wp\/v2\/product_tag?post=1802"}],"curies":[{"name":"wp","href":"https:\/\/api.w.org\/{rel}","templated":true}]}}