{"id":2119,"date":"2023-11-16T17:07:38","date_gmt":"2023-11-16T17:07:38","guid":{"rendered":"https:\/\/calibracion.com.mx\/tienda\/?post_type=product&#038;p=2119"},"modified":"2023-11-16T17:07:39","modified_gmt":"2023-11-16T17:07:39","slug":"mitutoyo-395-271-30-series-395-micrometro-digital-de-cara-esferica-0-a-25-mm-metrico","status":"publish","type":"product","link":"https:\/\/calibracion.com.mx\/tienda\/mitutoyo-395-271-30-series-395-micrometro-digital-de-cara-esferica-0-a-25-mm-metrico\/","title":{"rendered":"Mitutoyo 395-271-30 series 395 micr\u00f3metro digital de cara esf\u00e9rica, 0 a 25 mm, m\u00e9trico"},"content":{"rendered":"<p>Dise\u00f1ado para ofrecer lecturas importantes de una ojeada , el micr\u00f3metro digital de cara esf\u00e9rica Mitutoyo 395-271-30 Series 395 tiene un display LCD. El micr\u00f3metro esf\u00e9rico tiene protecci\u00f3n IP65 contra el agua\/polvo para un empleo duradero, y proporciona funcionalidades de retenci\u00f3n de datos y Zero\/ABS. Viene en un estuche de pl\u00e1stico configurado.<\/p>\n<p><strong>Funcionalidades:<\/strong><\/p>\n<ul>\n<li>La construcci\u00f3n IP65 protege contra el polvo y el agua.<\/li>\n<li>Mide el espesor de la pared de la tuber\u00eda con un yunque esf\u00e9rico y un husillo esf\u00e9rico con punta de carburo.<\/li>\n<li>Las funciones tienen dentro Zero\/ABS, retenci\u00f3n de datos y configuraci\u00f3n de origen.<\/li>\n<li>Tope de trinquete para una fuerza constante.<\/li>\n<li>Da alarmas para el valor de recuento , el fallo de composici\u00f3n y el bajo voltaje.<\/li>\n<li>Ofrece salida de datos SPC.<\/li>\n<li>Incluye una funda de pl\u00e1stico ajustada para protecci\u00f3n durante el transporte.<\/li>\n<li>Visualice f\u00e1cilmente las lecturas en la pantalla LCD.<\/li>\n<\/ul>\n<h4>Mitutoyo 395-271-30 Especificaciones:<\/h4>\n<table class=\"table table-striped\" style=\"height: 9px;\" width=\"487\">\n<tbody>\n<tr>\n<td>Unidad(es) de medida admitida(s)<\/td>\n<td>M\u00e9trico<\/td>\n<\/tr>\n<tr>\n<td>Rango de medici\u00f3n<\/td>\n<td>De 0 a 25 mm<\/td>\n<\/tr>\n<tr>\n<td>Exactitud<\/td>\n<td>2 \u03bcm<\/td>\n<\/tr>\n<tr>\n<td>Fuente de alimentaci\u00f3n<\/td>\n<td>Alimentado por pilas<\/td>\n<\/tr>\n<tr>\n<td>Tipo de bater\u00eda<\/td>\n<td>SR44<\/td>\n<\/tr>\n<tr>\n<td>Duraci\u00f3n de la bater\u00eda<\/td>\n<td>1.2 a\u00f1os<\/td>\n<\/tr>\n<tr>\n<td>N\u00famero de bater\u00edas necesarias<\/td>\n<td>1<\/td>\n<\/tr>\n<tr>\n<td>Peso del producto<\/td>\n<td>270 g (9,52 onzas)<\/td>\n<\/tr>\n<\/tbody>\n<\/table>\n","protected":false},"excerpt":{"rendered":"<p>Este micr\u00f3metro digital est\u00e1 dise\u00f1ado con protecci\u00f3n contra el polvo y el agua para resistir condiciones bien dif\u00edciles. La pantalla LCD se puede leer r\u00e1pida y de manera f\u00e1cil.<\/p>\n","protected":false},"featured_media":2120,"template":"","meta":[],"product_cat":[16],"product_tag":[],"class_list":["post-2119","product","type-product","status-publish","has-post-thumbnail","hentry","product_cat-uncategorized"],"_links":{"self":[{"href":"https:\/\/calibracion.com.mx\/tienda\/wp-json\/wp\/v2\/product\/2119","targetHints":{"allow":["GET"]}}],"collection":[{"href":"https:\/\/calibracion.com.mx\/tienda\/wp-json\/wp\/v2\/product"}],"about":[{"href":"https:\/\/calibracion.com.mx\/tienda\/wp-json\/wp\/v2\/types\/product"}],"wp:featuredmedia":[{"embeddable":true,"href":"https:\/\/calibracion.com.mx\/tienda\/wp-json\/wp\/v2\/media\/2120"}],"wp:attachment":[{"href":"https:\/\/calibracion.com.mx\/tienda\/wp-json\/wp\/v2\/media?parent=2119"}],"wp:term":[{"taxonomy":"product_cat","embeddable":true,"href":"https:\/\/calibracion.com.mx\/tienda\/wp-json\/wp\/v2\/product_cat?post=2119"},{"taxonomy":"product_tag","embeddable":true,"href":"https:\/\/calibracion.com.mx\/tienda\/wp-json\/wp\/v2\/product_tag?post=2119"}],"curies":[{"name":"wp","href":"https:\/\/api.w.org\/{rel}","templated":true}]}}