{"id":2298,"date":"2023-11-17T19:48:52","date_gmt":"2023-11-17T19:48:52","guid":{"rendered":"https:\/\/calibracion.com.mx\/tienda\/?post_type=product&#038;p=2298"},"modified":"2023-11-17T19:48:53","modified_gmt":"2023-11-17T19:48:53","slug":"set-1-testo-417-anemometro-de-molinete-con-conos-de-medicion","status":"publish","type":"product","link":"https:\/\/calibracion.com.mx\/tienda\/set-1-testo-417-anemometro-de-molinete-con-conos-de-medicion\/","title":{"rendered":"Set 1 testo 417 \u2013 anem\u00f3metro de molinete con conos de medici\u00f3n"},"content":{"rendered":"<p>El set 1 de anem\u00f3metro de molinete compacto testo 417 incl. dos conos de medici\u00f3n fu\u00e9 creado para hacer m\u00e1s simple y progresar las mediciones en entradas y salidas de aire, as\u00ed como en v\u00e1lvulas de disco en sistemas de climatizaci\u00f3n y de ventilaci\u00f3n. El molinete de cien mm que viene dentro garantiza velozmente desenlaces precisos. Los promedios temporales y puntuales, tal como el caudal se calculan autom\u00e1ticamente en el instrumento y se visualizan en la pantalla. De esta manera es viable regular de forma eficaz las ventilaciones de circuitos , incl. una documentaci\u00f3n r\u00e1pida con la App testo Smart.<\/p>\n<p>Adem\u00e1s de esto , la App no solo le ofrece acompa\u00f1amiento durante la configuraci\u00f3n del analizador y se encarga de la visualizaci\u00f3n, el almacenamiento y la documentaci\u00f3n de los valores medidos, sino asimismo funciona como segunda pantalla en su m\u00f3vil. El equipo 1 testo 417 incluye dos conos de medici\u00f3n para v\u00e1lvulas de disco y rejas de ventilaci\u00f3n. Estas tienen la posibilidad de conectarse sencillamente al molinete lo que permite contemplar una extensa selecci\u00f3n de tama\u00f1os y formatos de salida.<\/p>\n<h3>Caracter\u00edsticas<\/h3>\n<ul>\n<li>Medici\u00f3n r\u00e1pida, sencilla y precisa de la velocidad, el caudal y la temperatura en entradas y salidas de aire.<\/li>\n<li>Configuraci\u00f3n r\u00e1pida en la App, historial gr\u00e1fico, segunda pantalla y memoria de los datos de medici\u00f3n en la App testo Smart.<\/li>\n<li>Regulaci\u00f3n eficiente de la ventilaci\u00f3n de viviendas controlada y documentaci\u00f3n r\u00e1pida con la App testo Smart.<\/li>\n<li>C\u00e1lculo del valor medio temporal y puntual.<\/li>\n<\/ul>\n<h3>Volumen de suministro<\/h3>\n<ul>\n<li>Protocolo de calibraci\u00f3n.<\/li>\n<li>Bolsa de transporte.<\/li>\n<li>testo 417 \u2013 Anem\u00f3metro de molinete de 100 mm con conexi\u00f3n a la App.<\/li>\n<li>Cono de medici\u00f3n para v\u00e1lvulas de disco.<\/li>\n<li>Cono de medici\u00f3n para rejillas de ventilaci\u00f3n.<\/li>\n<li>3 pilas AA.<\/li>\n<\/ul>\n<p>&nbsp;<\/p>\n","protected":false},"excerpt":{"rendered":"<p>El set 1 de anem\u00f3metro de molinete compacto testo 417 incl. dos conos de medici\u00f3n fue creado para hacer m\u00e1s simple y progresar las mediciones en entradas y salidas de aire, as\u00ed como en v\u00e1lvulas de disco en sistemas de climatizaci\u00f3n y de ventilaci\u00f3n.<\/p>\n","protected":false},"featured_media":2301,"template":"","meta":[],"product_cat":[16],"product_tag":[],"class_list":["post-2298","product","type-product","status-publish","has-post-thumbnail","hentry","product_cat-uncategorized"],"_links":{"self":[{"href":"https:\/\/calibracion.com.mx\/tienda\/wp-json\/wp\/v2\/product\/2298","targetHints":{"allow":["GET"]}}],"collection":[{"href":"https:\/\/calibracion.com.mx\/tienda\/wp-json\/wp\/v2\/product"}],"about":[{"href":"https:\/\/calibracion.com.mx\/tienda\/wp-json\/wp\/v2\/types\/product"}],"wp:featuredmedia":[{"embeddable":true,"href":"https:\/\/calibracion.com.mx\/tienda\/wp-json\/wp\/v2\/media\/2301"}],"wp:attachment":[{"href":"https:\/\/calibracion.com.mx\/tienda\/wp-json\/wp\/v2\/media?parent=2298"}],"wp:term":[{"taxonomy":"product_cat","embeddable":true,"href":"https:\/\/calibracion.com.mx\/tienda\/wp-json\/wp\/v2\/product_cat?post=2298"},{"taxonomy":"product_tag","embeddable":true,"href":"https:\/\/calibracion.com.mx\/tienda\/wp-json\/wp\/v2\/product_tag?post=2298"}],"curies":[{"name":"wp","href":"https:\/\/api.w.org\/{rel}","templated":true}]}}