{"id":3083,"date":"2023-11-27T19:29:48","date_gmt":"2023-11-27T19:29:48","guid":{"rendered":"https:\/\/calibracion.com.mx\/tienda\/?post_type=product&#038;p=3083"},"modified":"2023-11-27T19:29:48","modified_gmt":"2023-11-27T19:29:48","slug":"kit-de-calibrador-de-proceso-de-documentacion-fluke-754","status":"publish","type":"product","link":"https:\/\/calibracion.com.mx\/tienda\/kit-de-calibrador-de-proceso-de-documentacion-fluke-754\/","title":{"rendered":"Kit de calibrador de proceso de documentaci\u00f3n fluke 754"},"content":{"rendered":"<p>As\u00ed sea que est\u00e9 calibrando instrumentos, solucionando un inconveniente o corriendo un cuidado de rutina, este calibrador de procesos puede asistirlo a efectuar el trabajo mucho m\u00e1s veloz. Es con la capacidad de llevar a cabo muchas tareas diferentes de manera r\u00e1pida y bien, es el \u00fanico calibrador que precisa llevar. Viene en un dise\u00f1o fuerte y es perfecto para calibrar, mantener y arreglar problemas de HART y otros instrumentos.<\/p>\n<p>Este es un calibrador de documentaci\u00f3n multifunci\u00f3n de capacidad que puede utilizar para bajar m\u00e9todos , listas e instrucciones creadas con programa ; o cargar datos para imprimirlos, archivarlos y analizarlos. La fuerte interfaz HART incorporada es capaz de efectuar pr\u00e1cticamente todas las tareas del d\u00eda a d\u00eda que en este momento realiza con un comunicador separado.<\/p>\n<p>En verdad , este calibrador de proceso de documentaci\u00f3n hace el trabajo de m\u00faltiples herramientas. Fuente, parece y mide presi\u00f3n, temperatura y se\u00f1ales el\u00e9ctricas con un dispositivo port\u00e1til fuerte. Para la documentaci\u00f3n, el 754 automatiza los procedimientos de medici\u00f3n y captura sus datos. Y, por supuesto , le ayuda a cumplir con est\u00e1ndares rigurosos como ISO 9000, FDA, EPA y regulaciones de OSHA. Adem\u00e1s de esto , la novedosa pantalla gr\u00e1fica avanzada , la bater\u00eda de iones de litio para una vida \u00fatil m\u00e1s larga , el puerto USB y los accesorios lo asisten a trabajar de manera m\u00e1s inteligente y r\u00e1pida. Para hacer un sistema de gesti\u00f3n de calibraci\u00f3n sin fisuras \/sin papel, considere agregar el software DPCTrack2 Calibration Management de Fluke.<\/p>\n<h3>Funciones<\/h3>\n<ul>\n<li>Teclas programables.<\/li>\n<li>Ofrece compatibilidad con muchos paquetes de software de gesti\u00f3n de activos.<\/li>\n<li>Mide voltios, mA, TD, termopares, frecuencia y ohmios para probar sensores, transmisores y m\u00e1s.<\/li>\n<li>Maneja transmisores rtd pulsados r\u00e1pidos y PLC, con pulsos tan cortos como 1 ms.<\/li>\n<li>Tres modos de funcionamiento.<\/li>\n<li>Robusto y fiable.<\/li>\n<li>Pantalla blanca brillante.<\/li>\n<li>Verdaderamente port\u00e1til.<\/li>\n<li>Calculadora algebraica incorporada.<\/li>\n<li>Contiene hasta una semana completa de procedimientos descargados y resultados de calibraci\u00f3n.<\/li>\n<li>Alimenta los transmisores durante la prueba utilizando suministro de bucle con medici\u00f3n simult\u00e1nea de mA.<\/li>\n<li>Proporciona una interfaz multiling\u00fce f\u00e1cil de usar.<\/li>\n<li>Retardo de medici\u00f3n programable.<\/li>\n<li>Calibrador de proceso de documentaci\u00f3n completo con comunicaci\u00f3n HART para calibrar y solucionar problemas de instrumentaci\u00f3n HART.<\/li>\n<li>Interfaz multiling\u00fce.<\/li>\n<li>Potente, pero f\u00e1cil de usar.<\/li>\n<li>Cuenta con una pantalla dual blanca brillante para leer simult\u00e1neamente los par\u00e1metros de origen y medidos.<\/li>\n<li>Utiliza muchas funciones como paso autom\u00e1tico, unidades personalizadas, valores ingresados por el usuario durante la prueba, pruebas de interruptores de uno y dos puntos, pruebas de flujo DP de ra\u00edz cuadrada, retardo de medici\u00f3n programable y m\u00e1s.<\/li>\n<li>Fuentes\/simula voltios, mA, termopares, RTD, frecuencia, ohmios y presi\u00f3n para calibrar transmisores.<\/li>\n<li>Crea y ejecuta procedimientos automatizados seg\u00fan se encuentran\/seg\u00fan la izquierda para satisfacer programas o regulaciones de calidad, y registra y documenta los resultados.<\/li>\n<li>Registra y documenta los resultados.<\/li>\n<\/ul>\n<h3>M\u00f3dulos de presi\u00f3n<\/h3>\n<ul>\n<li>Las robustas cajas moldeadas de uretano protegen los m\u00f3dulos de un manejo brusco y condiciones dif\u00edciles.<\/li>\n<li>Incluye certificado de calibraci\u00f3n trazable por NIST.<\/li>\n<li>Muestre las lecturas de presi\u00f3n en cualquiera de las 10 unidades de presi\u00f3n diferentes que especifique en la configuraci\u00f3n del calibrador.<\/li>\n<li>Cuenta con compensaci\u00f3n de temperatura interna de 0 a 50 \u00b0C para un rendimiento de precisi\u00f3n total.<\/li>\n<li>Los m\u00f3dulos se pueden calibrar localmente, lo que ayuda a controlar los costos.<\/li>\n<\/ul>\n<h3>Fluke 754-KIT5 Especificaciones<\/h3>\n<table class=\"table table-striped\">\n<tbody>\n<tr>\n<td colspan=\"2\"><strong>Precisi\u00f3n de medici\u00f3n<\/strong><\/td>\n<\/tr>\n<tr>\n<td>Voltaje DC<\/td>\n<td>Rango \/ Resoluci\u00f3n: 100 mV, 3, 30, 300 V 1 a\u00f1o: 0.02% + 0.005 mV, 0.02% + 0.00005, 0.02% + 0.0005, 0.05% + 0.05 V 2 a\u00f1os: 0.03% + 0.005 mV, 0.03% + 0.00005, 0.03% + 0.0005, 0.07% + 0.05 V<\/td>\n<\/tr>\n<tr>\n<td>Voltaje AC<\/td>\n<td>Rango \/ Resoluci\u00f3n: 3.000 V (40 Hz a 500 Hz) \/ 0.001 V 1 a\u00f1o: 0.5% + 0.002, 0.5% + 0.02, 0.5% + 0.2 V 2 a\u00f1os: 1.0% + 0.004, 1.0% + 0.04, 1.0% + 0.2 V<\/td>\n<\/tr>\n<tr>\n<td>Resistencia<\/td>\n<td>Rango \/ Resoluci\u00f3n: 10, 100, \u03a9, 1, 10 k\u03a9 1 a\u00f1o: 0.05% + 50, 0.05% + 50, 0.05% + 500 m\u03a9,<br \/>\n0.1% + 10 \u03a9<br \/>\n2 a\u00f1os: 0.07% + 70, 0.07% + 70 m\u03a9, 0.07% + 0.5, 0.15% + 15 \u03a9<\/td>\n<\/tr>\n<tr>\n<td>Frecuencia<\/td>\n<td>Rango \/ Resoluci\u00f3n: 1.00 a 110.00 \/ 0.01, 110.1 a 1100.0 Hz \/ 0.1 Hz, 1.101 a 11.000 \/ 0.001, 11.01 a 50.00 kHz \/ 0.01 kHz<br \/>\n2 a\u00f1os: 0.05, 0.5 Hz, 0.0005, 0.05 kHz<\/td>\n<\/tr>\n<tr>\n<td colspan=\"2\"><strong>Precisi\u00f3n de la fuente<\/strong><\/td>\n<\/tr>\n<tr>\n<td>Voltaje DC<\/td>\n<td>Rango \/ Resoluci\u00f3n: 100 mV, 1, 15 V 1 a\u00f1o: 0.01% + 0.005 mV, 0.01% + 0.00005, 0.01% + 0.0005 V 2 a\u00f1os: 0.015% + 0.005 mV, 0.015% + 0.0005, 0.015% + 0.0005 V<\/td>\n<\/tr>\n<tr>\n<td>DC actual<\/td>\n<td>Rango \/ Resoluci\u00f3n: 22.000 mA (fuente), Sumidero de corriente (simular)<br \/>\n1 a\u00f1o: 0.01% + 0.003, 0.02% + 0.007 mA 2 a\u00f1os: 0.02% + 0.003, 0.04% + 0.007 mA<\/td>\n<\/tr>\n<tr>\n<td>Resistencia<\/td>\n<td>Rango \/ Resoluci\u00f3n: 10, 100 \u03a9, 1, 10k\u03a9<br \/>\n1 a\u00f1o: 0.01% + 10, 0.01% + 20 m\u03a9, 0.02% + 0.2, 0.02% + 3 \u03a9<br \/>\n2 a\u00f1os: 0.015% + 15, 0.015% + 30 m\u03a9, 0.03% + 0.3, 0.03% + 5 \u03a9<\/td>\n<\/tr>\n<tr>\n<td>Frecuencia<\/td>\n<td>Rango \/ Resoluci\u00f3n: 0.1 a 10.99, 0.01 a 10.99, 11.00 a 109.99, 110.0 a 1099.9 Hz, 1.100 a 21.999, 22.000 a 50 kHz<br \/>\n2 a\u00f1os: 0.01, 0.01, 0.1, 0.1 Hz, 0.002, 0.005 kHz<\/td>\n<\/tr>\n<\/tbody>\n<\/table>\n","protected":false},"excerpt":{"rendered":"<p>Viene en un dise\u00f1o fuerte , este calibrador de desarrollo de documentaci\u00f3n es perfecto para calibrar, sostener y solucionar inconvenientes de instrumentaci\u00f3n hart.<\/p>\n","protected":false},"featured_media":3084,"template":"","meta":[],"product_cat":[16],"product_tag":[],"class_list":["post-3083","product","type-product","status-publish","has-post-thumbnail","hentry","product_cat-uncategorized"],"_links":{"self":[{"href":"https:\/\/calibracion.com.mx\/tienda\/wp-json\/wp\/v2\/product\/3083","targetHints":{"allow":["GET"]}}],"collection":[{"href":"https:\/\/calibracion.com.mx\/tienda\/wp-json\/wp\/v2\/product"}],"about":[{"href":"https:\/\/calibracion.com.mx\/tienda\/wp-json\/wp\/v2\/types\/product"}],"wp:featuredmedia":[{"embeddable":true,"href":"https:\/\/calibracion.com.mx\/tienda\/wp-json\/wp\/v2\/media\/3084"}],"wp:attachment":[{"href":"https:\/\/calibracion.com.mx\/tienda\/wp-json\/wp\/v2\/media?parent=3083"}],"wp:term":[{"taxonomy":"product_cat","embeddable":true,"href":"https:\/\/calibracion.com.mx\/tienda\/wp-json\/wp\/v2\/product_cat?post=3083"},{"taxonomy":"product_tag","embeddable":true,"href":"https:\/\/calibracion.com.mx\/tienda\/wp-json\/wp\/v2\/product_tag?post=3083"}],"curies":[{"name":"wp","href":"https:\/\/api.w.org\/{rel}","templated":true}]}}