{"id":3154,"date":"2023-11-28T14:37:35","date_gmt":"2023-11-28T14:37:35","guid":{"rendered":"https:\/\/calibracion.com.mx\/tienda\/?post_type=product&#038;p=3154"},"modified":"2023-11-28T14:37:35","modified_gmt":"2023-11-28T14:37:35","slug":"fluke-3000fc-tpak-3000fc-con-kit-colgante-de-medidor-tpak","status":"publish","type":"product","link":"https:\/\/calibracion.com.mx\/tienda\/fluke-3000fc-tpak-3000fc-con-kit-colgante-de-medidor-tpak\/","title":{"rendered":"Fluke 3000fc-tpak 3000fc con kit colgante de medidor tpak"},"content":{"rendered":"<p>Mejore la seguridad y la eficiencia con este probador y obtenga todos los hechos, directamente en el campo. Con su precisi\u00f3n, fiabilidad y facilidad de uso, el mult\u00edmetro inal\u00e1mbrico 3000 FC es la soluci\u00f3n ideal para t\u00e9cnicos profesionales. Probado de forma independiente para un uso seguro en entornos CAT IV 600V \/ CAT III 1000 V, el 3000 FC tiene todas las caracter\u00edsticas que necesita para solucionar y reparar muchos problemas en sistemas el\u00e9ctricos y electr\u00f3nicos.<\/p>\n<h3>Funciones<\/h3>\n<ul>\n<li>Pantalla retroiluminada para trabajar en \u00e1reas oscuras.<\/li>\n<li>Voltaje y corriente de CA True-RMS para mediciones precisas en cargas no lineales.<\/li>\n<li>3 a\u00f1os de garant\u00eda.<\/li>\n<li>Pantalla de d\u00edgitos grandes con gr\u00e1fico de barras anal\u00f3gico.<\/li>\n<li>Valores m\u00ednimos y m\u00e1ximos para ayudar en la soluci\u00f3n de problemas.<\/li>\n<li>Libera tus manos con la percha magn\u00e9tica incluida en este kit combinado.<\/li>\n<\/ul>\n<h3>Especificaciones de Fluke 3000FC\/TPAK<\/h3>\n<table class=\"table table-striped\">\n<tbody>\n<tr>\n<td colspan=\"2\"><strong>Voltaje de CA<\/strong><\/td>\n<\/tr>\n<tr>\n<td>Gama<\/td>\n<td>600,0 mV<br \/>\n6,000 V 60,00 V 600,0 V 1000 V<\/td>\n<\/tr>\n<tr>\n<td>Resoluci\u00f3n<\/td>\n<td>0,1 mV<br \/>\n0,001 V 0,01 V 0,1 V 1 V<\/td>\n<\/tr>\n<tr>\n<td>Exactitud<\/td>\n<td>45 a 500 Hz: 1,0% + 3<br \/>\n500 Hz a 1 kHz: 2,0% + 3<\/td>\n<\/tr>\n<tr>\n<td colspan=\"2\"><strong>Voltaje de CC<\/strong><\/td>\n<\/tr>\n<tr>\n<td>Gama<\/td>\n<td>600,0 mV<br \/>\n6,000 V 60,00 V 600,0 V 1000 V<\/td>\n<\/tr>\n<tr>\n<td>Resoluci\u00f3n<\/td>\n<td>0,1 mV<br \/>\n0,001 V 0,01 V 0,1 V 1 V<\/td>\n<\/tr>\n<tr>\n<td>Exactitud<\/td>\n<td>600.0 mV: 0.09% + 2<br \/>\n6.000, 60.00, 600.0 V: 0.09% + 2 1000 V:<br \/>\n0.15% + 2<\/td>\n<\/tr>\n<tr>\n<td colspan=\"2\"><strong>Especificaciones generales<\/strong><\/td>\n<\/tr>\n<tr>\n<td>Fuente de alimentaci\u00f3n<\/td>\n<td>3 pilas alcalinas \u201cAA\u201d, NEDA 15A IEC LR6<\/td>\n<\/tr>\n<tr>\n<td>Duraci\u00f3n de la bater\u00eda<\/td>\n<td>M\u00ednimo 250 horas<\/td>\n<\/tr>\n<tr>\n<td>Dimensiones<\/td>\n<td>4,75 x 9,3 x 20,7 cm (1,87 x 3,68 x 8,14\u2033)<\/td>\n<\/tr>\n<tr>\n<td>Peso<\/td>\n<td>340g (12oz)<\/td>\n<\/tr>\n<\/tbody>\n<\/table>\n","protected":false},"excerpt":{"rendered":"<p>Este kit combinado tiene peculiaridades y funcionalidades necesarias para solucionar problemas de su equipo y planta. Proporciona seguridad y eficacia mediante la utilizaci\u00f3n de herramientas de prueba inal\u00e1mbricas para arreglar inconvenientes el\u00e9ctricos cerca de cuadros el\u00e9ctricos activos.<\/p>\n","protected":false},"featured_media":3163,"template":"","meta":[],"product_cat":[16],"product_tag":[],"class_list":["post-3154","product","type-product","status-publish","has-post-thumbnail","hentry","product_cat-uncategorized"],"_links":{"self":[{"href":"https:\/\/calibracion.com.mx\/tienda\/wp-json\/wp\/v2\/product\/3154","targetHints":{"allow":["GET"]}}],"collection":[{"href":"https:\/\/calibracion.com.mx\/tienda\/wp-json\/wp\/v2\/product"}],"about":[{"href":"https:\/\/calibracion.com.mx\/tienda\/wp-json\/wp\/v2\/types\/product"}],"wp:featuredmedia":[{"embeddable":true,"href":"https:\/\/calibracion.com.mx\/tienda\/wp-json\/wp\/v2\/media\/3163"}],"wp:attachment":[{"href":"https:\/\/calibracion.com.mx\/tienda\/wp-json\/wp\/v2\/media?parent=3154"}],"wp:term":[{"taxonomy":"product_cat","embeddable":true,"href":"https:\/\/calibracion.com.mx\/tienda\/wp-json\/wp\/v2\/product_cat?post=3154"},{"taxonomy":"product_tag","embeddable":true,"href":"https:\/\/calibracion.com.mx\/tienda\/wp-json\/wp\/v2\/product_tag?post=3154"}],"curies":[{"name":"wp","href":"https:\/\/api.w.org\/{rel}","templated":true}]}}