{"id":34,"date":"2023-08-08T04:16:01","date_gmt":"2023-08-08T04:16:01","guid":{"rendered":"https:\/\/calibracion.com.mx\/tienda\/?post_type=product&#038;p=34"},"modified":"2024-02-06T17:31:30","modified_gmt":"2024-02-06T17:31:30","slug":"elitech-rc-51h-2","status":"publish","type":"product","link":"https:\/\/calibracion.com.mx\/tienda\/elitech-rc-51h-2\/","title":{"rendered":"PosiTector Smart Link \u2013 SMLINK"},"content":{"rendered":"<p>El equipo es la herramienta ideal para el asesor de afuera o para el auditor que necesita no solo el aparato mucho m\u00e1s preciso sino adem\u00e1s quiere regentar enormes des de datos, producir reportes desde cada localizaci\u00f3n de trabajo y la aptitud para hacer llegar la informaci\u00f3n desde cualquier punto donde se pueda usar un celular capaz con conexi\u00f3n a internet.<\/p>\n<h5><strong>Caracter\u00edsticas primordiales :<\/strong><\/h5>\n<p>Conexi\u00f3n Bluetooth de baja energ\u00eda (BLE) que permite linkear sin pareado su SmartLink a un celular inteligente o tableta con Bluetooth y S.O. IOS o Android que tenga instalada la aplicacion \u201cPosiTector SmartLink\u201d. el Bluetooth tiene un alcance de diez metros que permite a un usuario trabajar en altura y al otro ver los desenlaces de la evaluaci\u00f3n en el tel\u00e9fono inteligente. El dise\u00f1o de usuario es f\u00e1cil y asimismo intuitiva. Cada medici\u00f3n se transmite de manera r\u00e1pida a tu aparato capaz. Produzca reportes en PDF que contengan notas escritas o im\u00e1genes no \u00fanicamente en la primera plana sino asimismo anote y a\u00f1ada imagen a nivel medici\u00f3n para enriquecer la informaci\u00f3n presentada num\u00e9ricamente. Exporte los resultados de medici\u00f3n a un fichero de valores separados por comas y comp\u00e1rtalo como mensaje de texto o como mail. Acepta sondas para medici\u00f3n de espesor de pel\u00edcula seca, ambientales y de perfil de anclaje. R\u00e1pido , s\u00f3lido y emplea \u00fanicamente una pila \u201cAAA\u201d. Si si tel\u00e9fono capaz cuenta con conexi\u00f3n a la red podr\u00e1 hacer llegar datos, garantizar y acompasar datos en la nube (solo dispositivos iOS) o mandar su estudio v\u00eda mail.<\/p>\n<h5><b>Aplicaciones:<\/b><\/h5>\n<p>Medici\u00f3n de espesor de revestimiento , Medici\u00f3n de perfil de anclaje y mediciones de propiedades del ambiente (punto de roc\u00edo).<\/p>\n","protected":false},"excerpt":{"rendered":"<p>El PosiTector SmartLink es una pieza de aparato \u00fanica que conecta tu celular capaz o tu tableta con las sondas PosiTector.<\/p>\n","protected":false},"featured_media":8254,"template":"","meta":[],"product_cat":[16],"product_tag":[],"class_list":["post-34","product","type-product","status-publish","has-post-thumbnail","hentry","product_cat-uncategorized"],"_links":{"self":[{"href":"https:\/\/calibracion.com.mx\/tienda\/wp-json\/wp\/v2\/product\/34","targetHints":{"allow":["GET"]}}],"collection":[{"href":"https:\/\/calibracion.com.mx\/tienda\/wp-json\/wp\/v2\/product"}],"about":[{"href":"https:\/\/calibracion.com.mx\/tienda\/wp-json\/wp\/v2\/types\/product"}],"wp:featuredmedia":[{"embeddable":true,"href":"https:\/\/calibracion.com.mx\/tienda\/wp-json\/wp\/v2\/media\/8254"}],"wp:attachment":[{"href":"https:\/\/calibracion.com.mx\/tienda\/wp-json\/wp\/v2\/media?parent=34"}],"wp:term":[{"taxonomy":"product_cat","embeddable":true,"href":"https:\/\/calibracion.com.mx\/tienda\/wp-json\/wp\/v2\/product_cat?post=34"},{"taxonomy":"product_tag","embeddable":true,"href":"https:\/\/calibracion.com.mx\/tienda\/wp-json\/wp\/v2\/product_tag?post=34"}],"curies":[{"name":"wp","href":"https:\/\/api.w.org\/{rel}","templated":true}]}}