{"id":3433,"date":"2023-11-29T14:36:37","date_gmt":"2023-11-29T14:36:37","guid":{"rendered":"https:\/\/calibracion.com.mx\/tienda\/?post_type=product&#038;p=3433"},"modified":"2023-11-29T14:36:38","modified_gmt":"2023-11-29T14:36:38","slug":"mitutoyo-103-914-50-conjunto-de-diseno-economico-micrometrico-exterior-0-a-300-mm","status":"publish","type":"product","link":"https:\/\/calibracion.com.mx\/tienda\/mitutoyo-103-914-50-conjunto-de-diseno-economico-micrometrico-exterior-0-a-300-mm\/","title":{"rendered":"Mitutoyo 103-914-50 conjunto de dise\u00f1o econ\u00f3mico microm\u00e9trico exterior, 0 a 300 mm"},"content":{"rendered":"<h4><strong>Especificaciones:<\/strong><\/h4>\n<table class=\"table table-striped\" style=\"height: 218px;\" width=\"637\">\n<tbody>\n<tr>\n<td>Gama<\/td>\n<td>De 0 a 300 mm<\/td>\n<\/tr>\n<tr>\n<td>Masa<\/td>\n<td>9300 g<\/td>\n<\/tr>\n<tr>\n<td>Graduaci\u00f3n<\/td>\n<td>0,01 mm<\/td>\n<\/tr>\n<tr>\n<td>Medici\u00f3n de superficies<\/td>\n<td>Acabado micro-vuelta con punta de carburo<\/td>\n<\/tr>\n<tr>\n<td>Digital\/Anal\u00f3gico<\/td>\n<td>Anal\u00f3gico<\/td>\n<\/tr>\n<tr>\n<td>Escama<\/td>\n<td>Dedal y manga acabado cromo satinado, \u00f818 mm<\/td>\n<\/tr>\n<tr>\n<td>Husillo de medici\u00f3n<\/td>\n<td>Con bloqueo de husillo, \u00f86.35 mm, paso del husillo 0.5 mm<\/td>\n<\/tr>\n<tr>\n<td>Fuerza de medici\u00f3n<\/td>\n<td>5 \u2013 10 N<\/td>\n<\/tr>\n<\/tbody>\n<\/table>\n","protected":false},"excerpt":{"rendered":"<p>El conjunto de dise\u00f1o econ\u00f3mico microm\u00e9trico exterior tiene un dise\u00f1o de taller liviano con un marco acabado en esmalte horneado y viene con un tope de trinquete y tiene de 0 a 300 mm.<\/p>\n","protected":false},"featured_media":3434,"template":"","meta":[],"product_cat":[16],"product_tag":[],"class_list":["post-3433","product","type-product","status-publish","has-post-thumbnail","hentry","product_cat-uncategorized"],"_links":{"self":[{"href":"https:\/\/calibracion.com.mx\/tienda\/wp-json\/wp\/v2\/product\/3433","targetHints":{"allow":["GET"]}}],"collection":[{"href":"https:\/\/calibracion.com.mx\/tienda\/wp-json\/wp\/v2\/product"}],"about":[{"href":"https:\/\/calibracion.com.mx\/tienda\/wp-json\/wp\/v2\/types\/product"}],"wp:featuredmedia":[{"embeddable":true,"href":"https:\/\/calibracion.com.mx\/tienda\/wp-json\/wp\/v2\/media\/3434"}],"wp:attachment":[{"href":"https:\/\/calibracion.com.mx\/tienda\/wp-json\/wp\/v2\/media?parent=3433"}],"wp:term":[{"taxonomy":"product_cat","embeddable":true,"href":"https:\/\/calibracion.com.mx\/tienda\/wp-json\/wp\/v2\/product_cat?post=3433"},{"taxonomy":"product_tag","embeddable":true,"href":"https:\/\/calibracion.com.mx\/tienda\/wp-json\/wp\/v2\/product_tag?post=3433"}],"curies":[{"name":"wp","href":"https:\/\/api.w.org\/{rel}","templated":true}]}}