{"id":4121,"date":"2023-12-04T16:14:49","date_gmt":"2023-12-04T16:14:49","guid":{"rendered":"https:\/\/calibracion.com.mx\/tienda\/?post_type=product&#038;p=4121"},"modified":"2023-12-04T16:14:50","modified_gmt":"2023-12-04T16:14:50","slug":"termometro-de-contacto-e-infrarrojo-ir-hvac-r-fluke-561","status":"publish","type":"product","link":"https:\/\/calibracion.com.mx\/tienda\/termometro-de-contacto-e-infrarrojo-ir-hvac-r-fluke-561\/","title":{"rendered":"Term\u00f3metro de contacto e infrarrojo (ir) hvac-r fluke 561"},"content":{"rendered":"<h3>Funciones<\/h3>\n<ul>\n<li>Escanee grandes \u00e1reas u objetos peque\u00f1os de forma r\u00e1pida y eficiente.<\/li>\n<li>Ligero y port\u00e1til.<\/li>\n<li>Term\u00f3metro IR para mediciones r\u00e1pidas de cerca, o a distancia, sin escalera.<\/li>\n<li>Velcro sonda de tuber\u00eda para sobrecalentamiento y subenfriamiento y otras mediciones de contacto y ambiente.<\/li>\n<li>La capacidad de termometr\u00eda de contacto, compatible con todos los termopares tipo K miniconector est\u00e1ndar, preserva su inversi\u00f3n en termopares.<\/li>\n<li>Mira l\u00e1ser de un solo punto.<\/li>\n<li>F\u00e1cil ajuste de emisividad para medir tuber\u00edas y otros materiales brillantes con mayor precisi\u00f3n.<\/li>\n<li>Las funciones MIN, MAX y DIF le ayudan a identificar r\u00e1pidamente los problemas.<\/li>\n<li>Muy f\u00e1cil de usar.<\/li>\n<li>Eficiente: no es necesario apagar el equipo al realizar mediciones IR.<\/li>\n<\/ul>\n<p>Un term\u00f3metro IR y de contacto que significa las necesidades de la mayor parte de las aplicaciones de temperatura industriales y residenciales<\/p>\n<p>Combina las funcionalidades de medici\u00f3n de temperatura que necesitan los expertos industriales, el\u00e9ctricos y de HVAC\/R en solo una herramienta. Tiene aptitud de termopar tipo K que deja a los individuos tomar medidas de temperatura de contacto. Esta herramienta es r\u00e1pida, eficiente y f\u00e1cil de utilizar.<\/p>\n<p>Utilice sus habilidades IR para escanear enormes \u00e1reas u objetos peque\u00f1os de forma r\u00e1pida y eficaz , sin apagar ning\u00fan aparato. Asimismo puede medir objetos calientes, en movimiento, energizados el\u00e9ctricamente y dif\u00edciles de alcanzar al momento. Revise los motores, el aislamiento, los interruptores, la calefacci\u00f3n brillante , las ca\u00f1er\u00edas , las conexiones corro\u00eddas y los cables. Adem\u00e1s , escanee los conductos y otros objetos bien dif\u00edciles de lograr desde el piso y deje su escalera en el cami\u00f3n.<\/p>\n<p>Utilice la pr\u00e1ctica sonda de tuber\u00eda flexible (incluida) para tomar temperaturas internas o de sobrecalentamiento. O enlace cualquier sonda de termopar de mini conector K tipo K est\u00e1ndar de la industria para tomar esas medidas y proteger su inversi\u00f3n en termopares que ya tiene.<\/p>\n<p><strong>Observaci\u00f3n guiada por l\u00e1ser para mediciones IR<\/strong><\/p>\n<p>Cuando se utiliza esta herramienta en el modo IR, el sistema de punter\u00eda l\u00e1ser de un solo punto gu\u00eda las mediciones hacia la meta correcto. El punto indica el centro aproximado del \u00e1rea de medici\u00f3n.<\/p>\n<h3>Aplicaciones<\/h3>\n<ul>\n<li>Mantenimiento de instalaciones.<\/li>\n<li>Industrial.<\/li>\n<li>El\u00e9ctrico.<\/li>\n<li>HVAC\/R.<\/li>\n<\/ul>\n<div class=\"woocommerce-tabs wc-tabs-wrapper\">\n<div id=\"tab-description\" class=\"woocommerce-Tabs-panel woocommerce-Tabs-panel--description panel entry-content wc-tab\" role=\"tabpanel\" aria-labelledby=\"tab-title-description\"><\/div>\n<\/div>\n<h3>Especificaciones de Fluke 561<\/h3>\n<table>\n<tbody>\n<tr>\n<td>Temperatura<\/td>\n<td>-40 a 1022\u00b0F (-40 a 550\u00b0C)<\/td>\n<\/tr>\n<tr>\n<td>Resoluci\u00f3n de pantalla<\/td>\n<td>0.1\u00b0F (0.1\u00b0C) de lectura<\/td>\n<\/tr>\n<tr>\n<td>D:S (Distancia al tama\u00f1o del punto)<\/td>\n<td>12:1<\/td>\n<\/tr>\n<tr>\n<td>Selector de emisividad f\u00e1cil<\/td>\n<td>Ajustable con tres ajustes:<br \/>\nBajo (0.3) Medio (0.7) Alto (0.95)<\/td>\n<\/tr>\n<tr>\n<td>Precisi\u00f3n de la pantalla (asume una temperatura ambiente de funcionamiento de 73 a 77 \u00b0F (23 a 25 \u00b0C))<\/td>\n<td>\u00b11.0% de la lectura \u00b11% de la lectura o \u00b12 \u00b0 F (\u00b11 \u00b0 C), lo que sea mayor por debajo de 32 \u00b0 F (0 \u00b0 C), \u00b1 2 \u00b0 F (\u00b11 \u00b0 C) \u00b10.1 \u00b0 \/ 1 \u00b0<\/td>\n<\/tr>\n<tr>\n<td>Tiempo de respuesta<\/td>\n<td>500 mSec (95% de la lectura)<\/td>\n<\/tr>\n<tr>\n<td>Repetibilidad<\/td>\n<td>\u00b10.5% de la lectura o \u00b12 \u00b0 F (\u00b11 \u00b0 C), lo que sea mayor<\/td>\n<\/tr>\n<tr>\n<td>Respuesta espectral<\/td>\n<td>8 a 14 \u03bcm<\/td>\n<\/tr>\n<tr>\n<td>Avistamiento l\u00e1ser<\/td>\n<td>L\u00e1ser de un solo punto<\/td>\n<\/tr>\n<tr>\n<td>Apagado l\u00e1ser<\/td>\n<td>El l\u00e1ser se apaga por encima de la temperatura ambiente de 104 \u00b0F (40 \u00b0C)<\/td>\n<\/tr>\n<tr>\n<td>Potencia l\u00e1ser<\/td>\n<td>Operaci\u00f3n de clase 2(II); Salida &lt;1 mW, longitud de onda 630 a 670 nm<\/td>\n<\/tr>\n<tr>\n<td>Humedad relativa<\/td>\n<td>10 a 90% HR sin condensaci\u00f3n, a &lt;86 \u00b0F (30 \u00b0C)<\/td>\n<\/tr>\n<tr>\n<td>Potencia, duraci\u00f3n de la bater\u00eda<\/td>\n<td>2 pilas AA (alcalinas o NiCD)<\/td>\n<\/tr>\n<tr>\n<td>Duraci\u00f3n de la bater\u00eda<\/td>\n<td>12 horas<\/td>\n<\/tr>\n<tr>\n<td>Retenci\u00f3n de pantalla<\/td>\n<td>7 segundos<\/td>\n<\/tr>\n<tr>\n<td>Pantalla retroiluminada<\/td>\n<td>S\u00ed, LCD con temperaturas duales (corriente y M\u00c1X.\/MIN\/DIF\/KTC), bater\u00eda baja, indicador F\/C y opciones de escaneo\/retenci\u00f3n<\/td>\n<\/tr>\n<tr>\n<td>Temperatura de funcionamiento<\/td>\n<td>32 a 120\u00b0F (0 a 50\u00b0C)<\/td>\n<\/tr>\n<tr>\n<td>Temperatura de almacenamiento<\/td>\n<td>-25 a 150\u00b0F (-20 a 65\u00b0C)<\/td>\n<\/tr>\n<tr>\n<td>Temperaturas MAX, MIN, DIF<\/td>\n<td>S\u00ed<\/td>\n<\/tr>\n<tr>\n<td>Entrada de adaptador Mini Thermopar Tipo K<\/td>\n<td>S\u00ed, compatible con sondas tipo K est\u00e1ndar de la industria con miniconector. Muestra el rango de temperatura del term\u00f3metro.<\/td>\n<\/tr>\n<tr>\n<td>Sonda de tuber\u00eda de sujetador de gancho y bucle de tela tipo K de termopar<\/td>\n<td>S\u00ed, con un rango de temperatura de 32 a 212 \u00b0F (0 a 100 \u00b0C) y una precisi\u00f3n de \u00b14 \u00b0F (\u00b12,2 \u00b0C)<\/td>\n<\/tr>\n<tr>\n<td>Gu\u00eda de medici\u00f3n de HVAC<\/td>\n<td>S\u00ed<\/td>\n<\/tr>\n<\/tbody>\n<\/table>\n<p>&nbsp;<\/p>\n","protected":false},"excerpt":{"rendered":"<p>Un term\u00f3metro IR y de contacto que significa las necesidades de la mayor\u00eda de las aplicaciones de temperatura industriales y residenciales.<\/p>\n","protected":false},"featured_media":4125,"template":"","meta":[],"product_cat":[16],"product_tag":[],"class_list":["post-4121","product","type-product","status-publish","has-post-thumbnail","hentry","product_cat-uncategorized"],"_links":{"self":[{"href":"https:\/\/calibracion.com.mx\/tienda\/wp-json\/wp\/v2\/product\/4121","targetHints":{"allow":["GET"]}}],"collection":[{"href":"https:\/\/calibracion.com.mx\/tienda\/wp-json\/wp\/v2\/product"}],"about":[{"href":"https:\/\/calibracion.com.mx\/tienda\/wp-json\/wp\/v2\/types\/product"}],"wp:featuredmedia":[{"embeddable":true,"href":"https:\/\/calibracion.com.mx\/tienda\/wp-json\/wp\/v2\/media\/4125"}],"wp:attachment":[{"href":"https:\/\/calibracion.com.mx\/tienda\/wp-json\/wp\/v2\/media?parent=4121"}],"wp:term":[{"taxonomy":"product_cat","embeddable":true,"href":"https:\/\/calibracion.com.mx\/tienda\/wp-json\/wp\/v2\/product_cat?post=4121"},{"taxonomy":"product_tag","embeddable":true,"href":"https:\/\/calibracion.com.mx\/tienda\/wp-json\/wp\/v2\/product_tag?post=4121"}],"curies":[{"name":"wp","href":"https:\/\/api.w.org\/{rel}","templated":true}]}}