{"id":4127,"date":"2023-12-04T16:22:48","date_gmt":"2023-12-04T16:22:48","guid":{"rendered":"https:\/\/calibracion.com.mx\/tienda\/?post_type=product&#038;p=4127"},"modified":"2023-12-04T16:22:49","modified_gmt":"2023-12-04T16:22:49","slug":"termometro-digital-de-entrada-unica-fluke-51-2-cal-con-certificado-de-calibracion","status":"publish","type":"product","link":"https:\/\/calibracion.com.mx\/tienda\/termometro-digital-de-entrada-unica-fluke-51-2-cal-con-certificado-de-calibracion\/","title":{"rendered":"term\u00f3metro digital de entrada \u00fanica fluke 51-2 cal con certificado de calibraci\u00f3n"},"content":{"rendered":"<p>El term\u00f3metro digital de entrada \u00fanica Fluke 51-2 CAL con certificado de calibraci\u00f3n proporciona mediciones precisas de las temperaturas de la \u00e1rea. El dise\u00f1o port\u00e1til permite que el term\u00f3metro se mueva por todo el lugar de trabajo sin poner en una situaci\u00f3n comprometedora la aptitud del sensor. Es compatible con una extensa selecci\u00f3n de sensores para otorgar resultados firmes y fiables independientemente de la operaci\u00f3n.<\/p>\n<h3>Funciones<\/h3>\n<ul>\n<li>El dise\u00f1o port\u00e1til proporciona f\u00e1cil portabilidad y comodidad.<\/li>\n<li>Pr\u00e1ctico panel frontal y pantalla grande.<\/li>\n<li>Compatible con sensores de tipo J, K, T y E para mediciones de temperatura.<\/li>\n<li>El dise\u00f1o resistente proporciona durabilidad a largo plazo.<\/li>\n<\/ul>\n<h3>Especificaciones de Fluke 51-2 CAL<\/h3>\n<table class=\"table table-striped\">\n<tbody>\n<tr>\n<td>Exactitud<\/td>\n<td>0.05%<\/td>\n<\/tr>\n<tr>\n<td>Compatibilidad<\/td>\n<td>Sensores J, K, T y E<\/td>\n<\/tr>\n<\/tbody>\n<\/table>\n","protected":false},"excerpt":{"rendered":"<p>El term\u00f3metro digital de entrada \u00fanica Fluke 51-2 CAL con certificado de calibraci\u00f3n proporciona mediciones precisas de las temperaturas de la \u00e1rea. El dise\u00f1o port\u00e1til permite que el term\u00f3metro se mueva por todo el lugar de trabajo sin poner en una situaci\u00f3n comprometedora la aptitud del sensor.<\/p>\n","protected":false},"featured_media":4130,"template":"","meta":[],"product_cat":[16],"product_tag":[],"class_list":["post-4127","product","type-product","status-publish","has-post-thumbnail","hentry","product_cat-uncategorized"],"_links":{"self":[{"href":"https:\/\/calibracion.com.mx\/tienda\/wp-json\/wp\/v2\/product\/4127","targetHints":{"allow":["GET"]}}],"collection":[{"href":"https:\/\/calibracion.com.mx\/tienda\/wp-json\/wp\/v2\/product"}],"about":[{"href":"https:\/\/calibracion.com.mx\/tienda\/wp-json\/wp\/v2\/types\/product"}],"wp:featuredmedia":[{"embeddable":true,"href":"https:\/\/calibracion.com.mx\/tienda\/wp-json\/wp\/v2\/media\/4130"}],"wp:attachment":[{"href":"https:\/\/calibracion.com.mx\/tienda\/wp-json\/wp\/v2\/media?parent=4127"}],"wp:term":[{"taxonomy":"product_cat","embeddable":true,"href":"https:\/\/calibracion.com.mx\/tienda\/wp-json\/wp\/v2\/product_cat?post=4127"},{"taxonomy":"product_tag","embeddable":true,"href":"https:\/\/calibracion.com.mx\/tienda\/wp-json\/wp\/v2\/product_tag?post=4127"}],"curies":[{"name":"wp","href":"https:\/\/api.w.org\/{rel}","templated":true}]}}