{"id":4269,"date":"2023-12-04T19:06:57","date_gmt":"2023-12-04T19:06:57","guid":{"rendered":"https:\/\/calibracion.com.mx\/tienda\/?post_type=product&#038;p=4269"},"modified":"2023-12-04T19:06:58","modified_gmt":"2023-12-04T19:06:58","slug":"mitutoyo-7326s-dial-thickness-gage-0-0-05%e2%80%b3-yunque-plano-de-ceramica","status":"publish","type":"product","link":"https:\/\/calibracion.com.mx\/tienda\/mitutoyo-7326s-dial-thickness-gage-0-0-05%e2%80%b3-yunque-plano-de-ceramica\/","title":{"rendered":"Mitutoyo 7326s dial thickness gage, 0-0.05\u2033, yunque plano de cer\u00e1mica"},"content":{"rendered":"<h5><strong>Funciones:<\/strong><\/h5>\n<ul>\n<li>El medidor de espesor mide de 0 a 0.05\u2033 con graduaciones de 0.0001\u2033 y \u00b1 precisi\u00f3n de 0.0002\u2033, para medir el espesor de art\u00edculos delgados como el papel.<\/li>\n<li>Indicador de esfera con cara blanca con graduaciones finas, para mediciones exactas y legibles en pulgadas.<\/li>\n<li>El punto de contacto y el yunque plano son cer\u00e1micos para resistencia a la corrosi\u00f3n.<\/li>\n<li>Mango de agarre, gatillo del pulgar y husillo accionado por resorte para mediciones precisas.<\/li>\n<li>Fuerza de medici\u00f3n de 1,4N o menos.<\/li>\n<\/ul>\n<h5><strong>Aplicaciones:<\/strong><\/h5>\n<p>Ideal para las siguientes aplicaciones: Medici\u00f3n de espesores de piezas peque\u00f1as, metal, caucho, vinilo, l\u00e1mina y otros materiales de l\u00e1mina.<\/p>\n<h4><strong>\u00a0Especificaciones:<\/strong><\/h4>\n<table class=\"table table-striped\" style=\"height: 279px;\" width=\"571\">\n<tbody>\n<tr>\n<td>Gama<\/td>\n<td>0 \u2013 0,05 pulgadas<\/td>\n<\/tr>\n<tr>\n<td>Graduaci\u00f3n<\/td>\n<td>0.0001\u2033<\/td>\n<\/tr>\n<tr>\n<td>Profundidad de medici\u00f3n m\u00e1x.<\/td>\n<td>1.2\u2033<\/td>\n<\/tr>\n<tr>\n<td>Exactitud<\/td>\n<td>\u00b10,0002\u2033<\/td>\n<\/tr>\n<tr>\n<td>Medici\u00f3n de la fuerza<\/td>\n<td>\u2264 1,4 N<\/td>\n<\/tr>\n<tr>\n<td>Indicador No.<\/td>\n<td>2804SB-10<\/td>\n<\/tr>\n<tr>\n<td>Masa<\/td>\n<td>205 g<\/td>\n<\/tr>\n<tr>\n<td>Paralelismo<\/td>\n<td>0.0005\u20330.0002\u2033 : 7326S<\/td>\n<\/tr>\n<tr>\n<td>Pulgada-M\u00e9trico<\/td>\n<td>Pulgada<\/td>\n<\/tr>\n<tr>\n<td>Funciones<\/td>\n<td>Puntos de contacto de discos cer\u00e1micos<\/td>\n<\/tr>\n<\/tbody>\n<\/table>\n","protected":false},"excerpt":{"rendered":"<p>Yunque plano , tipo de lectura de dial fino, rango de 0-0.05\u2033, graduaci\u00f3n de 0.0001\u2033, precisi\u00f3n de \u00b100002\u2033.<\/p>\n","protected":false},"featured_media":4273,"template":"","meta":[],"product_cat":[16],"product_tag":[],"class_list":["post-4269","product","type-product","status-publish","has-post-thumbnail","hentry","product_cat-uncategorized"],"_links":{"self":[{"href":"https:\/\/calibracion.com.mx\/tienda\/wp-json\/wp\/v2\/product\/4269","targetHints":{"allow":["GET"]}}],"collection":[{"href":"https:\/\/calibracion.com.mx\/tienda\/wp-json\/wp\/v2\/product"}],"about":[{"href":"https:\/\/calibracion.com.mx\/tienda\/wp-json\/wp\/v2\/types\/product"}],"wp:featuredmedia":[{"embeddable":true,"href":"https:\/\/calibracion.com.mx\/tienda\/wp-json\/wp\/v2\/media\/4273"}],"wp:attachment":[{"href":"https:\/\/calibracion.com.mx\/tienda\/wp-json\/wp\/v2\/media?parent=4269"}],"wp:term":[{"taxonomy":"product_cat","embeddable":true,"href":"https:\/\/calibracion.com.mx\/tienda\/wp-json\/wp\/v2\/product_cat?post=4269"},{"taxonomy":"product_tag","embeddable":true,"href":"https:\/\/calibracion.com.mx\/tienda\/wp-json\/wp\/v2\/product_tag?post=4269"}],"curies":[{"name":"wp","href":"https:\/\/api.w.org\/{rel}","templated":true}]}}