{"id":4385,"date":"2023-12-05T14:53:17","date_gmt":"2023-12-05T14:53:17","guid":{"rendered":"https:\/\/calibracion.com.mx\/tienda\/?post_type=product&#038;p=4385"},"modified":"2023-12-05T14:53:18","modified_gmt":"2023-12-05T14:53:18","slug":"indicador-de-prueba-de-dial-mitutoyo-513-426-10e-conjunto-estandar-basico-1-5mm","status":"publish","type":"product","link":"https:\/\/calibracion.com.mx\/tienda\/indicador-de-prueba-de-dial-mitutoyo-513-426-10e-conjunto-estandar-basico-1-5mm\/","title":{"rendered":"Indicador de prueba de dial mitutoyo 513-426-10e, conjunto est\u00e1ndar b\u00e1sico, 1.5mm"},"content":{"rendered":"<h5><strong>Funciones:<\/strong><\/h5>\n<ul>\n<li>La cara plana de cristal sin deslumbramiento permite una f\u00e1cil lectura de las graduaciones.<\/li>\n<li>Como la longitud del l\u00e1piz \u00f3ptico instalado afecta al aspecto de escala del indicio , la longitud que da un factor de escala de unidad se marca en la esfera para ayudar al cliente a pedir el l\u00e1piz \u00f3ptico de reemplazo acertado.<\/li>\n<li>Espaciado de doble escala.<\/li>\n<li>Tipo horizontal (el modelo est\u00e1ndar): la esfera est\u00e1 en la parte de arriba del marco.<\/li>\n<li>La aptitud del indicador para seguir peque\u00f1os cambios en el movimiento se deteriora gracias a cambios m\u00ednimos en el espacio libre entre los engranajes con un empleo prolongado.<\/li>\n<li>Contador de revoluciones.<\/li>\n<li>El sello de junta t\u00f3rica en el bisel tiene el efecto de proporcionar una rotaci\u00f3n despacio y evita que el polvo y el aceite penetren por medio de la esfera.<\/li>\n<li>El uso de fuentes universales, el cambio del color de la cara del dial y la revisi\u00f3n de la relaci\u00f3n entre el puntero y las fabricantes de escala mejoraron dr\u00e1sticamente la visibilidad.<\/li>\n<li>Certificado adjunto.<\/li>\n<li>La uni\u00f3n del bisel y el cristal no deja espacio a fin de que el fluido de corte o el aceite penetren mediante la esfera.<\/li>\n<li>Una brida impide que el bisel se retire de forma involuntaria debido a la aplicaci\u00f3n de una fuerza al bisel a lo largo de la manipulaci\u00f3n.<\/li>\n<li>Los recubrimientos duros, antiincrustantes y antideslumbrantes en el cristal inhiben los ara\u00f1azos , la contaminaci\u00f3n y el deslumbramiento en la superficie.<\/li>\n<li>Un v\u00e1stago liso de \u00f88 mm (\u00f80,315\u2033) (21CAB104) para los modelos Metric o un v\u00e1stago liso de \u00f89,52 mm (\u00f83\/8\u2033) (21CAB105) para los modelos Inch que se adhiere a cualquier cola de milano en el marco se provee como accesorio est\u00e1ndar.<\/li>\n<li>El procedimiento convencional de montar el tornillo del cojinete de pivote del lapicero \u00f3ptico en el marco es predispuesto a permitir que se desarrolle holgura con la utilizaci\u00f3n prolongado. Una estructura \u00fanica de subplaca para albergar este tornillo en este momento se ha incorporado en todos los modelos y elimina este inconveniente.<\/li>\n<\/ul>\n<h4><strong>Especificaciones:<\/strong><\/h4>\n<table class=\"table table-striped\" style=\"height: 289px;\" width=\"491\">\n<tbody>\n<tr>\n<td>Gama<\/td>\n<td>1,5 mm<\/td>\n<\/tr>\n<tr>\n<td>Graduaci\u00f3n<\/td>\n<td>0,01 mm<\/td>\n<\/tr>\n<tr>\n<td>Lectura de marcaci\u00f3n<\/td>\n<td>0-25-0<\/td>\n<\/tr>\n<tr>\n<td>Rango de medici\u00f3n<\/td>\n<td>16\u03bcm<\/td>\n<\/tr>\n<tr>\n<td>10 divisiones de escala<\/td>\n<td>5\u03bcm<\/td>\n<\/tr>\n<tr>\n<td>Hist\u00e9resis<\/td>\n<td>5\u03bcm<\/td>\n<\/tr>\n<tr>\n<td>Repetibilidad<\/td>\n<td>3\u03bcm<\/td>\n<\/tr>\n<tr>\n<td>Masa<\/td>\n<td>45%<\/td>\n<\/tr>\n<tr>\n<td>Fuerza de medici\u00f3n<\/td>\n<td>0.4N o menos<\/td>\n<\/tr>\n<tr>\n<td>Punto de contacto de carburo (antiim\u00e1n)<\/td>\n<td>S\u00ed<\/td>\n<\/tr>\n<\/tbody>\n<\/table>\n","protected":false},"excerpt":{"rendered":"<p>Este indicio de prueba de dial presenta una esfera amarilla con una graduaci\u00f3n de 0,01 mm.<\/p>\n","protected":false},"featured_media":4388,"template":"","meta":[],"product_cat":[16],"product_tag":[],"class_list":["post-4385","product","type-product","status-publish","has-post-thumbnail","hentry","product_cat-uncategorized"],"_links":{"self":[{"href":"https:\/\/calibracion.com.mx\/tienda\/wp-json\/wp\/v2\/product\/4385","targetHints":{"allow":["GET"]}}],"collection":[{"href":"https:\/\/calibracion.com.mx\/tienda\/wp-json\/wp\/v2\/product"}],"about":[{"href":"https:\/\/calibracion.com.mx\/tienda\/wp-json\/wp\/v2\/types\/product"}],"wp:featuredmedia":[{"embeddable":true,"href":"https:\/\/calibracion.com.mx\/tienda\/wp-json\/wp\/v2\/media\/4388"}],"wp:attachment":[{"href":"https:\/\/calibracion.com.mx\/tienda\/wp-json\/wp\/v2\/media?parent=4385"}],"wp:term":[{"taxonomy":"product_cat","embeddable":true,"href":"https:\/\/calibracion.com.mx\/tienda\/wp-json\/wp\/v2\/product_cat?post=4385"},{"taxonomy":"product_tag","embeddable":true,"href":"https:\/\/calibracion.com.mx\/tienda\/wp-json\/wp\/v2\/product_tag?post=4385"}],"curies":[{"name":"wp","href":"https:\/\/api.w.org\/{rel}","templated":true}]}}