{"id":4391,"date":"2023-12-05T15:00:40","date_gmt":"2023-12-05T15:00:40","guid":{"rendered":"https:\/\/calibracion.com.mx\/tienda\/?post_type=product&#038;p=4391"},"modified":"2023-12-05T15:00:41","modified_gmt":"2023-12-05T15:00:41","slug":"pinza-amperimetrica-de-proceso-fluke-de-773-miliamperios-de-4-a-20-ma","status":"publish","type":"product","link":"https:\/\/calibracion.com.mx\/tienda\/pinza-amperimetrica-de-proceso-fluke-de-773-miliamperios-de-4-a-20-ma\/","title":{"rendered":"pinza amperim\u00e9trica de proceso fluke de 773 miliamperios, de 4 a 20 ma"},"content":{"rendered":"<p><strong>Una pinza amperim\u00e9trica de proceso ahorra tiempo y dinero al medir las se\u00f1ales de salida sin apagar el sistema<\/strong><\/p>\n<p>Capaz de medir se\u00f1ales de 4 a 20 mA cinco ocasiones m\u00e1s veloz que un mult\u00edmetro tradicional sin romper el bucle. Eso significa que este medidor de pinza de desarrollo deja al usuario arreglar problemas de un dispositivo en directo sin precisar apagarlo y posiblemente perderse algo que pasa en el desarrollo.<\/p>\n<p>Perfecto para la resoluci\u00f3n de inconvenientes de transmisores, v\u00e1lvulas y controladores l\u00f3gicos programables (PLC) que se encuentran en las plantas de desarrollo , este instrumento asimismo mide CC de bajo nivel y relaciona la indicaci\u00f3n del desarrollo con el valor f\u00edsico real. Y mide hasta 99,0 mA sin contacto, incluidas las se\u00f1ales de 10 a 50 mA en sistemas de control m\u00e1s viejos.<\/p>\n<p>Adem\u00e1s , esta herramienta fuente y mide voltaje de CC, por lo tanto , se puede utilizar para solucionar inconvenientes de gadgets de entrada y salida de voltaje. El usuario puede dividir la secci\u00f3n de abrazadera del medidor y usarla como una mand\u00edbula remota , conectada al cuerpo principal por un cable de extensi\u00f3n para hacer m\u00e1s simple la toma de medidas en espacios reducidos. Adem\u00e1s de esto , las funciones de apagado autom\u00e1tico ahorran bater\u00eda para que logre trabajar mucho m\u00e1s tiempo sin cargar las bater\u00edas.<\/p>\n<h3>Funciones<\/h3>\n<ul>\n<li>Las funciones de ahorro de energ\u00eda, apagado autom\u00e1tico y tiempo de espera de retroiluminaci\u00f3n prolongan la duraci\u00f3n de la bater\u00eda.<\/li>\n<li>Proyector de medici\u00f3n para iluminar cables dif\u00edciles de ver en carcasa oscura.<\/li>\n<li>Fuente de voltaje de CC para probar dispositivos de entrada que aceptan una se\u00f1al de 1 a 5 voltios o de 0 a 10 voltios.<\/li>\n<li>Se\u00f1ales de salida de fuente mA en una rampa lineal o salida escalonada del 25 %: cambie autom\u00e1ticamente la salida de 4 a 20 mA para pruebas remotas.<\/li>\n<li>Mide se\u00f1ales de 10 a 50 mA en sistemas de control m\u00e1s antiguos utilizando el rango de 99,9 mA.<\/li>\n<li>Se\u00f1ales de fuente de 4 a 20 mA para probar E\/S o E\/P del sistema de control.<\/li>\n<li>Rampa lineal de salida de voltaje o salida de paso del 25 %: cambie autom\u00e1ticamente la salida de voltaje para pruebas remotas.<\/li>\n<li>mA in\/out: mida simult\u00e1neamente la se\u00f1al mA con la pinza y emita una se\u00f1al mA \u2013 aplique una se\u00f1al de entrada mA a un dispositivo y mida su salida de 4 a 20 mA en dispositivos como v\u00e1lvulas o aisladores mA.<\/li>\n<li>Mida simult\u00e1neamente mA en circuito con una potencia de bucle de 24 V para alimentar y probar transmisores.<\/li>\n<li>Medici\u00f3n de voltaje de CC para verificar fuentes de alimentaci\u00f3n de 24 V o se\u00f1ales de E\/S de voltaje.<\/li>\n<li>Ofrece una resoluci\u00f3n y sensibilidad de 0,01 mA.<\/li>\n<li>Mida se\u00f1ales de 4 a 20 mA con medici\u00f3n en circuito.<\/li>\n<li>La salida mA a escala proporciona una se\u00f1al mA continua que corresponde a la se\u00f1al de 4 a 20 mA medida por la abrazadera mA: la se\u00f1al mA de salida permite que un DMM de registro u otro dispositivo grabe la se\u00f1al de 4 a 20 mA sin romper el bucle.<\/li>\n<li>Calibrador de bucle que mide se\u00f1ales de 4 a 20 mA sin romper el bucle.<\/li>\n<li>Simular se\u00f1ales de 4 a 20 mA para probar E\/S del sistema de control.<\/li>\n<\/ul>\n<h3>Aplicaciones<\/h3>\n<ul>\n<li>Resoluci\u00f3n de problemas de controladores l\u00f3gicos programables (PLC) encontrados en plantas de proceso.<\/li>\n<li>Soluci\u00f3n de problemas de v\u00e1lvulas.<\/li>\n<li>Soluci\u00f3n de problemas de transmisores .<\/li>\n<\/ul>\n<h3>Especificaciones de Fluke 773<\/h3>\n<table>\n<tbody>\n<tr>\n<td colspan=\"2\"><strong>Medici\u00f3n mA (medida por abrazadera)<\/strong><\/td>\n<\/tr>\n<tr>\n<td>Resoluci\u00f3n\/Rango<\/td>\n<td>0 a 20.99 mA<\/td>\n<\/tr>\n<tr>\n<td>Exactitud<\/td>\n<td>0.2% + 5 cuentas<\/td>\n<\/tr>\n<tr>\n<td>Resoluci\u00f3n\/Rango<\/td>\n<td>De 21,0 a 100,0 mA<\/td>\n<\/tr>\n<tr>\n<td>Exactitud<\/td>\n<td>1% + 5 cuentas<\/td>\n<\/tr>\n<tr>\n<td colspan=\"2\"><strong>Medici\u00f3n mA (medida en serie con conectores de prueba)<\/strong><\/td>\n<\/tr>\n<tr>\n<td>Resoluci\u00f3n\/Rango<\/td>\n<td>0 a 24.00 mA<\/td>\n<\/tr>\n<tr>\n<td>Exactitud<\/td>\n<td>0.2% + 2 cuentas<\/td>\n<\/tr>\n<tr>\n<td colspan=\"2\"><strong>Fuente mA (unidad mA m\u00e1xima: 24 mA en 1000 \u03a9)<\/strong><\/td>\n<\/tr>\n<tr>\n<td>Resoluci\u00f3n\/Rango<\/td>\n<td>0 a 24.00 mA<\/td>\n<\/tr>\n<tr>\n<td>Exactitud<\/td>\n<td>0.2% + 2 cuentas<\/td>\n<\/tr>\n<tr>\n<td colspan=\"2\"><strong>Simular mA (voltaje m\u00e1ximo 50 V DC)<\/strong><\/td>\n<\/tr>\n<tr>\n<td>Resoluci\u00f3n\/Rango<\/td>\n<td>0 a 24.00 mA<\/td>\n<\/tr>\n<tr>\n<td>Exactitud<\/td>\n<td>0.2% + 2 cuentas<\/td>\n<\/tr>\n<tr>\n<td colspan=\"2\"><strong>Fuente de voltaje (corriente m\u00e1xima de accionamiento de 2 mA)<\/strong><\/td>\n<\/tr>\n<tr>\n<td>Resoluci\u00f3n\/Rango<\/td>\n<td>0 a 10,00 V CC<\/td>\n<\/tr>\n<tr>\n<td>Exactitud<\/td>\n<td>0.2% + 2 cuentas<\/td>\n<\/tr>\n<tr>\n<td colspan=\"2\"><strong>Medida de voltaje<\/strong><\/td>\n<\/tr>\n<tr>\n<td>Resoluci\u00f3n\/Rango<\/td>\n<td>0 a 30,00 V CC<\/td>\n<\/tr>\n<tr>\n<td>Exactitud<\/td>\n<td>0.2% + 2 cuentas<\/td>\n<\/tr>\n<tr>\n<td colspan=\"2\"><strong>Especificaciones generales<\/strong><\/td>\n<\/tr>\n<tr>\n<td>Di\u00e1metro del conductor medible<\/td>\n<td>0,177\u2033 (4,5 mm) m\u00e1x.<\/td>\n<\/tr>\n<tr>\n<td>Temperatura de funcionamiento<\/td>\n<td>14 a 122\u00b0F (-10 a 50\u00b0C)<\/td>\n<\/tr>\n<tr>\n<td>Temperatura de almacenamiento<\/td>\n<td>-13 a 140\u00b0F (-25 a 60\u00b0C)<\/td>\n<\/tr>\n<tr>\n<td>Humedad de funcionamiento<\/td>\n<td>&lt;90% a &lt;86\u00b0F (30\u00b0C) &lt;75% a 86 a 131\u00b0F (30 a 55\u00b0C)<\/td>\n<\/tr>\n<tr>\n<td>Altitud de funcionamiento<\/td>\n<td>0 a 6561,7\u2032 (0 a 2000 m)<\/td>\n<\/tr>\n<tr>\n<td>Dimensiones<\/td>\n<td>2<sup>7<\/sup>\u2044<sub>8<\/sub>\u00a0x 5\/11 x &lt;&gt;<sup>5<\/sup>\u2044<sub>8<\/sub>\u201d (44 x 70 x 246 mm)<\/td>\n<\/tr>\n<tr>\n<td>Peso<\/td>\n<td>0,9 lb (410 g)<\/td>\n<\/tr>\n<tr>\n<td>Clasificaci\u00f3n IP<\/td>\n<td>IP 40<\/td>\n<\/tr>\n<\/tbody>\n<\/table>\n<p>&nbsp;<\/p>\n","protected":false},"excerpt":{"rendered":"<p>Una pinza amperim\u00e9trica de desarrollo ahorra tiempo y dinero al medir las se\u00f1ales de salida sin apagar el sistema<\/p>\n<p>Capaz de medir se\u00f1ales de 4 a 20 mA cinco veces mucho m\u00e1s r\u00e1pido que un mult\u00edmetro tradicional sin romper el bucle.<\/p>\n","protected":false},"featured_media":4395,"template":"","meta":[],"product_cat":[16],"product_tag":[],"class_list":["post-4391","product","type-product","status-publish","has-post-thumbnail","hentry","product_cat-uncategorized"],"_links":{"self":[{"href":"https:\/\/calibracion.com.mx\/tienda\/wp-json\/wp\/v2\/product\/4391","targetHints":{"allow":["GET"]}}],"collection":[{"href":"https:\/\/calibracion.com.mx\/tienda\/wp-json\/wp\/v2\/product"}],"about":[{"href":"https:\/\/calibracion.com.mx\/tienda\/wp-json\/wp\/v2\/types\/product"}],"wp:featuredmedia":[{"embeddable":true,"href":"https:\/\/calibracion.com.mx\/tienda\/wp-json\/wp\/v2\/media\/4395"}],"wp:attachment":[{"href":"https:\/\/calibracion.com.mx\/tienda\/wp-json\/wp\/v2\/media?parent=4391"}],"wp:term":[{"taxonomy":"product_cat","embeddable":true,"href":"https:\/\/calibracion.com.mx\/tienda\/wp-json\/wp\/v2\/product_cat?post=4391"},{"taxonomy":"product_tag","embeddable":true,"href":"https:\/\/calibracion.com.mx\/tienda\/wp-json\/wp\/v2\/product_tag?post=4391"}],"curies":[{"name":"wp","href":"https:\/\/api.w.org\/{rel}","templated":true}]}}