{"id":4542,"date":"2023-12-05T20:30:05","date_gmt":"2023-12-05T20:30:05","guid":{"rendered":"https:\/\/calibracion.com.mx\/tienda\/?post_type=product&#038;p=4542"},"modified":"2023-12-05T20:30:05","modified_gmt":"2023-12-05T20:30:05","slug":"pinza-amperimetrica-fluke-325-cal-true-rms-con-certificado-de-calibracion-400-a-ac-dc","status":"publish","type":"product","link":"https:\/\/calibracion.com.mx\/tienda\/pinza-amperimetrica-fluke-325-cal-true-rms-con-certificado-de-calibracion-400-a-ac-dc\/","title":{"rendered":"pinza amperim\u00e9trica fluke 325 cal true rms con certificado de calibraci\u00f3n, 400 a ac-dc"},"content":{"rendered":"<p>La pinza amperim\u00e9trica Fluke 325 CAL True RMS con certificado de calibraci\u00f3n puede saber las caracter\u00edsticas de cada secci\u00f3n del circuito. Cuenta con True RMS para recibir mediciones con precisi\u00f3n con independencia de la resistencia del circuito. El medidor puede funcionar en alguno de los sistemas de corrientes para una versatilidad agregada en todo el lugar de trabajo.<\/p>\n<h3>Funciones<\/h3>\n<ul>\n<li>El estilo robusto proporciona durabilidad durante largas horas de operaci\u00f3n.<\/li>\n<li>Las mediciones RMS reales pueden leer con precisi\u00f3n valores altos y bajos.<\/li>\n<li>Filtro de paso bajo VFD para mediciones fiables de accionamientos de motor.<\/li>\n<\/ul>\n<h3>Especificaciones<\/h3>\n<table>\n<tbody>\n<tr>\n<td>Rango de corriente<\/td>\n<td>0 a 400 A CA\/CC<\/td>\n<\/tr>\n<\/tbody>\n<\/table>\n","protected":false},"excerpt":{"rendered":"<p>La pinza amperim\u00e9trica Fluke 325 CAL True RMS con certificado de calibraci\u00f3n puede saber las caracter\u00edsticas de cada secci\u00f3n del circuito. Cuenta con True RMS para recibir mediciones con precisi\u00f3n con independencia de la resistencia del circuito.<\/p>\n","protected":false},"featured_media":4545,"template":"","meta":[],"product_cat":[16],"product_tag":[],"class_list":["post-4542","product","type-product","status-publish","has-post-thumbnail","hentry","product_cat-uncategorized"],"_links":{"self":[{"href":"https:\/\/calibracion.com.mx\/tienda\/wp-json\/wp\/v2\/product\/4542","targetHints":{"allow":["GET"]}}],"collection":[{"href":"https:\/\/calibracion.com.mx\/tienda\/wp-json\/wp\/v2\/product"}],"about":[{"href":"https:\/\/calibracion.com.mx\/tienda\/wp-json\/wp\/v2\/types\/product"}],"wp:featuredmedia":[{"embeddable":true,"href":"https:\/\/calibracion.com.mx\/tienda\/wp-json\/wp\/v2\/media\/4545"}],"wp:attachment":[{"href":"https:\/\/calibracion.com.mx\/tienda\/wp-json\/wp\/v2\/media?parent=4542"}],"wp:term":[{"taxonomy":"product_cat","embeddable":true,"href":"https:\/\/calibracion.com.mx\/tienda\/wp-json\/wp\/v2\/product_cat?post=4542"},{"taxonomy":"product_tag","embeddable":true,"href":"https:\/\/calibracion.com.mx\/tienda\/wp-json\/wp\/v2\/product_tag?post=4542"}],"curies":[{"name":"wp","href":"https:\/\/api.w.org\/{rel}","templated":true}]}}