{"id":4646,"date":"2023-12-06T16:43:14","date_gmt":"2023-12-06T16:43:14","guid":{"rendered":"https:\/\/calibracion.com.mx\/tienda\/?post_type=product&#038;p=4646"},"modified":"2024-09-24T16:23:44","modified_gmt":"2024-09-24T16:23:44","slug":"termohigrometro-log-tag-uhado-16","status":"publish","type":"product","link":"https:\/\/calibracion.com.mx\/tienda\/termohigrometro-log-tag-uhado-16\/","title":{"rendered":"Termohigrometro log tag uhado-16"},"content":{"rendered":"<p>La pantalla muestra las lecturas actuales de temperatura y humedad, el estado de la alarma y el estado de la grabaci\u00f3n. Al pulsar el bot\u00f3n \u201cRevisar \u201d, el usuario puede revisar las lecturas m\u00ednimas y m\u00e1ximas de Temperatura y Humedad del viaje, y la duraci\u00f3n de cualquier registro de Temperatura y humedad en el rango de alarma.<\/p>\n<p>El registrador UHADO-16 se puede conectar directamente a un PC para la configuraci\u00f3n y descarga de datos usando un cable est\u00e1ndar de Micro-USB a USB. El usuario tiene la opci\u00f3n de generar de forma autom\u00e1tica un informe en PDF al descargarlo. Adem\u00e1s , este registrador est\u00e1 equipado con tres clavijas de contacto, por lo que puede utilizarse con las bases de interfaz LogTag LTI-USB, LTI-HID y LTI-WiFi. Los datos se tienen la posibilidad de procesar usando el LogTag Analyzer y la nube LogTag Online.<\/p>\n<p>El registrador se usa siempre y cuando el control de la humedad relativa(%RH) desempe\u00f1a un papel importante adem\u00e1s de la medici\u00f3n de la temperatura. Este registrador USB puede utilizarse en una extensa variedad de aplicaciones distintas , por poner un ejemplo en las industrias farmac\u00e9uticas y alimentarias , pero tambi\u00e9n en el transporte y el almacenamiento o para la vigilancia de museos y otras instalaciones interiores. El registrador PDF no solo es compatible con cualquier plataforma de trabajo USB, sino tambi\u00e9n se puede conectar de manera directa a un PC mediante un cable USB.<\/p>\n<h3>Caracter\u00edsticas<\/h3>\n<ul>\n<li>Soporta descarga r\u00e1pida usando bases de interfaz LogTag est\u00e1ndares o Wi-Fi.<\/li>\n<li>Registra y muestra las lecturas de temperatura y humedad simult\u00e1neamente.<\/li>\n<li>Generaci\u00f3n autom\u00e1tica de un informe PDF sin software externo.<\/li>\n<li>Hasta 16.000 conjuntos de grabaciones, suficientes para viajes largos.<\/li>\n<li>Bater\u00eda de pi\u00f1a de bot\u00f3n CR2032 reemplazable por el usuario.<\/li>\n<li>Micropuerto USB para conexi\u00f3n directa a un ordenador.<\/li>\n<li>Reloj en tiempo real que proporciona un sello de fecha y hora de cada registro.<\/li>\n<li>Las inspecciones en tr\u00e1nsito pueden registrarse con s\u00f3lo pulsar un bot\u00f3n.<\/li>\n<li>Configuraci\u00f3n del usuario para el ajuste de la alarma, el intervalo de registro, la duraci\u00f3n del viaje, etc.<\/li>\n<\/ul>\n<p>&nbsp;<\/p>\n","protected":false},"excerpt":{"rendered":"<p>El registrador de temperatura y humedad LogTag UHADO-16 mide y almacena hasta 16.000 conjuntos de lecturas de humedad y temperatura de alta resoluci\u00f3n en un rango de medici\u00f3n de 0~100 % HR y de -30 \u00b0C a +70 \u00b0C.<\/p>\n","protected":false},"featured_media":4648,"template":"","meta":[],"product_cat":[16],"product_tag":[],"class_list":["post-4646","product","type-product","status-publish","has-post-thumbnail","hentry","product_cat-uncategorized"],"_links":{"self":[{"href":"https:\/\/calibracion.com.mx\/tienda\/wp-json\/wp\/v2\/product\/4646","targetHints":{"allow":["GET"]}}],"collection":[{"href":"https:\/\/calibracion.com.mx\/tienda\/wp-json\/wp\/v2\/product"}],"about":[{"href":"https:\/\/calibracion.com.mx\/tienda\/wp-json\/wp\/v2\/types\/product"}],"wp:featuredmedia":[{"embeddable":true,"href":"https:\/\/calibracion.com.mx\/tienda\/wp-json\/wp\/v2\/media\/4648"}],"wp:attachment":[{"href":"https:\/\/calibracion.com.mx\/tienda\/wp-json\/wp\/v2\/media?parent=4646"}],"wp:term":[{"taxonomy":"product_cat","embeddable":true,"href":"https:\/\/calibracion.com.mx\/tienda\/wp-json\/wp\/v2\/product_cat?post=4646"},{"taxonomy":"product_tag","embeddable":true,"href":"https:\/\/calibracion.com.mx\/tienda\/wp-json\/wp\/v2\/product_tag?post=4646"}],"curies":[{"name":"wp","href":"https:\/\/api.w.org\/{rel}","templated":true}]}}