{"id":4785,"date":"2023-12-07T20:49:31","date_gmt":"2023-12-07T20:49:31","guid":{"rendered":"https:\/\/calibracion.com.mx\/tienda\/?post_type=product&#038;p=4785"},"modified":"2023-12-07T20:49:31","modified_gmt":"2023-12-07T20:49:31","slug":"manometro-digital-baker-b50015-nist-de-0-a-15-psi-incluye-certificado-trazable","status":"publish","type":"product","link":"https:\/\/calibracion.com.mx\/tienda\/manometro-digital-baker-b50015-nist-de-0-a-15-psi-incluye-certificado-trazable\/","title":{"rendered":"Man\u00f3metro digital baker b50015-nist, de 0 a 15 psi, incluye certificado trazable"},"content":{"rendered":"<p>Muestra presi\u00f3n en tiempo real con tiempos de contestaci\u00f3n cortos y excelente seguridad a largo plazo. Todas las piezas h\u00famedas de acero inoxidable hacen que estos medidores sean correctos para una gran pluralidad de l\u00edquidos industriales y medios gaseosos. Este producto incluye un certificado trazable con datos completos e incertidumbres.<\/p>\n<p>Este man\u00f3metro digital con gr\u00e1fico de barras que viene dentro presenta una precisi\u00f3n del 1%, retroiluminaci\u00f3n para facilitar la lectura y 7 unidades de ingenier\u00eda seleccionables que dejan usar un man\u00f3metro en una variedad de aplicaciones de presi\u00f3n.<\/p>\n<p>Este producto incluye un certificado trazable con datos terminados e incertidumbres.<\/p>\n<h3>Funciones<\/h3>\n<ul>\n<li>Compatible con aire, l\u00edquidos y gases.<\/li>\n<li>304 Materiales h\u00famedos y carcasa de acero inoxidable.<\/li>\n<li>La pantalla LCD de 4 d\u00edgitos con luz de fondo proporciona una lectura clara.<\/li>\n<li>Visualizaci\u00f3n del gr\u00e1fico de la barra de progreso de presi\u00f3n.<\/li>\n<li>7 unidades de medida de ingenier\u00eda seleccionables: psi, kgf\/cm\u00b2, inHg, kPa, en w.c., mbar, MPa.<\/li>\n<li>Pulsador cero.<\/li>\n<\/ul>\n<h3>Aplicaciones<\/h3>\n<ul>\n<li>Hidr\u00e1ulica.<\/li>\n<li>Gases industriales y medicinales.<\/li>\n<li>Agua y aguas residuales.<\/li>\n<li>Instrumentaci\u00f3n y control.<\/li>\n<li>Aplicaciones OEM.<\/li>\n<li>Neum\u00e1tica.<\/li>\n<\/ul>\n<h3>Baker B50015-NIST Especificaciones<\/h3>\n<table class=\"table table-striped\">\n<tbody>\n<tr>\n<td colspan=\"2\"><strong>Medidas<\/strong><\/td>\n<\/tr>\n<tr>\n<td>Rangos de medici\u00f3n<\/td>\n<td>0-15.00 psi<br \/>\n0-1.055 kgf\/cm\u00b2 0-30.5 inHg<br \/>\n0-103.4 kPa 0-416 in w.c. 0-1034 mbar&nbsp;<\/p>\n<p>0-0.103<br \/>\nMPa<\/td>\n<\/tr>\n<tr>\n<td>Resoluci\u00f3n<\/td>\n<td>0,01 psi<br \/>\n0,001 kgf\/cm\u00b2 0,1 inHg<br \/>\n0,1 kPa 1 pulgada<br \/>\n1 mbar&nbsp;<\/p>\n<p>0,001 Mpa<\/td>\n<\/tr>\n<tr>\n<td>Exactitud<\/td>\n<td>1% F.S.<\/td>\n<\/tr>\n<tr>\n<td>Estabilidad a largo plazo<\/td>\n<td>0,5% F.S.\/A\u00f1o<\/td>\n<\/tr>\n<tr>\n<td>Frecuencia de muestreo<\/td>\n<td>3x\/seg<\/td>\n<\/tr>\n<tr>\n<td>Capacidad de sobrecarga<\/td>\n<td>150%<\/td>\n<\/tr>\n<tr>\n<td colspan=\"2\"><strong>Medio y materiales<\/strong><\/td>\n<\/tr>\n<tr>\n<td>Servicio<\/td>\n<td>L\u00edquidos y gases compatibles<\/td>\n<\/tr>\n<tr>\n<td>Materiales h\u00famedos<\/td>\n<td>304 SS<\/td>\n<\/tr>\n<tr>\n<td>Materiales de la carcasa<\/td>\n<td>304 SS<\/td>\n<\/tr>\n<tr>\n<td colspan=\"2\"><strong>Especificaciones generales<\/strong><\/td>\n<\/tr>\n<tr>\n<td>Conexi\u00f3n de procesos<\/td>\n<td>1\/4\u2033 NPT macho<\/td>\n<\/tr>\n<tr>\n<td>Monitor<\/td>\n<td>LCD de 4 d\u00edgitos<\/td>\n<\/tr>\n<tr>\n<td>Pantalla retroiluminada<\/td>\n<td>S\u00ed<\/td>\n<\/tr>\n<tr>\n<td>Indicador de bater\u00eda baja<\/td>\n<td>S\u00ed<\/td>\n<\/tr>\n<tr>\n<td>Fuente de alimentaci\u00f3n<\/td>\n<td>2 x pilas AAA<\/td>\n<\/tr>\n<tr>\n<td>Duraci\u00f3n de la bater\u00eda<\/td>\n<td>12-18 meses<\/td>\n<\/tr>\n<tr>\n<td>Certificaciones de productos<\/td>\n<td>IP64<\/td>\n<\/tr>\n<tr>\n<td>Compatibilidad electromagn\u00e9tica<\/td>\n<td>EN61326<\/td>\n<\/tr>\n<tr>\n<td>Temperatura de funcionamiento<\/td>\n<td>23 a 104\u00b0F (-5 a 40\u00b0C)<\/td>\n<\/tr>\n<tr>\n<td>Dimensiones<\/td>\n<td>2.56\u2033 di\u00e1metro exterior x 1.50\u2033 de profundidad<\/td>\n<\/tr>\n<tr>\n<td>Peso<\/td>\n<td>8,82 onzas (250 g)<\/td>\n<\/tr>\n<\/tbody>\n<\/table>\n","protected":false},"excerpt":{"rendered":"<p>Exhibe presi\u00f3n en el mismo instante con tiempos de respuesta cortos y excelente seguridad a largo plazo. Todas y cada una de las piezas h\u00famedas de acero inoxidable hacen que estos medidores sean adecuados para una gran variedad de l\u00edquidos industriales y medios gaseosos. Este producto incluye un certificado trazable con datos completos e incertidumbres.<\/p>\n","protected":false},"featured_media":4788,"template":"","meta":[],"product_cat":[16],"product_tag":[],"class_list":["post-4785","product","type-product","status-publish","has-post-thumbnail","hentry","product_cat-uncategorized"],"_links":{"self":[{"href":"https:\/\/calibracion.com.mx\/tienda\/wp-json\/wp\/v2\/product\/4785","targetHints":{"allow":["GET"]}}],"collection":[{"href":"https:\/\/calibracion.com.mx\/tienda\/wp-json\/wp\/v2\/product"}],"about":[{"href":"https:\/\/calibracion.com.mx\/tienda\/wp-json\/wp\/v2\/types\/product"}],"wp:featuredmedia":[{"embeddable":true,"href":"https:\/\/calibracion.com.mx\/tienda\/wp-json\/wp\/v2\/media\/4788"}],"wp:attachment":[{"href":"https:\/\/calibracion.com.mx\/tienda\/wp-json\/wp\/v2\/media?parent=4785"}],"wp:term":[{"taxonomy":"product_cat","embeddable":true,"href":"https:\/\/calibracion.com.mx\/tienda\/wp-json\/wp\/v2\/product_cat?post=4785"},{"taxonomy":"product_tag","embeddable":true,"href":"https:\/\/calibracion.com.mx\/tienda\/wp-json\/wp\/v2\/product_tag?post=4785"}],"curies":[{"name":"wp","href":"https:\/\/api.w.org\/{rel}","templated":true}]}}