{"id":490,"date":"2023-10-27T19:19:53","date_gmt":"2023-10-27T19:19:53","guid":{"rendered":"https:\/\/calibracion.com.mx\/tienda\/?post_type=product&#038;p=490"},"modified":"2026-03-05T17:50:07","modified_gmt":"2026-03-05T17:50:07","slug":"termometro-digital-taylor-1710","status":"publish","type":"product","link":"https:\/\/calibracion.com.mx\/tienda\/termometro-digital-taylor-1710\/","title":{"rendered":"Term\u00f3metro digital Taylor 1710"},"content":{"rendered":"<p>Term\u00f3metro digital marca Taylor modelo 1710 perfecto para farmacias, almacenes de medicamentos , laboratorios. Este producto tiene el respaldo y experiencia de un laboratorio de metrolog\u00eda con m\u00e1s de 35 a\u00f1os de experiencia calibrando instrumentos de temperatura en nuestro pa\u00eds , nosotros aconsejamos el uso de este term\u00f3metro Taylor 1710 por sus m\u00faltiples funcionalidades , enorme dise\u00f1o y una pantalla grande en la cual se puede apreciar la temperatura interna y externa desde ciertos metros de distancia sin precisar arrimarse al instrumento.<\/p>\n<p><strong>Especificaciones del term\u00f3metro digital taylor 1710.<\/strong><br \/>\nPantalla grande.<br \/>\nBater\u00eda incluida.<br \/>\nSensor de temperatura de afuera.<br \/>\nSensor de temperatura interno.<br \/>\nEnviamos este instrumento a cualquier estado o concejo de la de la Rep\u00fablica Mexicana con un tiempo de entrega de 1 a 3 d\u00edas h\u00e1biles, si Usted desea saber mucho m\u00e1s sobre las especificaciones o ficha t\u00e9cnica de este instrumento no dude en contactar con nosotros.<\/p>\n<table>\n<tbody>\n<tr>\n<td width=\"221\">Material<\/td>\n<td width=\"221\">Pl\u00e1stico<\/td>\n<\/tr>\n<tr>\n<td width=\"221\">Presentaci\u00f3n<\/td>\n<td width=\"221\">Digital<\/td>\n<\/tr>\n<tr>\n<td width=\"221\">Registro<\/td>\n<td width=\"221\">\u00b0F y \u00b0C<\/td>\n<\/tr>\n<tr>\n<td width=\"221\">Funci\u00f3n<\/td>\n<td width=\"221\">Interior\/Exterior<\/td>\n<\/tr>\n<tr>\n<td width=\"221\">Sensor<\/td>\n<td width=\"221\">Sonda<\/td>\n<\/tr>\n<tr>\n<td width=\"221\">Pantalla<\/td>\n<td width=\"221\">LCD<\/td>\n<\/tr>\n<tr>\n<td width=\"221\">Bater\u00eda<\/td>\n<td width=\"221\">CR2025<\/td>\n<\/tr>\n<tr>\n<td width=\"221\">Uso<\/td>\n<td width=\"221\">Medio Ambiente<\/td>\n<\/tr>\n<tr>\n<td width=\"221\">Dimensiones<\/td>\n<td width=\"221\">3.8 x 0.3 x 3.4\u2033<\/td>\n<\/tr>\n<tr>\n<td width=\"221\">Rango Temperatura Int<\/td>\n<td width=\"221\">0\u00b0C a 50\u00b0C \/ 32\u00b0F a 122\u00b0F<\/td>\n<\/tr>\n<tr>\n<td width=\"221\">Rango Temperatura Ext<\/td>\n<td width=\"221\">-40\u00b0C a 70\u00b0C \/ -40\u00b0F a 158\u00b0F<\/td>\n<\/tr>\n<\/tbody>\n<\/table>\n<p><strong>Ficha t\u00e9cnica del term\u00f3metro taylor 1710<\/strong><\/p>\n<table>\n<tbody>\n<tr>\n<td width=\"221\">Dimensiones<\/td>\n<td width=\"221\">3.8 x 0.3 x 3.4\u2033<\/td>\n<\/tr>\n<tr>\n<td width=\"221\">Rango Temperatura Int<\/td>\n<td width=\"221\">0\u00b0C a 50\u00b0C \/ 32\u00b0F a 122\u00b0F<\/td>\n<\/tr>\n<tr>\n<td width=\"221\">Rango Temperatura Ext<\/td>\n<td width=\"221\">-40\u00b0C a 70\u00b0C \/ -40\u00b0F a 158\u00b0F<\/td>\n<\/tr>\n<\/tbody>\n<\/table>\n","protected":false},"excerpt":{"rendered":"<p>Term\u00f3metro digital con sensor de afuera para refrigerador o congelador, incluye bater\u00eda.<\/p>\n","protected":false},"featured_media":491,"template":"","meta":[],"product_cat":[16],"product_tag":[],"class_list":["post-490","product","type-product","status-publish","has-post-thumbnail","hentry","product_cat-uncategorized"],"_links":{"self":[{"href":"https:\/\/calibracion.com.mx\/tienda\/wp-json\/wp\/v2\/product\/490","targetHints":{"allow":["GET"]}}],"collection":[{"href":"https:\/\/calibracion.com.mx\/tienda\/wp-json\/wp\/v2\/product"}],"about":[{"href":"https:\/\/calibracion.com.mx\/tienda\/wp-json\/wp\/v2\/types\/product"}],"wp:featuredmedia":[{"embeddable":true,"href":"https:\/\/calibracion.com.mx\/tienda\/wp-json\/wp\/v2\/media\/491"}],"wp:attachment":[{"href":"https:\/\/calibracion.com.mx\/tienda\/wp-json\/wp\/v2\/media?parent=490"}],"wp:term":[{"taxonomy":"product_cat","embeddable":true,"href":"https:\/\/calibracion.com.mx\/tienda\/wp-json\/wp\/v2\/product_cat?post=490"},{"taxonomy":"product_tag","embeddable":true,"href":"https:\/\/calibracion.com.mx\/tienda\/wp-json\/wp\/v2\/product_tag?post=490"}],"curies":[{"name":"wp","href":"https:\/\/api.w.org\/{rel}","templated":true}]}}