{"id":4946,"date":"2023-12-11T15:57:43","date_gmt":"2023-12-11T15:57:43","guid":{"rendered":"https:\/\/calibracion.com.mx\/tienda\/?post_type=product&#038;p=4946"},"modified":"2023-12-11T15:57:43","modified_gmt":"2023-12-11T15:57:43","slug":"el-higrometro-de-bulbo-humedo-seco-baker-b6030-incluye-certificado-trazable","status":"publish","type":"product","link":"https:\/\/calibracion.com.mx\/tienda\/el-higrometro-de-bulbo-humedo-seco-baker-b6030-incluye-certificado-trazable\/","title":{"rendered":"El higr\u00f3metro de bulbo h\u00famedo-seco baker b6030 incluye certificado trazable"},"content":{"rendered":"<p>Este higr\u00f3metro de bulbo h\u00famedo \/ seco tiene un rango de temperatura de -10 a 122 \u00b0 F (-15 a 50 \u00b0 C) y est\u00e1 alojado en una caja moldeada de pl\u00e1stico y un dep\u00f3sito. Este producto incluye un certificado trazable con datos terminados y tambi\u00e9n incertidumbres.<\/p>\n<h3>Funciones<\/h3>\n<ul>\n<li>Precisi\u00f3n obtenida mediante la creaci\u00f3n de una circulaci\u00f3n r\u00e1pida de aire alrededor de las bombillas.<\/li>\n<li>Caja moldeada de pl\u00e1stico y dep\u00f3sito.<\/li>\n<li>Dimensiones: 4\u2033 x 10\u2033.<\/li>\n<li>Term\u00f3metros llenos de alcohol rojo sin mercurio.<\/li>\n<li>Rango de temperatura: -10 a 122 \u00b0 F (-15 a 50 \u00b0 C).<\/li>\n<li>Mide la humedad relativa comparando las lecturas de los term\u00f3metros de bulbo h\u00famedo y bulbo seco (utilizando las tablas de humedad relativa suministradas).<\/li>\n<\/ul>\n<p>&nbsp;<\/p>\n","protected":false},"excerpt":{"rendered":"<p>Este higr\u00f3metro de bulbo h\u00famedo \/ seco tiene un rango de temperatura de -10 a 122 \u00b0 F (-15 a 50 \u00b0 C) y est\u00e1 alojado en una caja moldeada de pl\u00e1stico y un dep\u00f3sito. Este producto incluye un certificado trazable con datos terminados y tambi\u00e9n incertidumbres.<\/p>\n","protected":false},"featured_media":4948,"template":"","meta":[],"product_cat":[16],"product_tag":[],"class_list":["post-4946","product","type-product","status-publish","has-post-thumbnail","hentry","product_cat-uncategorized"],"_links":{"self":[{"href":"https:\/\/calibracion.com.mx\/tienda\/wp-json\/wp\/v2\/product\/4946","targetHints":{"allow":["GET"]}}],"collection":[{"href":"https:\/\/calibracion.com.mx\/tienda\/wp-json\/wp\/v2\/product"}],"about":[{"href":"https:\/\/calibracion.com.mx\/tienda\/wp-json\/wp\/v2\/types\/product"}],"wp:featuredmedia":[{"embeddable":true,"href":"https:\/\/calibracion.com.mx\/tienda\/wp-json\/wp\/v2\/media\/4948"}],"wp:attachment":[{"href":"https:\/\/calibracion.com.mx\/tienda\/wp-json\/wp\/v2\/media?parent=4946"}],"wp:term":[{"taxonomy":"product_cat","embeddable":true,"href":"https:\/\/calibracion.com.mx\/tienda\/wp-json\/wp\/v2\/product_cat?post=4946"},{"taxonomy":"product_tag","embeddable":true,"href":"https:\/\/calibracion.com.mx\/tienda\/wp-json\/wp\/v2\/product_tag?post=4946"}],"curies":[{"name":"wp","href":"https:\/\/api.w.org\/{rel}","templated":true}]}}