{"id":4970,"date":"2023-12-11T16:59:02","date_gmt":"2023-12-11T16:59:02","guid":{"rendered":"https:\/\/calibracion.com.mx\/tienda\/?post_type=product&#038;p=4970"},"modified":"2023-12-11T16:59:03","modified_gmt":"2023-12-11T16:59:03","slug":"termohigrometro-bc25-trotec","status":"publish","type":"product","link":"https:\/\/calibracion.com.mx\/tienda\/termohigrometro-bc25-trotec\/","title":{"rendered":"Termohigr\u00f3metro bc25 trotec"},"content":{"rendered":"<p>El BC25 es un instrumento tan efectivo como manual para calcular con seguridad la dimensi\u00f3n de la carga f\u00edsica resultante de las altas temperaturas en combinaci\u00f3n con una humedad del aire alta. Una humedad del aire alta restringe la termorregulaci\u00f3n del cuerpo a trav\u00e9s de la evaporaci\u00f3n del sudor. De esa manera se limita considerablemente el bienestar subjetivo y se aumenta objetivamente el peligro de insolaci\u00f3n sobre todo para deportistas y para personas mayores y enfermas.<\/p>\n<p>Por medio de las funciones de alarma del BC25 para la temperatura de bochorno y la sensaci\u00f3n t\u00e9rmica se puede evitar desde un inicio las insolaciones y establecer los l\u00edmites de la carga para altas temperaturas. La pantalla LCD grande y de f\u00e1cil lectura, as\u00ed como las funciones de desconexi\u00f3n autom\u00e1tica, valor m\u00ednimo, m\u00e1ximo, medio (AVG), as\u00ed como HOLD, completan la variedad de prestaciones de este innovador medidor.<\/p>\n<p>Por eso el BC25 calcula con sus sensibles sensores, adem\u00e1s de los par\u00e1metros clim\u00e1ticos normales tales como la temperatura del aire, la humedad relativa del aire, el punto de roc\u00edo y la temperatura de bulbo h\u00famedo, tambi\u00e9n la \u00abtemperatura de bochorno\u00bb (TB) y la \u00absensaci\u00f3n t\u00e9rmica\u00bb (\u00edndice WBGT). La temperatura de bochorno y el llamado \u00cdndice de Temperatura de Globo y Bulbo H\u00famedo indican la sensaci\u00f3n t\u00e9rmica sobre la base de la temperatura del aire medida y, sobre todo, de la humedad relativa del aire y otros par\u00e1metros como la radiaci\u00f3n t\u00e9rmica.<\/p>\n","protected":false},"excerpt":{"rendered":"<p>Higr\u00f3metro Trotec BC25 es un dispositivo importante para esos que valoran la precisi\u00f3n y la confiabilidad. No importa si necesitas medir la temperatura y la humedad de tu hogar, oficina o alg\u00fan otro sitio , este higr\u00f3metro te proporcionar\u00e1 los datos que necesitas de forma r\u00e1pida y precisa.<\/p>\n","protected":false},"featured_media":4973,"template":"","meta":[],"product_cat":[16],"product_tag":[],"class_list":["post-4970","product","type-product","status-publish","has-post-thumbnail","hentry","product_cat-uncategorized"],"_links":{"self":[{"href":"https:\/\/calibracion.com.mx\/tienda\/wp-json\/wp\/v2\/product\/4970","targetHints":{"allow":["GET"]}}],"collection":[{"href":"https:\/\/calibracion.com.mx\/tienda\/wp-json\/wp\/v2\/product"}],"about":[{"href":"https:\/\/calibracion.com.mx\/tienda\/wp-json\/wp\/v2\/types\/product"}],"wp:featuredmedia":[{"embeddable":true,"href":"https:\/\/calibracion.com.mx\/tienda\/wp-json\/wp\/v2\/media\/4973"}],"wp:attachment":[{"href":"https:\/\/calibracion.com.mx\/tienda\/wp-json\/wp\/v2\/media?parent=4970"}],"wp:term":[{"taxonomy":"product_cat","embeddable":true,"href":"https:\/\/calibracion.com.mx\/tienda\/wp-json\/wp\/v2\/product_cat?post=4970"},{"taxonomy":"product_tag","embeddable":true,"href":"https:\/\/calibracion.com.mx\/tienda\/wp-json\/wp\/v2\/product_tag?post=4970"}],"curies":[{"name":"wp","href":"https:\/\/api.w.org\/{rel}","templated":true}]}}