{"id":4999,"date":"2023-12-11T17:23:21","date_gmt":"2023-12-11T17:23:21","guid":{"rendered":"https:\/\/calibracion.com.mx\/tienda\/?post_type=product&#038;p=4999"},"modified":"2023-12-11T17:27:56","modified_gmt":"2023-12-11T17:27:56","slug":"termohigrometro-bz06-trotec","status":"publish","type":"product","link":"https:\/\/calibracion.com.mx\/tienda\/termohigrometro-bz06-trotec\/","title":{"rendered":"Termohigr\u00f3metro bz06 trotec"},"content":{"rendered":"<p class=\"csc-header csc-header-n1\"><strong>Multifuncional y sencillamente pr\u00e1ctico:<\/strong><\/p>\n<p>El termohigr\u00f3metro BZ06 mide cada 20 segundos la temperatura ambiental y la humedad relativa del aire actuales. La gama de medici\u00f3n de la temperatura va de -10 \u00b0C a +50 \u00b0C. La humedad relativa del aire se mide del 20 % HR al 99 % HR. Mediante la funci\u00f3n MIN\/MAX el medidor archiva el valor m\u00e1s bajo y el valor mucho m\u00e1s prominente de cada una. De esa manera usted va a saber si durante la noche o las vacaciones hubo oscilaciones indeseadas. Con solo pulsar una tecla usted llama los valores mucho m\u00e1s altos y mucho m\u00e1s bajos y los regresa a reiniciar si fuera necesario.<\/p>\n<p><strong>Para un clima agradable \u00f3ptimo y para evitar la formaci\u00f3n de moho:<\/strong><\/p>\n<p>La temperatura adecuada y una humedad regulada de manera \u00f3ptima son factores definitivos para un clima ambiental agradable y saludable. Valores clim\u00e1ticos tanto demasiado altos como los bastante bajos perjudican claramente nuestro confort. Por consiguiente , merece la pena controlar constantemente la temperatura y la humedad con el termohigr\u00f3metro BZ06 para, dependiendo de las sensibilidades individuales , regularlas a la gama \u00f3ptima con un deshumidificador, un humidificador o una capacidad calor\u00edfica o refrigeraci\u00f3n adaptada.<\/p>\n<p><strong> Efecto secundario positivo:<\/strong><\/p>\n<p>La transparencia de los datos clim\u00e1ticos es el primer paso para reducir los altos costos de energ\u00eda. Cada grado de temperatura ambiental ahorrado reduce el consumo de energ\u00eda en un 6 % aproximadamente y, por consiguiente , asimismo la factura de la calefacci\u00f3n. Y una humedad del aire demasiado alta a largo plazo estimula la formaci\u00f3n de moho en la habitaci\u00f3n. Asimismo aqu\u00ed deben tenerse presente los valores porcentuales para poder tomar medidas a tiempo y evitar peligros para la salud.<\/p>\n","protected":false},"excerpt":{"rendered":"<p>El termohigr\u00f3metro de dise\u00f1o moderno BZ06 le proporciona informaci\u00f3n r\u00e1pida de un vistazo. La pantalla digital de f\u00e1cil lectura exhibe la temperatura interior actual (en \u00b0C o \u00b0F), la humedad del aire (en %), la fecha, el d\u00eda de la semana y la hora en d\u00edgitos enormes. Adem\u00e1s de esto , el pron\u00f3stico del tiempo, representado gr\u00e1ficamente, le advierte de cambios meteorol\u00f3gicos inminentes. Un elemento singularmente atractivo y impresionante es la pantalla absolutamente transparente de esta estaci\u00f3n clim\u00e1tica para espacios interiores.<\/p>\n","protected":false},"featured_media":5007,"template":"","meta":[],"product_cat":[16],"product_tag":[],"class_list":["post-4999","product","type-product","status-publish","has-post-thumbnail","hentry","product_cat-uncategorized"],"_links":{"self":[{"href":"https:\/\/calibracion.com.mx\/tienda\/wp-json\/wp\/v2\/product\/4999","targetHints":{"allow":["GET"]}}],"collection":[{"href":"https:\/\/calibracion.com.mx\/tienda\/wp-json\/wp\/v2\/product"}],"about":[{"href":"https:\/\/calibracion.com.mx\/tienda\/wp-json\/wp\/v2\/types\/product"}],"wp:featuredmedia":[{"embeddable":true,"href":"https:\/\/calibracion.com.mx\/tienda\/wp-json\/wp\/v2\/media\/5007"}],"wp:attachment":[{"href":"https:\/\/calibracion.com.mx\/tienda\/wp-json\/wp\/v2\/media?parent=4999"}],"wp:term":[{"taxonomy":"product_cat","embeddable":true,"href":"https:\/\/calibracion.com.mx\/tienda\/wp-json\/wp\/v2\/product_cat?post=4999"},{"taxonomy":"product_tag","embeddable":true,"href":"https:\/\/calibracion.com.mx\/tienda\/wp-json\/wp\/v2\/product_tag?post=4999"}],"curies":[{"name":"wp","href":"https:\/\/api.w.org\/{rel}","templated":true}]}}