{"id":5029,"date":"2023-12-11T17:53:54","date_gmt":"2023-12-11T17:53:54","guid":{"rendered":"https:\/\/calibracion.com.mx\/tienda\/?post_type=product&#038;p=5029"},"modified":"2023-12-11T17:53:55","modified_gmt":"2023-12-11T17:53:55","slug":"manometro-digital-dwyer-477av-3-0-a-200-en-w-c","status":"publish","type":"product","link":"https:\/\/calibracion.com.mx\/tienda\/manometro-digital-dwyer-477av-3-0-a-200-en-w-c\/","title":{"rendered":"Man\u00f3metro digital dwyer 477av-3, 0 a 200 en w.c."},"content":{"rendered":"<p>Los valores ajustables de cero y span dejan calibrar en el campo, y la amortiguaci\u00f3n compensa la fluctuaci\u00f3n de las lecturas.<\/p>\n<h5><strong>Funciones:<\/strong><\/h5>\n<ul>\n<li>Pantalla grande y f\u00e1cil de leer con luz de fondo para su uso en \u00e1reas oscuras.<\/li>\n<li>Almacena hasta 40 lecturas con estad\u00edsticas m\u00ednimas, m\u00e1ximas y medias.<\/li>\n<li>La robusta carcasa de aluminio resguarda el instrumento de da\u00f1os durante el transporte\/empleo.<\/li>\n<li>Calcula y muestra la agilidad del aire y el flujo volum\u00e9trico de aire.<\/li>\n<li>Nueve unidades seleccionables de ingl\u00e9s e ingenier\u00eda m\u00e9trica.<\/li>\n<\/ul>\n<h5><strong>Aplicaciones:<\/strong><\/h5>\n<ul>\n<li>Presi\u00f3n en la zona de construcci\u00f3n.<\/li>\n<li>Equilibrado de aire comercial.<\/li>\n<li>Presi\u00f3n est\u00e1tica del conducto.<\/li>\n<li>Chequeo del flujo de aire, cuando se usa con un tubo pitot Dwyer (se vende separadamente ).<\/li>\n<\/ul>\n<h4><strong>Dwyer 477AV-3 Especificaciones:<\/strong><\/h4>\n<table class=\"table table-striped\" style=\"height: 287px;\" width=\"923\">\n<tbody>\n<tr>\n<td>Servicio<\/td>\n<td>Aire y gases compatibles<\/td>\n<\/tr>\n<tr>\n<td>Exactitud<\/td>\n<td>\u00b10.5% FS de 60 a 78\u00b0F (15.6 a 25.6\u00b0C); \u00b11.5% FS de 32 a 60 \u00b0 F y 78 a 104 \u00b0 F (0 a 15.6 \u00b0 C y 25.6 a 40 \u00b0 C)<\/td>\n<\/tr>\n<tr>\n<td>Hist\u00e9resis por presi\u00f3n<\/td>\n<td>\u00b10,1% FS<\/td>\n<\/tr>\n<tr>\n<td>L\u00edmites de temperatura<\/td>\n<td>0 a 140\u00b0F (-17.8 a 60\u00b0C)<\/td>\n<\/tr>\n<tr>\n<td>L\u00edmites de temperatura compensados<\/td>\n<td>32 a 104\u00b0F (0 a 40\u00b0C)<\/td>\n<\/tr>\n<tr>\n<td>L\u00edmites de temperatura de almacenamiento<\/td>\n<td>-4 a 176\u00b0F (-20 a 80\u00b0C)<\/td>\n<\/tr>\n<tr>\n<td>Monitor<\/td>\n<td>LCD de 0 d\u00edgitos (42,10\u2033) (6,4 mm)<\/td>\n<\/tr>\n<tr>\n<td>Unidades de presi\u00f3n<\/td>\n<td>en w.c., ft w.c., en Hg, psi, oz\/in<sup>2<\/sup>, mm w.c., cm w.c., mm Hg, mbar, Pa, kPa, hPa<\/td>\n<\/tr>\n<tr>\n<td>Unidades de velocidad<\/td>\n<td>FPM, FPS, MPH, M\/H, M\/S, K\/H, NUDO<\/td>\n<\/tr>\n<tr>\n<td>Unidades de flujo<\/td>\n<td>CFM, M<sup>3<\/sup>\/h, m<sup>3<\/sup>\/s<\/td>\n<\/tr>\n<tr>\n<td>Requisitos de alimentaci\u00f3n<\/td>\n<td>Bater\u00eda alcalina de 9 V, instalada no funcional, reemplazable por el usuario<\/td>\n<\/tr>\n<tr>\n<td>Peso<\/td>\n<td>10,2 onzas (289 g)<\/td>\n<\/tr>\n<tr>\n<td>Conexiones de proceso<\/td>\n<td>Dos conexiones de p\u00faas para usar con tubos de identificaci\u00f3n de 3\/18\u2033 (3,16 mm) o 4\/76\u2033 (3,18 mm)<br \/>\nDos accesorios de compresi\u00f3n para usar con tubos de di\u00e1metro exterior de 6\/35\u2033 (477,7 mm) ID x 8\/&lt;&gt;\u201d (&lt;&gt;,&lt;&gt; mm) para &lt;&gt;AV-&lt;&gt;, -&lt;&gt; solamente<\/td>\n<\/tr>\n<tr>\n<td>Aprobaciones de agencias<\/td>\n<td>Despu\u00e9s de Cristo<\/td>\n<\/tr>\n<\/tbody>\n<\/table>\n","protected":false},"excerpt":{"rendered":"<p>Tiene mediciones de presi\u00f3n, flu\u00eddo y velocidad , adjuntado con un rango de presi\u00f3n de 0 a 200 en wc. Los c\u00e1lculos integrados de agilidad del aire y flujo dan precisi\u00f3n y ahorran tiempo y errores asociados con los c\u00e1lculos manuales.<\/p>\n","protected":false},"featured_media":5031,"template":"","meta":[],"product_cat":[16],"product_tag":[],"class_list":["post-5029","product","type-product","status-publish","has-post-thumbnail","hentry","product_cat-uncategorized"],"_links":{"self":[{"href":"https:\/\/calibracion.com.mx\/tienda\/wp-json\/wp\/v2\/product\/5029","targetHints":{"allow":["GET"]}}],"collection":[{"href":"https:\/\/calibracion.com.mx\/tienda\/wp-json\/wp\/v2\/product"}],"about":[{"href":"https:\/\/calibracion.com.mx\/tienda\/wp-json\/wp\/v2\/types\/product"}],"wp:featuredmedia":[{"embeddable":true,"href":"https:\/\/calibracion.com.mx\/tienda\/wp-json\/wp\/v2\/media\/5031"}],"wp:attachment":[{"href":"https:\/\/calibracion.com.mx\/tienda\/wp-json\/wp\/v2\/media?parent=5029"}],"wp:term":[{"taxonomy":"product_cat","embeddable":true,"href":"https:\/\/calibracion.com.mx\/tienda\/wp-json\/wp\/v2\/product_cat?post=5029"},{"taxonomy":"product_tag","embeddable":true,"href":"https:\/\/calibracion.com.mx\/tienda\/wp-json\/wp\/v2\/product_tag?post=5029"}],"curies":[{"name":"wp","href":"https:\/\/api.w.org\/{rel}","templated":true}]}}