{"id":5219,"date":"2023-12-12T20:28:04","date_gmt":"2023-12-12T20:28:04","guid":{"rendered":"https:\/\/calibracion.com.mx\/tienda\/?post_type=product&#038;p=5219"},"modified":"2023-12-12T20:28:05","modified_gmt":"2023-12-12T20:28:05","slug":"reed-lm-8000-nist-medidor-ambiental-multifuncion-6-en-1","status":"publish","type":"product","link":"https:\/\/calibracion.com.mx\/tienda\/reed-lm-8000-nist-medidor-ambiental-multifuncion-6-en-1\/","title":{"rendered":"Reed lm-8000-nist medidor ambiental multifunci\u00f3n 6 en 1"},"content":{"rendered":"<p>Este medidor ambiental compacto 6 en 1 mide la velocidad del aire, la temperatura del aire, la temperatura \u00e1mbito , la humedad relativa, la luz y la temperatura de contacto. El LM-8000 tiene funcionalidades de retenci\u00f3n de datos, m\u00ednimo\/m\u00e1ximo y fu\u00e9 dise\u00f1ado para marchar con una sola mano.<\/p>\n<h3>Funciones<\/h3>\n<ul>\n<li>Funciones de retenci\u00f3n de datos y m\u00e1x.\/min.<\/li>\n<li>F\u00e1cil de operar, dise\u00f1ado para operar con una sola mano.<\/li>\n<li>Indicador de bater\u00eda baja y apagado autom\u00e1tico.<\/li>\n<li>La velocidad del aire se mide en m\/s, pies\/min, km\/h, mph o nudos.<\/li>\n<li>Bot\u00f3n de ajuste de cero (medidor de luz).<\/li>\n<li>La temperatura se mide en \u00b0C o \u00b0F.<\/li>\n<li>Los niveles de luz se miden en pies-velas o lux.<\/li>\n<li>Mide la velocidad\/temperatura del aire, la temperatura ambiente, la humedad relativa, la temperatura de contacto y la luz.<\/li>\n<\/ul>\n<h3>Especificaciones de REED LM-8000-NIST<\/h3>\n<table>\n<tbody>\n<tr>\n<td colspan=\"2\"><strong>Velocidad del aire<\/strong><\/td>\n<\/tr>\n<tr>\n<td>Rangos de medici\u00f3n<\/td>\n<td>De 0,2 a 30,0 m\/s<br \/>\nDe 1,4 a 108,0 km\/h<br \/>\nDe 0,9 a 67,0 mph<br \/>\nDe 80 a 5910 fpm<br \/>\nDe 0,8 a 58,3 nudos<\/td>\n<\/tr>\n<tr>\n<td>Exactitud<\/td>\n<td>&lt;20 m\/s: \u00b13% FS \u226520 m\/s: \u00b14% FS<\/td>\n<\/tr>\n<tr>\n<td>Resoluci\u00f3n<\/td>\n<td>0.1 m\/s, km\/h, mph, nudo<br \/>\n1 fpm<\/td>\n<\/tr>\n<tr>\n<td colspan=\"2\"><strong>Temperatura<\/strong><\/td>\n<\/tr>\n<tr>\n<td>Rangos de medici\u00f3n<\/td>\n<td>Temperatura del aire: 32 a 122.0 \u00b0F (0 a 50 \u00b0C) Temperatura de contacto (Tipo K) : -148 a 2372 \u00b0F<br \/>\n(-100 a 1300 \u00b0C)<\/td>\n<\/tr>\n<tr>\n<td>Exactitud<\/td>\n<td>Temperatura del aire: \u00b1 1,2 \u00b0C (2,5 \u00b0F)<br \/>\nTemperatura de contacto: \u00b1 (1% rdg +2 \u00b0F (1 \u00b0C))<\/td>\n<\/tr>\n<tr>\n<td>Resoluci\u00f3n<\/td>\n<td>0.1\u00b0F\/\u00b0C<\/td>\n<\/tr>\n<tr>\n<td colspan=\"2\"><strong>Humedad<\/strong><\/td>\n<\/tr>\n<tr>\n<td>Rango de medici\u00f3n<\/td>\n<td>Del 10 al 95 % de humedad relativa<\/td>\n<\/tr>\n<tr>\n<td>Exactitud<\/td>\n<td>\u226570%HR: \u00b1(4% rdg + 1.2%HR)<br \/>\n&lt;70%HR: \u00b14%HR<\/td>\n<\/tr>\n<tr>\n<td>Resoluci\u00f3n<\/td>\n<td>0.1% HR<\/td>\n<\/tr>\n<tr>\n<td colspan=\"2\"><strong>Luz<\/strong><\/td>\n<\/tr>\n<tr>\n<td>Rango de medici\u00f3n<\/td>\n<td>De 0 a 20.000 lux (de 0 a 1860 ft-cd)<\/td>\n<\/tr>\n<tr>\n<td>Exactitud<\/td>\n<td>\u00b1(5% rdg \u00b1 8 dgt)<\/td>\n<\/tr>\n<tr>\n<td>Resoluci\u00f3n<\/td>\n<td>De 0 a 2200 lux (de 0 a 204,0 ft-cd): 1 lux \/ 0,1 ft-cd<br \/>\nDe 1800 a 20.000 lux (de 170 a 1860 ft-cd): 10 lux \/ 1 ft-cd<\/td>\n<\/tr>\n<tr>\n<td colspan=\"2\"><strong>Especificaciones generales<\/strong><\/td>\n<\/tr>\n<tr>\n<td>Tiempo de respuesta<\/td>\n<td>1 seg<\/td>\n<\/tr>\n<tr>\n<td>Monitor<\/td>\n<td>LCD<\/td>\n<\/tr>\n<tr>\n<td>Retenci\u00f3n de datos<\/td>\n<td>S\u00ed<\/td>\n<\/tr>\n<tr>\n<td>Min<\/td>\n<td>S\u00ed<\/td>\n<\/tr>\n<tr>\n<td>M\u00e1ximo<\/td>\n<td>S\u00ed<\/td>\n<\/tr>\n<tr>\n<td>Ajuste cero<\/td>\n<td>S\u00ed (para la luz)<\/td>\n<\/tr>\n<tr>\n<td>Apagado autom\u00e1tico<\/td>\n<td>S\u00ed (despu\u00e9s de 10 minutos)<\/td>\n<\/tr>\n<tr>\n<td>Indicador de bater\u00eda baja<\/td>\n<td>S\u00ed<\/td>\n<\/tr>\n<tr>\n<td>Fuente de alimentaci\u00f3n<\/td>\n<td>Bater\u00eda de 9 V<\/td>\n<\/tr>\n<tr>\n<td>Certificaciones de productos<\/td>\n<td>Despu\u00e9s de Cristo<\/td>\n<\/tr>\n<tr>\n<td>Temperatura de funcionamiento<\/td>\n<td>De 32 a 122 \u00b0C (de 0 a 50 \u00b0F)<\/td>\n<\/tr>\n<tr>\n<td>Temperatura de almacenamiento<\/td>\n<td>De -14 a 140 \u00b0C (de 10 a 60 \u00b0F)<\/td>\n<\/tr>\n<tr>\n<td>Rango de humedad de funcionamiento<\/td>\n<td>Del 10 al 85%<\/td>\n<\/tr>\n<tr>\n<td>Dimensiones<\/td>\n<td>6,1 x 2,4 x 1,3\u2033 (156 x 60 x 33 mm)<\/td>\n<\/tr>\n<tr>\n<td>Peso<\/td>\n<td>8 g (8,160 onzas)<\/td>\n<\/tr>\n<\/tbody>\n<\/table>\n<p>&nbsp;<\/p>\n","protected":false},"excerpt":{"rendered":"<p>El dise\u00f1o de bolsillo de respuesta r\u00e1pida permite la operaci\u00f3n con solo una mano.<\/p>\n","protected":false},"featured_media":5220,"template":"","meta":[],"product_cat":[16],"product_tag":[],"class_list":["post-5219","product","type-product","status-publish","has-post-thumbnail","hentry","product_cat-uncategorized"],"_links":{"self":[{"href":"https:\/\/calibracion.com.mx\/tienda\/wp-json\/wp\/v2\/product\/5219","targetHints":{"allow":["GET"]}}],"collection":[{"href":"https:\/\/calibracion.com.mx\/tienda\/wp-json\/wp\/v2\/product"}],"about":[{"href":"https:\/\/calibracion.com.mx\/tienda\/wp-json\/wp\/v2\/types\/product"}],"wp:featuredmedia":[{"embeddable":true,"href":"https:\/\/calibracion.com.mx\/tienda\/wp-json\/wp\/v2\/media\/5220"}],"wp:attachment":[{"href":"https:\/\/calibracion.com.mx\/tienda\/wp-json\/wp\/v2\/media?parent=5219"}],"wp:term":[{"taxonomy":"product_cat","embeddable":true,"href":"https:\/\/calibracion.com.mx\/tienda\/wp-json\/wp\/v2\/product_cat?post=5219"},{"taxonomy":"product_tag","embeddable":true,"href":"https:\/\/calibracion.com.mx\/tienda\/wp-json\/wp\/v2\/product_tag?post=5219"}],"curies":[{"name":"wp","href":"https:\/\/api.w.org\/{rel}","templated":true}]}}