{"id":5315,"date":"2023-12-14T14:15:32","date_gmt":"2023-12-14T14:15:32","guid":{"rendered":"https:\/\/calibracion.com.mx\/tienda\/?post_type=product&#038;p=5315"},"modified":"2023-12-14T14:15:33","modified_gmt":"2023-12-14T14:15:33","slug":"reed-cm-8822-nist-medidor-de-espesor-de-recubrimiento-0-a-40-milesimas-de-pulgada-0-a-1000-%ce%bcm","status":"publish","type":"product","link":"https:\/\/calibracion.com.mx\/tienda\/reed-cm-8822-nist-medidor-de-espesor-de-recubrimiento-0-a-40-milesimas-de-pulgada-0-a-1000-%ce%bcm\/","title":{"rendered":"Reed cm-8822-nist medidor de espesor de recubrimiento, 0 a 40 mil\u00e9simas de pulgada (0 a 1000 \u03bcm)"},"content":{"rendered":"<p>Este medidor de espesor de revestimiento incluye sondas ferrosas y no ferrosas y tiene un bot\u00f3n cero para un ajuste r\u00e1pido en el campo. El CM-8822 tiene una gran pantalla LCD f\u00e1cil de leer y una precisi\u00f3n b\u00e1sica del 3%.<\/p>\n<h3>Funciones<\/h3>\n<ul>\n<li>Reconocimiento autom\u00e1tico de la sonda.<\/li>\n<li>Calibraci\u00f3n autom\u00e1tica.<\/li>\n<li>\u03bcm\/mil\u00e9simas de pulgada seleccionables por el usuario.<\/li>\n<li>Mide el espesor de recubrimientos no magn\u00e9ticos en sustratos met\u00e1licos magn\u00e9ticos o no magn\u00e9ticos.<\/li>\n<li>Pantalla LCD grande y f\u00e1cil de leer.<\/li>\n<li>Bot\u00f3n de ajuste de cero.<\/li>\n<li>La sonda permite lecturas en espacios reducidos.<\/li>\n<li>Dise\u00f1ado para cumplir con las normas ISO 2178 e ISO 2361.<\/li>\n<li>Indicador de bater\u00eda baja.<\/li>\n<\/ul>\n<h3>\u00a0Especificaciones<\/h3>\n<table>\n<tbody>\n<tr>\n<td>Rango de medici\u00f3n<\/td>\n<td>De 0 a 1000 \u03bcm<br \/>\nDe 0 a 40 mil\u00e9simas de pulgada<\/td>\n<\/tr>\n<tr>\n<td>Exactitud<\/td>\n<td>\u00b11 a 3 % o 2 \u03bcm, lo que sea mayor<\/td>\n<\/tr>\n<tr>\n<td>Resoluci\u00f3n<\/td>\n<td>0,1 \u03bcm (0 a 99,9 \u03bcm) 1 \u03bcm (&lt;100 \u03bcm)<\/td>\n<\/tr>\n<tr>\n<td>Tiempo de muestreo<\/td>\n<td>1 seg.<\/td>\n<\/tr>\n<tr>\n<td>Monitor<\/td>\n<td>LCD<\/td>\n<\/tr>\n<tr>\n<td>Bot\u00f3n cero<\/td>\n<td>S\u00ed<\/td>\n<\/tr>\n<tr>\n<td>Longitud de las sondas<\/td>\n<td>3\u2032 (36\u2033)<\/td>\n<\/tr>\n<tr>\n<td>Fuente de alimentaci\u00f3n<\/td>\n<td>4 pilas AA<\/td>\n<\/tr>\n<tr>\n<td>Indicador de bater\u00eda baja<\/td>\n<td>S\u00ed<\/td>\n<\/tr>\n<tr>\n<td>Certificaciones de productos<\/td>\n<td>Despu\u00e9s de Cristo<\/td>\n<\/tr>\n<tr>\n<td>Temperatura de funcionamiento<\/td>\n<td>De 32 a 104 \u00b0C (de 0 a 40 \u00b0F)<\/td>\n<\/tr>\n<tr>\n<td>Temperatura de almacenamiento<\/td>\n<td>-4 a 140 \u00b0F (-20 a 60 \u00b0C)<\/td>\n<\/tr>\n<tr>\n<td>Rango de humedad de funcionamiento<\/td>\n<td>Del 20 al 90%<\/td>\n<\/tr>\n<tr>\n<td>Dimensiones<\/td>\n<td>6,3 x 2,7 x 1,25\u2033 (161 x 69 x 32 mm)<\/td>\n<\/tr>\n<tr>\n<td>Peso<\/td>\n<td>1,99 kg (0,9 libras)<\/td>\n<\/tr>\n<\/tbody>\n<\/table>\n","protected":false},"excerpt":{"rendered":"<p>Contestaci\u00f3n r\u00e1pida, capaz de medir sustratos ferrosos y no ferrosos.<\/p>\n","protected":false},"featured_media":5316,"template":"","meta":[],"product_cat":[16],"product_tag":[],"class_list":["post-5315","product","type-product","status-publish","has-post-thumbnail","hentry","product_cat-uncategorized"],"_links":{"self":[{"href":"https:\/\/calibracion.com.mx\/tienda\/wp-json\/wp\/v2\/product\/5315","targetHints":{"allow":["GET"]}}],"collection":[{"href":"https:\/\/calibracion.com.mx\/tienda\/wp-json\/wp\/v2\/product"}],"about":[{"href":"https:\/\/calibracion.com.mx\/tienda\/wp-json\/wp\/v2\/types\/product"}],"wp:featuredmedia":[{"embeddable":true,"href":"https:\/\/calibracion.com.mx\/tienda\/wp-json\/wp\/v2\/media\/5316"}],"wp:attachment":[{"href":"https:\/\/calibracion.com.mx\/tienda\/wp-json\/wp\/v2\/media?parent=5315"}],"wp:term":[{"taxonomy":"product_cat","embeddable":true,"href":"https:\/\/calibracion.com.mx\/tienda\/wp-json\/wp\/v2\/product_cat?post=5315"},{"taxonomy":"product_tag","embeddable":true,"href":"https:\/\/calibracion.com.mx\/tienda\/wp-json\/wp\/v2\/product_tag?post=5315"}],"curies":[{"name":"wp","href":"https:\/\/api.w.org\/{rel}","templated":true}]}}