{"id":5905,"date":"2023-12-19T19:12:19","date_gmt":"2023-12-19T19:12:19","guid":{"rendered":"https:\/\/calibracion.com.mx\/tienda\/?post_type=product&#038;p=5905"},"modified":"2023-12-19T19:12:21","modified_gmt":"2023-12-19T19:12:21","slug":"sdl400-luxometro-con-datalogger-memoria-sd-adaptador-de-pared-opcional-153117","status":"publish","type":"product","link":"https:\/\/calibracion.com.mx\/tienda\/sdl400-luxometro-con-datalogger-memoria-sd-adaptador-de-pared-opcional-153117\/","title":{"rendered":"Sdl400 -lux\u00f3metro con datalogger, memoria sd, adaptador de pared opcional 153117"},"content":{"rendered":"<p><strong>Caracter\u00edsticas<\/strong>:<\/p>\n<ul>\n<li>Interfaz para PC incorporada.<\/li>\n<li>Entrada para termopar tipo K\/J para mediciones de alta temperatura.<\/li>\n<li>El ajuste de compensaci\u00f3n se utiliza para que la funci\u00f3n cero realice mediciones relativas.<\/li>\n<li>Amplia pantalla LCD retroiluminada.<\/li>\n<li>Registrador de Datos Almacena\/Re llama MIN, M\u00c1X y apagado autom\u00e1tico.<\/li>\n<li>Utiliza un filtro de respuesta del espectro y fotodiodo de silicio de precisi\u00f3n.<\/li>\n<li>Medidas de coseno y color corregidos.<\/li>\n<li>Frecuencia de muestreo de datos ajustable.<\/li>\n<li>Completo con 6 bater\u00edas x AA, tarjeta SD, estuche r\u00edgido y fotosensor con cubierta de protecci\u00f3n.<\/li>\n<li>Rango amplio hasta 10,000Fc o 100kLux.<\/li>\n<li>Almacena manualmente 99 lecturas y lecturas de 20 M con la tarjeta de memoria SD de 2 G.<\/li>\n<\/ul>\n","protected":false},"excerpt":{"rendered":"<p>Sdl400 \u2014 lux\u00f3metro con datalogger, memoria sd, adaptador de pared opcional 153117<\/p>\n","protected":false},"featured_media":5909,"template":"","meta":[],"product_cat":[16],"product_tag":[],"class_list":["post-5905","product","type-product","status-publish","has-post-thumbnail","hentry","product_cat-uncategorized"],"_links":{"self":[{"href":"https:\/\/calibracion.com.mx\/tienda\/wp-json\/wp\/v2\/product\/5905","targetHints":{"allow":["GET"]}}],"collection":[{"href":"https:\/\/calibracion.com.mx\/tienda\/wp-json\/wp\/v2\/product"}],"about":[{"href":"https:\/\/calibracion.com.mx\/tienda\/wp-json\/wp\/v2\/types\/product"}],"wp:featuredmedia":[{"embeddable":true,"href":"https:\/\/calibracion.com.mx\/tienda\/wp-json\/wp\/v2\/media\/5909"}],"wp:attachment":[{"href":"https:\/\/calibracion.com.mx\/tienda\/wp-json\/wp\/v2\/media?parent=5905"}],"wp:term":[{"taxonomy":"product_cat","embeddable":true,"href":"https:\/\/calibracion.com.mx\/tienda\/wp-json\/wp\/v2\/product_cat?post=5905"},{"taxonomy":"product_tag","embeddable":true,"href":"https:\/\/calibracion.com.mx\/tienda\/wp-json\/wp\/v2\/product_tag?post=5905"}],"curies":[{"name":"wp","href":"https:\/\/api.w.org\/{rel}","templated":true}]}}