{"id":5911,"date":"2023-12-19T19:17:22","date_gmt":"2023-12-19T19:17:22","guid":{"rendered":"https:\/\/calibracion.com.mx\/tienda\/?post_type=product&#038;p=5911"},"modified":"2023-12-19T19:17:23","modified_gmt":"2023-12-19T19:17:23","slug":"it10-luxometro-de-bolsillo","status":"publish","type":"product","link":"https:\/\/calibracion.com.mx\/tienda\/it10-luxometro-de-bolsillo\/","title":{"rendered":"It10-lux\u00f3metro de bolsillo"},"content":{"rendered":"<p>Mide la intensidad de la luz en las unidades de candela parado y Lux usando un sensor de fotodiodo de precisi\u00f3n. Compacto y ligero.<\/p>\n<p><b>Caracter\u00edsticas<\/b>:<\/p>\n<ul>\n<li>Dimensiones: 157 (alto) x 54 (ancho) x 34 (profundidad) mm (6,2 x 2,1 x 1,3\u2033).<\/li>\n<li>Precisi\u00f3n (velas de pie, Fc): \u00b1 (10% de lectura + 10 d\u00edgitos (&gt;10000 LUX\/fc).<\/li>\n<li>Rango y resoluci\u00f3n (Lux): 200.0, 2000, 20000, 40000.<\/li>\n<li>Precisi\u00f3n (Lux): \u00b1 (5% de lectura + 10 d\u00edgitos (&lt;10000 LUX\/fc).<\/li>\n<li>Rango y resoluci\u00f3n (velas de pie, Fc): 20.0, 200.0, 2000, 4000.<\/li>\n<\/ul>\n","protected":false},"excerpt":{"rendered":"<p>El LT10 se puede almacenar cuando est\u00e1s en movimiento, mantenga uno a mano cuando necesite tomar una medici\u00f3n r\u00e1pida de la luz. Este pr\u00e1ctico medidor de luz de bolsillo tiene un f\u00e1cil desempe\u00f1o con un bot\u00f3n.<\/p>\n","protected":false},"featured_media":5916,"template":"","meta":[],"product_cat":[16],"product_tag":[],"class_list":["post-5911","product","type-product","status-publish","has-post-thumbnail","hentry","product_cat-uncategorized"],"_links":{"self":[{"href":"https:\/\/calibracion.com.mx\/tienda\/wp-json\/wp\/v2\/product\/5911","targetHints":{"allow":["GET"]}}],"collection":[{"href":"https:\/\/calibracion.com.mx\/tienda\/wp-json\/wp\/v2\/product"}],"about":[{"href":"https:\/\/calibracion.com.mx\/tienda\/wp-json\/wp\/v2\/types\/product"}],"wp:featuredmedia":[{"embeddable":true,"href":"https:\/\/calibracion.com.mx\/tienda\/wp-json\/wp\/v2\/media\/5916"}],"wp:attachment":[{"href":"https:\/\/calibracion.com.mx\/tienda\/wp-json\/wp\/v2\/media?parent=5911"}],"wp:term":[{"taxonomy":"product_cat","embeddable":true,"href":"https:\/\/calibracion.com.mx\/tienda\/wp-json\/wp\/v2\/product_cat?post=5911"},{"taxonomy":"product_tag","embeddable":true,"href":"https:\/\/calibracion.com.mx\/tienda\/wp-json\/wp\/v2\/product_tag?post=5911"}],"curies":[{"name":"wp","href":"https:\/\/api.w.org\/{rel}","templated":true}]}}