{"id":6381,"date":"2023-12-21T20:11:19","date_gmt":"2023-12-21T20:11:19","guid":{"rendered":"https:\/\/calibracion.com.mx\/tienda\/?post_type=product&#038;p=6381"},"modified":"2023-12-21T20:11:20","modified_gmt":"2023-12-21T20:11:20","slug":"termohigrometro-ubibot-ws1-wifi-2-4-ghz-edicion-especial-ws1prowifi","status":"publish","type":"product","link":"https:\/\/calibracion.com.mx\/tienda\/termohigrometro-ubibot-ws1-wifi-2-4-ghz-edicion-especial-ws1prowifi\/","title":{"rendered":"Termohigr\u00f3metro Ubibot WS1 \u2013 Wifi 2.4 GHz Edici\u00f3n Especial WS1PROWifi"},"content":{"rendered":"<p>La pantalla de 4.4 \u201dle permite ver instant\u00e1neamente las \u00faltimas lecturas y todos los datos se sincronizan en el mismo momento empleando los datos m\u00f3viles * y WiFi integrados. El dise\u00f1o RS485 * incorporada y las sondas externas dejan su empleo en las condiciones considerablemente m\u00e1s extremas y puede entrar a sus datos en cualquier sitio de este planeta a trav\u00e9s de nuestra app o sitio web.<\/p>\n<p>Termohigr\u00f3metro Ubibot WS1 \u2013 Wifi 2.4 GHz Edici\u00f3n Particular WS1PROWifi.<\/p>\n<h3>Especificaciones<\/h3>\n<ul>\n<li>Sonda externa: 2 Micro USB, admite sonda de temperatura DS18B20 (extra opcional).<\/li>\n<li>Ancho del canal WiFi: Admite 20 MHz o configuraci\u00f3n \u201cAuto\u201d.<\/li>\n<li>Duraci\u00f3n de la bater\u00eda: 8-12 meses (solo WiFi); 1-2 meses (WiFi y SIM) \u2461<\/li>\n<li>Altura: 3,38\u201d (86 mm).<\/li>\n<li>Precisi\u00f3n: Temperatura: \u00b10,3 \u2103, Humedad: \u00b13 % HR, Luz ambiental: \u00b12 %.<\/li>\n<li>Fuente de alimentaci\u00f3n: 4 pilas AA o Micro USB (5V\/2A).<\/li>\n<li>Memoria integrada: 300.000 registros de detecci\u00f3n.<\/li>\n<li>Red: Soporta WiFi, GPRS\/3G\/4G.<\/li>\n<li>Pantalla: LCD de 4,4\u201d.<\/li>\n<li>Peso: 143g \u00b1 3g (sin pilas).<\/li>\n<li>Seguridad Wi-Fi: Admite los tipos OPEN, WEP o WPA\/WPA2, la red WPA2-Enterprise (autenticaci\u00f3n 802.1x\/RADIUS) no es compatible.<\/li>\n<li>Ancho: 0,88\u201d (22,5 mm).<\/li>\n<li>Red m\u00f3vil*: LTE-FDD: B1 \/ B3 \/ B5 \/ B8; LTE-TDD:B34\/B38\/B39\/B40\/B41; WCDMA: B1\/B5\/B8; G\/M: 900 \/ 1800 MHz.<\/li>\n<li>WiFi: Requiere 2,4 GHz (802.11 b\/g\/n), canales de red 1-13 (NO se admite WiFi de 5 GHz).<\/li>\n<li>Rango de detecci\u00f3n: Temperatura -4 \u2109 a 140 \u2109 (-20 \u2103 a 60 \u2103), Humedad 10 % a 90 % .<\/li>\n<li>Longitud: 4,96\u201d (126 mm).<\/li>\n<li>Compatibilidad: iOS 11+, Android 8.1+ o Windows 7+ o macOS v10.8+.<\/li>\n<\/ul>\n<p>Configuraci\u00f3n del dispositivo: el intervalo m\u00ednimo de sincronizaci\u00f3n del dispositivo (carga) es de 1 minuto y el intervalo m\u00ednimo de detecci\u00f3n es de 1 minuto (temperatura, humedad, luz, sonda externa y voltaje de la bater\u00eda).<\/p>\n<p>G\u00e9neros de alarma : Acepta se\u00f1ales push de apps , e-e correo electr\u00f3nico , sms SMS , se\u00f1ales de llamadas telef\u00f3nicas y alertas perceptibles. Las se\u00f1ales se tienen la posibilidad de cambiar en lecturas de sensores fundamentadas en n\u00fameros y estado de la red (p. ej., cuando se pierde la conexi\u00f3n o las bater\u00edas est\u00e1n bajas). Todas las se\u00f1ales se env\u00edan desde UbiBot Cloud.<\/p>\n","protected":false},"excerpt":{"rendered":"<p>Casos de empleo Con su examen inal\u00e1mbrico, pantalla LCD clara, sensores de grado industrial y ingreso on-line a datos, el WS1 Pro se ha utilizado para ofrecer tranquilidad en numerosos \u00e1mbitos , incluido el hogar inteligente , la administraci\u00f3n de agricultura y el examen de inventario.<\/p>\n","protected":false},"featured_media":6385,"template":"","meta":[],"product_cat":[16],"product_tag":[],"class_list":["post-6381","product","type-product","status-publish","has-post-thumbnail","hentry","product_cat-uncategorized"],"_links":{"self":[{"href":"https:\/\/calibracion.com.mx\/tienda\/wp-json\/wp\/v2\/product\/6381","targetHints":{"allow":["GET"]}}],"collection":[{"href":"https:\/\/calibracion.com.mx\/tienda\/wp-json\/wp\/v2\/product"}],"about":[{"href":"https:\/\/calibracion.com.mx\/tienda\/wp-json\/wp\/v2\/types\/product"}],"wp:featuredmedia":[{"embeddable":true,"href":"https:\/\/calibracion.com.mx\/tienda\/wp-json\/wp\/v2\/media\/6385"}],"wp:attachment":[{"href":"https:\/\/calibracion.com.mx\/tienda\/wp-json\/wp\/v2\/media?parent=6381"}],"wp:term":[{"taxonomy":"product_cat","embeddable":true,"href":"https:\/\/calibracion.com.mx\/tienda\/wp-json\/wp\/v2\/product_cat?post=6381"},{"taxonomy":"product_tag","embeddable":true,"href":"https:\/\/calibracion.com.mx\/tienda\/wp-json\/wp\/v2\/product_tag?post=6381"}],"curies":[{"name":"wp","href":"https:\/\/api.w.org\/{rel}","templated":true}]}}