{"id":6491,"date":"2024-01-05T15:07:07","date_gmt":"2024-01-05T15:07:07","guid":{"rendered":"https:\/\/calibracion.com.mx\/tienda\/?post_type=product&#038;p=6491"},"modified":"2024-01-05T15:07:08","modified_gmt":"2024-01-05T15:07:08","slug":"termometro-bimetalico-070-a","status":"publish","type":"product","link":"https:\/\/calibracion.com.mx\/tienda\/termometro-bimetalico-070-a\/","title":{"rendered":"Term\u00f3metro Bimet\u00e1lico \u2013 070-A"},"content":{"rendered":"<h5><strong>Caracter\u00edsticas :<\/strong><\/h5>\n<p>Hechos de acero inoxidable, Distintas tama\u00f1os de car\u00e1tula 3\u201d, 4\u201d y 5\u201d, Sellos herm\u00e9ticos, Conexiones de rosca tipo NPT, Rellenos de silic\u00f3n para amortiguar a lo largo de vibraciones, Medidas est\u00e1ndares y adaptadas , Cristales de acr\u00edlico, policarbonato o tibios, Revestimiento de tefl\u00f3n.<\/p>\n","protected":false},"excerpt":{"rendered":"<p>Los term\u00f3metros bimet\u00e1licos de la l\u00ednea PC-070 y PC-073 se fabrican en USA por uno de los desarrolladores de aparato mas fiables. Fueron dise\u00f1ados para trabajar conectados de forma permanente en tuber\u00edas e instalaciones permanentes (no son port\u00e1tiles).<\/p>\n<p>&nbsp;<\/p>\n","protected":false},"featured_media":6493,"template":"","meta":[],"product_cat":[16],"product_tag":[],"class_list":["post-6491","product","type-product","status-publish","has-post-thumbnail","hentry","product_cat-uncategorized"],"_links":{"self":[{"href":"https:\/\/calibracion.com.mx\/tienda\/wp-json\/wp\/v2\/product\/6491","targetHints":{"allow":["GET"]}}],"collection":[{"href":"https:\/\/calibracion.com.mx\/tienda\/wp-json\/wp\/v2\/product"}],"about":[{"href":"https:\/\/calibracion.com.mx\/tienda\/wp-json\/wp\/v2\/types\/product"}],"wp:featuredmedia":[{"embeddable":true,"href":"https:\/\/calibracion.com.mx\/tienda\/wp-json\/wp\/v2\/media\/6493"}],"wp:attachment":[{"href":"https:\/\/calibracion.com.mx\/tienda\/wp-json\/wp\/v2\/media?parent=6491"}],"wp:term":[{"taxonomy":"product_cat","embeddable":true,"href":"https:\/\/calibracion.com.mx\/tienda\/wp-json\/wp\/v2\/product_cat?post=6491"},{"taxonomy":"product_tag","embeddable":true,"href":"https:\/\/calibracion.com.mx\/tienda\/wp-json\/wp\/v2\/product_tag?post=6491"}],"curies":[{"name":"wp","href":"https:\/\/api.w.org\/{rel}","templated":true}]}}