{"id":65,"date":"2023-10-24T17:49:40","date_gmt":"2023-10-24T17:49:40","guid":{"rendered":"https:\/\/calibracion.com.mx\/tienda\/?post_type=product&#038;p=65"},"modified":"2023-10-25T16:53:30","modified_gmt":"2023-10-25T16:53:30","slug":"elitech-rc-5-datalogger-de-temperatura-auto-pdf","status":"publish","type":"product","link":"https:\/\/calibracion.com.mx\/tienda\/elitech-rc-5-datalogger-de-temperatura-auto-pdf\/","title":{"rendered":"Elitech RC-5+ datalogger de temperatura auto PDF"},"content":{"rendered":"<p>Descripci\u00f3n<br \/>\nNombre del producto: RC-5+ Datalogger de Temperatura Coche PDF<\/p>\n<p>Marca: Elitech<\/p>\n<p>Modelo: RC-5+<\/p>\n<p>Funcionalidades :<\/p>\n<p>Registro autom\u00e1tico de datos de temperatura con intervalos de tiempo programables<br \/>\nDescarga de datos por medio de un puerto USB<br \/>\nGeneraci\u00f3n autom\u00e1tica de informes en formato PDF<br \/>\nAlarma sonora y visual en caso de temperatura fuera de rango<br \/>\nPantalla LCD de lectura de temperatura en grados Celsius o Fahrenheit<br \/>\nFunci\u00f3n de memoria para sostener la configuraci\u00f3n previo despu\u00e9s de un corte de energ\u00eda<br \/>\nBater\u00eda reemplazable<br \/>\nInformaciones t\u00e9cnicas:<\/p>\n<p>Rango de medici\u00f3n de temperatura: -30\u00b0C a 70\u00b0C<br \/>\nPrecisi\u00f3n de la medici\u00f3n de temperatura: +\/- 0.5\u00b0C<br \/>\nResoluci\u00f3n de la medici\u00f3n de temperatura: 0.1\u00b0C<br \/>\nIntervalo de registro de datos programable: diez segundos a 24 h<br \/>\nAptitud de registro de datos: 32,000 lecturas<br \/>\nBater\u00eda: CR2032 reemplazable<br \/>\nConexi\u00f3n: Puerto USB<br \/>\nContenido del paquete :<\/p>\n<p>1 x RC-5+ Datalogger de Temperatura Coche PDF<br \/>\n1 x Bater\u00eda CR2032<br \/>\n1 x Cable USB<br \/>\n1 x Manual de usuario<br \/>\nApp : El RC-5+ Datalogger de Temperatura Coche PDF es un dispositivo de registro de datos de temperatura de alta precisi\u00f3n que se utiliza en una extensa variedad de aplicaciones. Es especialmente \u00fatil en el monitoreo y registro de la temperatura en guardes , laboratorios, transporte de alimentos y modelos farmac\u00e9uticos, refrigeraci\u00f3n y sistemas de calefacci\u00f3n, entre otros muchos.<\/p>\n<p>La capacidad de bajar y producir reportes en formato PDF posibilita el an\u00e1lisis de datos y la presentaci\u00f3n de informes , lo que lo realiza perfecto para su empleo en la investigaci\u00f3n cient\u00edfica y la calidad del control en la industria.<\/p>\n<p>La alarma sonora y visual en el caso de temperatura fuera de rango asimismo lo convierte en una herramienta valiosa en la prevenci\u00f3n de da\u00f1os a los art\u00edculos y equipos debido a la exposici\u00f3n a temperaturas extremas.<\/p>\n<p>Es en especial \u00fatil en el monitoreo y registro de la temperatura en almacenes , laboratorios, transporte de alimentos y modelos farmac\u00e9uticos, refrigeraci\u00f3n y sistemas de calefacci\u00f3n, entre otros.<\/p>\n<p>Para resumir , el RC-5+ Datalogger de Temperatura Auto PDF es una herramienta importante para el chequeo preciso y confiable de la temperatura en una gran variedad de apps.<\/p>\n","protected":false},"excerpt":{"rendered":"<p>CARACTER\u00cdSTICAS ELITECH RC-5+ DATALOGGER DE TEMPERATURA AUTO PDF<br \/>\nEl RC-5+ Datalogger de Temperatura Auto PDF es un dispositivo de registro de datos de temperatura de alta precisi\u00f3n que se usa en una gran pluralidad de aplicaciones.<\/p>\n","protected":false},"featured_media":66,"template":"","meta":[],"product_cat":[16],"product_tag":[],"class_list":["post-65","product","type-product","status-publish","has-post-thumbnail","hentry","product_cat-uncategorized"],"_links":{"self":[{"href":"https:\/\/calibracion.com.mx\/tienda\/wp-json\/wp\/v2\/product\/65","targetHints":{"allow":["GET"]}}],"collection":[{"href":"https:\/\/calibracion.com.mx\/tienda\/wp-json\/wp\/v2\/product"}],"about":[{"href":"https:\/\/calibracion.com.mx\/tienda\/wp-json\/wp\/v2\/types\/product"}],"wp:featuredmedia":[{"embeddable":true,"href":"https:\/\/calibracion.com.mx\/tienda\/wp-json\/wp\/v2\/media\/66"}],"wp:attachment":[{"href":"https:\/\/calibracion.com.mx\/tienda\/wp-json\/wp\/v2\/media?parent=65"}],"wp:term":[{"taxonomy":"product_cat","embeddable":true,"href":"https:\/\/calibracion.com.mx\/tienda\/wp-json\/wp\/v2\/product_cat?post=65"},{"taxonomy":"product_tag","embeddable":true,"href":"https:\/\/calibracion.com.mx\/tienda\/wp-json\/wp\/v2\/product_tag?post=65"}],"curies":[{"name":"wp","href":"https:\/\/api.w.org\/{rel}","templated":true}]}}