{"id":6675,"date":"2024-01-03T17:02:36","date_gmt":"2024-01-03T17:02:36","guid":{"rendered":"https:\/\/calibracion.com.mx\/tienda\/?post_type=product&#038;p=6675"},"modified":"2024-01-03T17:02:37","modified_gmt":"2024-01-03T17:02:37","slug":"termometro-de-alarma-min-max-certificado-por-flashcheck-modelo-12238","status":"publish","type":"product","link":"https:\/\/calibracion.com.mx\/tienda\/termometro-de-alarma-min-max-certificado-por-flashcheck-modelo-12238\/","title":{"rendered":"Term\u00f3metro de alarma min-max certificado por flashcheck Modelo 12238"},"content":{"rendered":"<h5><strong>Modelo 12238:<\/strong><\/h5>\n<ul>\n<li>Mantiene la configuraci\u00f3n a lo largo del cambio de la pila.<\/li>\n<li>Fuerte fijaci\u00f3n magn\u00e9tica y soporte plegable.<\/li>\n<li>Escala intercambiable de \u00b0F\/\u00b0C.<\/li>\n<li>Pantalla LCD Jumbo.<\/li>\n<li>Alarmas de delay configurables con sonido de timbre.<\/li>\n<li>Perfecto para controlar las vacunas y los fluidos recurrentes almacenados en los refrigeradores, congeladores y vitrinas de conservaci\u00f3n en fr\u00edo.<\/li>\n<li>M\u00e1s de 1 a\u00f1o de supervisi\u00f3n continua.<\/li>\n<li>La memoria m\u00ednima\/m\u00e1xima almacena las lecturas m\u00e1s bajas\/m\u00e1s altas.<\/li>\n<\/ul>\n<h5><strong>Aplicaciones<\/strong> :<\/h5>\n<p>Hospitales , laboratorios, farmacias, supermercados , art\u00edculos l\u00e1cteos, vitrinas frigor\u00edficas, frigor\u00edficos y congeladores.<br \/>\nEl modelo 12238 tiene un sensor de temperatura amortiguado encerrado en una botella de soluci\u00f3n de propilenglicol, que asegura mediciones exactas que no se aprecian afectadas por las r\u00e1pidas fluctuaciones de temperatura causadas por las frecuentes aperturas de las puertas de los refrigeradores o congeladores. La soluci\u00f3n de propilenglicol es GRAS (Generally Recognized As Safe \/ normalmente conocida como segura) y tambi\u00e9n imita las lecturas de temperatura en un medio af\u00edn a los fluidos recurrentes almacenados en los refrigeradores, congeladores y vitrinas fr\u00edas de alimentos y laboratorios.<\/p>\n<p>El term\u00f3metro de alarma certificado 12238 viene con una memoria Min\/Max, un display LCD grande y f\u00e1cil de leer, y cambios de alarma altos\/bajos. El term\u00f3metro monitorea la temperatura dentro de los congeladores, refrigeradores o vitrinas de almacenaje en fr\u00edo. El sensor tiene un cable de 3 metros y una sonda roma de acero inoxidable encerrada en una botella pl\u00e1stica sellada de propilenglicol. Este recinto evita las falsas alarmas pues las mediciones de la sonda no se ven perjudicadas por las veloces oscilaciones de temperatura causadas por las frecuentes aperturas de puertas que se generan a lo largo del uso habitual.<\/p>\n<p>Este term\u00f3metro digital imita las lecturas de temperatura en un medio similar a los fluidos comunes almacenados en los refrigeradores y congeladores de las farmacias y laboratorios.<\/p>\n<div class=\"prod-intro\">\n<h4 class=\"rl_tabs-title nn_tabs-title\"><strong>Modelos:<\/strong><\/h4>\n<table style=\"height: 123px;\" width=\"530\">\n<thead>\n<tr>\n<th scope=\"col\">Modelo<\/th>\n<th scope=\"col\"><\/th>\n<\/tr>\n<\/thead>\n<tbody>\n<tr>\n<td>12238<\/td>\n<td>Incluye el certificado de cumplimiento del fabricante<\/td>\n<\/tr>\n<tr>\n<td>12238-02<\/td>\n<td>Incluye certificado de calibraci\u00f3n ISO 2 de 17025 a\u00f1os<\/td>\n<\/tr>\n<\/tbody>\n<\/table>\n<h5 class=\"rl_tabs-title nn_tabs-title\"><strong>Especificaciones:<\/strong><\/h5>\n<table style=\"height: 606px;\" width=\"948\">\n<caption>Modelo 12238 FlashCheck\u00a0Term\u00f3metro Certificado de alarma Min-Max<\/caption>\n<thead>\n<tr>\n<th scope=\"col\">Caracter\u00edsticas<\/th>\n<th scope=\"col\">Especificaci\u00f3n<\/th>\n<\/tr>\n<\/thead>\n<tfoot>\n<tr>\n<td colspan=\"2\"><\/td>\n<\/tr>\n<\/tfoot>\n<tbody>\n<tr>\n<td>Rango de medici\u00f3n del sensor externo<\/td>\n<td>-58\u00b0F a 158\u00b0F (-50\u00b0C a 70\u00b0C)<\/td>\n<\/tr>\n<tr>\n<td>Sensor de temperatura interna y rango de operaci\u00f3n<\/td>\n<td>14\u00b0F a122\u00b0F (-10\u00b0C a 50\u00b0C)<\/td>\n<\/tr>\n<tr>\n<td>Precisi\u00f3n<\/td>\n<td>\u00b11.0\u00b0F (-22\u00b0F a 131\u00b0F) \u00b10.5\u00b0C (-30\u00b0C a 55\u00b0C);\u00a0de lo contrario \u00b11.8\u00b0F (\u00b11.0\u00b0C)<\/td>\n<\/tr>\n<tr>\n<td>Resoluci\u00f3n de la pantalla<\/td>\n<td>0.1\u00b0F\/\u00b0C<\/td>\n<\/tr>\n<tr>\n<td>Actualizaci\u00f3n de la lectura de la pantalla<\/td>\n<td>17 segundos<\/td>\n<\/tr>\n<tr>\n<td>Tama\u00f1o de la pantalla<\/td>\n<td>1.92 pulgadas de ancho x 2.08 pulgadas de largo (49 mm de ancho x 53 mm de largo)<\/td>\n<\/tr>\n<tr>\n<td>Tama\u00f1o del dispositivo<\/td>\n<td>2.99 pulgadas de ancho x 3.74 pulgadas de largo x 0.74 pulgadas de profundidad (76 mm de ancho x 95 mm de largo x 19 mm de profundidad)<\/td>\n<\/tr>\n<tr>\n<td>Material de carcasa del dispositivo<\/td>\n<td>El pol\u00edmero ABS, resistente a los qu\u00edmicos y de alto impacto<\/td>\n<\/tr>\n<tr>\n<td>Sensor<\/td>\n<td>Termostato<\/td>\n<\/tr>\n<tr>\n<td>Tipo y tama\u00f1o de la sonda externa<\/td>\n<td>Acero inoxidable, 0.7 pulgadas de largo x 0.2 pulgadas de di\u00e1metro (17.8 mm de largo x 5 mm de di\u00e1metro)<\/td>\n<\/tr>\n<tr>\n<td>Botella con sensor externo<\/td>\n<td>Botella est\u00e9ril PETEG de 5 ml -21 CFR compatible; Poliestireno con tapa de PE, 1.6 pulgadas de largo x 0.79 pulgadas de di\u00e1metro (41 mm de largo x 20 mm de di\u00e1metro)<\/td>\n<\/tr>\n<tr>\n<td>Tamp\u00f3n de sensor externo<\/td>\n<td>Propilenglicol (clasificado GRAS \u2013 Generally Recognized As Safe)<\/td>\n<\/tr>\n<tr>\n<td>Cable del sensor<\/td>\n<td>9.84 pies x 0.08 pulgadas de di\u00e1metro (3 metros x 2 mm de di\u00e1metro)<\/td>\n<\/tr>\n<tr>\n<td>Bater\u00eda<\/td>\n<td>Bater\u00eda AA, reemplazable por el usuario<\/td>\n<\/tr>\n<tr>\n<td>Certificaci\u00f3n\/Calibraci\u00f3n<\/td>\n<td>Certificado de calibraci\u00f3n ISO 2 de 17025 a\u00f1os (A2LA), Certificado de calibraci\u00f3n NIST de 1 a\u00f1o y Certificado de cumplimiento del fabricante disponibles; Marcado CE, trazable NIST, RoHS, RAEE<\/td>\n<\/tr>\n<tr>\n<td>Peso<\/td>\n<td>5.4oz (unidad, botella de glicol y sensor)<\/td>\n<\/tr>\n<\/tbody>\n<\/table>\n<\/div>\n<div><\/div>\n","protected":false},"excerpt":{"rendered":"<h3><strong>Caracter\u00edsticas:<\/strong><\/h3>\n<ul>\n<li>El conector jack est\u00e9reo chapado en oro disminuye las lecturas erradas.<\/li>\n<li>Ajuste de la alarma alta\/baja.<\/li>\n<li>La sonda con tamp\u00f3n de glicol parece los productos e impide las falsas alarmas a lo largo del uso habitual.<\/li>\n<\/ul>\n","protected":false},"featured_media":6679,"template":"","meta":[],"product_cat":[16],"product_tag":[],"class_list":["post-6675","product","type-product","status-publish","has-post-thumbnail","hentry","product_cat-uncategorized"],"_links":{"self":[{"href":"https:\/\/calibracion.com.mx\/tienda\/wp-json\/wp\/v2\/product\/6675","targetHints":{"allow":["GET"]}}],"collection":[{"href":"https:\/\/calibracion.com.mx\/tienda\/wp-json\/wp\/v2\/product"}],"about":[{"href":"https:\/\/calibracion.com.mx\/tienda\/wp-json\/wp\/v2\/types\/product"}],"wp:featuredmedia":[{"embeddable":true,"href":"https:\/\/calibracion.com.mx\/tienda\/wp-json\/wp\/v2\/media\/6679"}],"wp:attachment":[{"href":"https:\/\/calibracion.com.mx\/tienda\/wp-json\/wp\/v2\/media?parent=6675"}],"wp:term":[{"taxonomy":"product_cat","embeddable":true,"href":"https:\/\/calibracion.com.mx\/tienda\/wp-json\/wp\/v2\/product_cat?post=6675"},{"taxonomy":"product_tag","embeddable":true,"href":"https:\/\/calibracion.com.mx\/tienda\/wp-json\/wp\/v2\/product_tag?post=6675"}],"curies":[{"name":"wp","href":"https:\/\/api.w.org\/{rel}","templated":true}]}}