{"id":6691,"date":"2024-01-03T17:33:07","date_gmt":"2024-01-03T17:33:07","guid":{"rendered":"https:\/\/calibracion.com.mx\/tienda\/?post_type=product&#038;p=6691"},"modified":"2024-01-03T17:33:08","modified_gmt":"2024-01-03T17:33:08","slug":"termometro-de-superficie-de-parrilla-modelo-29010","status":"publish","type":"product","link":"https:\/\/calibracion.com.mx\/tienda\/termometro-de-superficie-de-parrilla-modelo-29010\/","title":{"rendered":"Term\u00f3metro de superficie de parrilla Modelo 29010"},"content":{"rendered":"<h5><strong>Aplicaciones :<\/strong><\/h5>\n<p>Establecimientos de Alimentos, Parrillas Llanas , Parrillas, Parrillas para Barbacoa, Mesas de Cocci\u00f3n en Ardiente , Calentadores de Estaciones.<br \/>\nEl term\u00f3metro de DeltaTrak \u00e1rea de parrilla (modelo 29010) es el dispositivo ideal para el control de la temperatura de las superficies de cocci\u00f3n, tales como parrillas lisas superiores, planchas y parrillas de barbacoa. Asimismo se puede utilizar en las tablas de retenci\u00f3n a lo ardiente y los calentadores de tallas de la estaci\u00f3n. El term\u00f3metro tiene una escala dual, con un marcador simple de leer. Este term\u00f3metro duradero est\u00e1 hecho de acero inoxidable y tiene un rango de medici\u00f3n de temperatura de cien \u00b0F a 500\u00b0F (38\u00b0C a 260\u00b0C).<\/p>\n<p>El term\u00f3metro de superficie de parrilla DeltaTrak es el dispositivo ideal para el control de la temperatura de las superficies de cocci\u00f3n, as\u00ed como parrillas planas superiores, planchas y parrillas de barbacoa. Tambi\u00e9n se puede emplear en las tablas de ardiente de retenci\u00f3n.<\/p>\n<table>\n<caption>Modelo 29010 Term\u00f3metro de superficie para parrilla<\/caption>\n<thead>\n<tr>\n<th scope=\"col\">Caracter\u00edstica<\/th>\n<th scope=\"col\">Especificaci\u00f3n<\/th>\n<\/tr>\n<\/thead>\n<tfoot>\n<tr>\n<td colspan=\"2\"><\/td>\n<\/tr>\n<\/tfoot>\n<tbody>\n<tr>\n<td>Intervalo de medici\u00f3n<\/td>\n<td>100\u00b0F a 500\u00b0F (38\u00b0C a 260\u00b0C)<\/td>\n<\/tr>\n<tr>\n<td>Presici\u00f3n<\/td>\n<td>\u00b110\u00b0F (\u00b15.5\u00b0C)<\/td>\n<\/tr>\n<tr>\n<td>Temperatura<\/td>\n<td>\u00b0F\/\u00b0C de doble rango<\/td>\n<\/tr>\n<tr>\n<td>Dimensiones<\/td>\n<td>56,7 mm (profundidad) x 20 mm (altura) (2,23\u2033 x 0,79\u2033)<\/td>\n<\/tr>\n<tr>\n<td>Material<\/td>\n<td>Acero inoxidable<\/td>\n<\/tr>\n<\/tbody>\n<\/table>\n","protected":false},"excerpt":{"rendered":"<p><strong>Caracter\u00edsticas:<\/strong><\/p>\n<p>Es durable, resistente acero inoxidable.<br \/>\nCar\u00e1tula f\u00e1cil de leer.<br \/>\nOrejas para levantar.<\/p>\n","protected":false},"featured_media":6693,"template":"","meta":[],"product_cat":[16],"product_tag":[],"class_list":["post-6691","product","type-product","status-publish","has-post-thumbnail","hentry","product_cat-uncategorized"],"_links":{"self":[{"href":"https:\/\/calibracion.com.mx\/tienda\/wp-json\/wp\/v2\/product\/6691","targetHints":{"allow":["GET"]}}],"collection":[{"href":"https:\/\/calibracion.com.mx\/tienda\/wp-json\/wp\/v2\/product"}],"about":[{"href":"https:\/\/calibracion.com.mx\/tienda\/wp-json\/wp\/v2\/types\/product"}],"wp:featuredmedia":[{"embeddable":true,"href":"https:\/\/calibracion.com.mx\/tienda\/wp-json\/wp\/v2\/media\/6693"}],"wp:attachment":[{"href":"https:\/\/calibracion.com.mx\/tienda\/wp-json\/wp\/v2\/media?parent=6691"}],"wp:term":[{"taxonomy":"product_cat","embeddable":true,"href":"https:\/\/calibracion.com.mx\/tienda\/wp-json\/wp\/v2\/product_cat?post=6691"},{"taxonomy":"product_tag","embeddable":true,"href":"https:\/\/calibracion.com.mx\/tienda\/wp-json\/wp\/v2\/product_tag?post=6691"}],"curies":[{"name":"wp","href":"https:\/\/api.w.org\/{rel}","templated":true}]}}