{"id":6704,"date":"2024-01-03T17:44:22","date_gmt":"2024-01-03T17:44:22","guid":{"rendered":"https:\/\/calibracion.com.mx\/tienda\/?post_type=product&#038;p=6704"},"modified":"2024-01-03T17:44:23","modified_gmt":"2024-01-03T17:44:23","slug":"termometro-de-horno-modelo-29005","status":"publish","type":"product","link":"https:\/\/calibracion.com.mx\/tienda\/termometro-de-horno-modelo-29005\/","title":{"rendered":"Term\u00f3metro de horno Modelo 29005"},"content":{"rendered":"<h5><strong>Aplicaciones :<\/strong><\/h5>\n<p>Establecimientos de alimentos, Hornos.<br \/>\nEl term\u00f3metro de horno (modelo 29005) est\u00e1 hecho de acero inoxidable y vidrio temperado. Cuelgue o ponga el term\u00f3metro de horno para visualizar la temperatura del horno en grados Fahrenheit o Celsius en una escala de f\u00e1cil lectura. Es resistente al calor hasta 600\u00b0F (315\u00b0C) grados.<\/p>\n<p>Aplicaciones : Muestra la temperatura del horno a una escala precisamente entendible. Fabricado en acero inoxidable, con 50 mm (2\u2033) y cuenta con movimiento dual bi-metal de la bobina con una lente de cristal. Se cuelga o se coloca parado.<\/p>\n<p>&nbsp;<\/p>\n<table style=\"height: 214px;\" width=\"723\">\n<caption>Term\u00f3metro de horno Modelo 29005<\/caption>\n<thead>\n<tr>\n<th scope=\"col\">Caracter\u00edstica<\/th>\n<th scope=\"col\">Especificaci\u00f3n<\/th>\n<\/tr>\n<\/thead>\n<tfoot>\n<tr>\n<td colspan=\"2\"><\/td>\n<\/tr>\n<\/tfoot>\n<tbody>\n<tr>\n<td>Rango de temperatura<\/td>\n<td>De 200 \u00b0C a 600 \u00b0C (de 93 \u00b0F a 316 \u00b0F)<\/td>\n<\/tr>\n<tr>\n<td>Precisi\u00f3n de temperatura<\/td>\n<td>\u00b125\u00b0F (\u00b112.5\u00b0C) a 25% y 75% de temperatura escala 93.3\u00b0C a 315.6\u00b0C<\/td>\n<\/tr>\n<tr>\n<td>Dimensiones<\/td>\n<td>2 pulgadas\/5 cm di\u00e1metro<\/td>\n<\/tr>\n<tr>\n<td>Material<\/td>\n<td>Acero inoxidable<\/td>\n<\/tr>\n<\/tbody>\n<\/table>\n","protected":false},"excerpt":{"rendered":"<p><strong>Peculiaridades:<\/strong><\/p>\n<p>Las lecturas en Fahrenheit o Celsius.<br \/>\nAcero inoxidable y vidrio temperado.<br \/>\nFuerte al calor hasta 600\u00b0F (315\u00b0C) grados.<\/p>\n","protected":false},"featured_media":6706,"template":"","meta":[],"product_cat":[16],"product_tag":[],"class_list":["post-6704","product","type-product","status-publish","has-post-thumbnail","hentry","product_cat-uncategorized"],"_links":{"self":[{"href":"https:\/\/calibracion.com.mx\/tienda\/wp-json\/wp\/v2\/product\/6704","targetHints":{"allow":["GET"]}}],"collection":[{"href":"https:\/\/calibracion.com.mx\/tienda\/wp-json\/wp\/v2\/product"}],"about":[{"href":"https:\/\/calibracion.com.mx\/tienda\/wp-json\/wp\/v2\/types\/product"}],"wp:featuredmedia":[{"embeddable":true,"href":"https:\/\/calibracion.com.mx\/tienda\/wp-json\/wp\/v2\/media\/6706"}],"wp:attachment":[{"href":"https:\/\/calibracion.com.mx\/tienda\/wp-json\/wp\/v2\/media?parent=6704"}],"wp:term":[{"taxonomy":"product_cat","embeddable":true,"href":"https:\/\/calibracion.com.mx\/tienda\/wp-json\/wp\/v2\/product_cat?post=6704"},{"taxonomy":"product_tag","embeddable":true,"href":"https:\/\/calibracion.com.mx\/tienda\/wp-json\/wp\/v2\/product_tag?post=6704"}],"curies":[{"name":"wp","href":"https:\/\/api.w.org\/{rel}","templated":true}]}}