{"id":6709,"date":"2024-01-03T17:48:50","date_gmt":"2024-01-03T17:48:50","guid":{"rendered":"https:\/\/calibracion.com.mx\/tienda\/?post_type=product&#038;p=6709"},"modified":"2024-01-03T17:48:50","modified_gmt":"2024-01-03T17:48:50","slug":"termometro-congelador-refrigerador-modelo-29004","status":"publish","type":"product","link":"https:\/\/calibracion.com.mx\/tienda\/termometro-congelador-refrigerador-modelo-29004\/","title":{"rendered":"Term\u00f3metro congelador-refrigerador Modelo 29004"},"content":{"rendered":"<p><b>Aplicaciones:<\/b>\u00a0Establecimientos de alimentos, Centros de Distribuci\u00f3n, Almacenaje en Fr\u00edo, Instalaciones de Procesamiento.<br \/>\n<b>Aplicaciones:<\/b>\u00a0N\u00fameros f\u00e1cil de leer de acero inoxidable. El dise\u00f1o bi-metal usa un elemento en espiral fijado en un extremo y est\u00e1 unido al puntero. En el momento en que la temperatura incrementa , el puntero se hace girar por el elemento espiral bimet\u00e1lico que se\u00f1ala la temperatura correcta. Se emplea para garantizar que su refrigerador y congelador est\u00e9n a la temperatura deseada para mantener los alimentos frescos.<\/p>\n<p>El term\u00f3metro de refrigerador y congelador (modelo 29004) mide de -20\u00b0F a 80\u00b0F (-29\u00b0C a 27\u00b0C). Est\u00e1 hecho de acero inoxidable y tiene n\u00fameros f\u00e1cil de leer. El dise\u00f1o bi-metal usa un elemento en espiral fijo en un extremo y est\u00e1 unido al puntero. Modelo 29004 es el term\u00f3metro mucho m\u00e1s fr\u00edo de medici\u00f3n de DeltaTrak a -20\u00b0F. Cuelgue o ponga el term\u00f3metro de refrigerador y de congelador para garantizar que su refrigerador y congelador est\u00e1n a la temperatura deseada para sostener los alimentos frescos.<\/p>\n<p>&nbsp;<\/p>\n<table style=\"height: 114px;\" width=\"652\">\n<caption>Modelo 29004 Term\u00f3metro para congelador-refrigerador<\/caption>\n<thead>\n<tr>\n<th scope=\"col\">Caracter\u00edstica<\/th>\n<th scope=\"col\">Especificaci\u00f3n<\/th>\n<\/tr>\n<\/thead>\n<tfoot>\n<tr>\n<td colspan=\"2\"><\/td>\n<\/tr>\n<\/tfoot>\n<tbody>\n<tr>\n<td>Rango de Temperatura<\/td>\n<td>-20\u00b0F a 80\u00b0F<br \/>\n-30\u00b0C a 30\u00b0C<\/td>\n<\/tr>\n<tr>\n<td>Precisi\u00f3n de Temperatura<\/td>\n<td>\u00b12\u00b0F (\u00b11\u00b0C)<\/td>\n<\/tr>\n<tr>\n<td>Dimensiones<\/td>\n<td>2 pulgadas\/5 cm diametro<\/td>\n<\/tr>\n<tr>\n<td>Material<\/td>\n<td>Acero Inoxidable<\/td>\n<\/tr>\n<\/tbody>\n<\/table>\n","protected":false},"excerpt":{"rendered":"<p><strong>Peculiaridades:\u00a0 \u00a0<\/strong><\/p>\n<p>Cuelgue o ponga de pie.<br \/>\nDurable, resistente acero inoxidable.<br \/>\nGrande, f\u00e1cil de leer.<\/p>\n","protected":false},"featured_media":6710,"template":"","meta":[],"product_cat":[16],"product_tag":[],"class_list":["post-6709","product","type-product","status-publish","has-post-thumbnail","hentry","product_cat-uncategorized"],"_links":{"self":[{"href":"https:\/\/calibracion.com.mx\/tienda\/wp-json\/wp\/v2\/product\/6709","targetHints":{"allow":["GET"]}}],"collection":[{"href":"https:\/\/calibracion.com.mx\/tienda\/wp-json\/wp\/v2\/product"}],"about":[{"href":"https:\/\/calibracion.com.mx\/tienda\/wp-json\/wp\/v2\/types\/product"}],"wp:featuredmedia":[{"embeddable":true,"href":"https:\/\/calibracion.com.mx\/tienda\/wp-json\/wp\/v2\/media\/6710"}],"wp:attachment":[{"href":"https:\/\/calibracion.com.mx\/tienda\/wp-json\/wp\/v2\/media?parent=6709"}],"wp:term":[{"taxonomy":"product_cat","embeddable":true,"href":"https:\/\/calibracion.com.mx\/tienda\/wp-json\/wp\/v2\/product_cat?post=6709"},{"taxonomy":"product_tag","embeddable":true,"href":"https:\/\/calibracion.com.mx\/tienda\/wp-json\/wp\/v2\/product_tag?post=6709"}],"curies":[{"name":"wp","href":"https:\/\/api.w.org\/{rel}","templated":true}]}}