{"id":6724,"date":"2024-01-03T19:28:30","date_gmt":"2024-01-03T19:28:30","guid":{"rendered":"https:\/\/calibracion.com.mx\/tienda\/?post_type=product&#038;p=6724"},"modified":"2024-01-03T19:40:31","modified_gmt":"2024-01-03T19:40:31","slug":"termometro-de-coccion-caliente-frio-modelo-26003","status":"publish","type":"product","link":"https:\/\/calibracion.com.mx\/tienda\/termometro-de-coccion-caliente-frio-modelo-26003\/","title":{"rendered":"Term\u00f3metro de cocci\u00f3n caliente &#8211; fr\u00edo Modelo 26003"},"content":{"rendered":"<h5><strong>Caracter\u00edsticas:<\/strong><\/h5>\n<ul>\n<li>Novedosa funci\u00f3n de \u201cAuto -Medici\u00f3n \u201d.\n<ul>\n<li>Utiliza la soluci\u00f3n de referencia del ba\u00f1o de hielo.<\/li>\n<\/ul>\n<\/li>\n<li>Cuenta el tiempo hacia atr\u00e1s o adelante para cocinar y enfriar.<\/li>\n<li>F\u00e1cil de adecentar , Teflon resistente al calor y cable de la sonda a prueba de agua.<\/li>\n<li>Totalmente automatizado tiempo\/temperatura monitorea el enfriamiento de los alimentos<\/li>\n<\/ul>\n<p>Cambios en 3 zonas programables de tiempo\/temperatura<\/p>\n<p>Confirma en menos de 6 horas el enfriamiento total de tiempo para la seguridad alimentaria y el<\/p>\n<p>cumplimiento con FDA C\u00f3digo 3-501.14 (A, B)<\/p>\n<p>Alarma ac\u00fastica, si la comida excede el tiempo en la regi\u00f3n de temperatura de riesgo<\/p>\n<h5><strong>Aplicaciones :<\/strong> Cocinar, Enfriamiento<\/h5>\n<p>Utilice el Term\u00f3metro de Cocina Calor\/Fr\u00edo, Modelo 26003, para poder ver la temperatura de cocci\u00f3n interna deseada sin tener que abrir la puerta del horno. Este term\u00f3metro suprime todas las conjeturas gracias a una alarma que emite un sonido cuando se ha alcanzado la temperatura pre-establecida. El term\u00f3metro asimismo va a hacer un seguimiento de la agilidad de enfriamiento de los alimentos para garantizar la temperatura adecuada de enfriamiento. Este term\u00f3metro viene con una extensi\u00f3n de cable de 2.5 pies de tefl\u00f3n y con una sonda de acero inoxidable fuerte de 6.5 pulgadas que mide hasta 392 \u00b0F.<\/p>\n<p>&nbsp;<\/p>\n<table style=\"height: 378px;\" width=\"737\">\n<caption>Modelo 26003 Term\u00f3metro Automatizado de Cocci\u00f3n y Enfriamiento<\/caption>\n<thead>\n<tr>\n<th scope=\"col\">Caracter\u00edstica<\/th>\n<th scope=\"col\">Especificaci\u00f3n<\/th>\n<\/tr>\n<\/thead>\n<tfoot>\n<tr>\n<td colspan=\"2\"><\/td>\n<\/tr>\n<\/tfoot>\n<tbody>\n<tr>\n<td>Intervalo de Medici\u00f3n<\/td>\n<td>De 32 \u00b0C a 338 \u00b0C (de 0 \u00b0F a 170 \u00b0F)<\/td>\n<\/tr>\n<tr>\n<td>Intervalo de Operaci\u00f3n<\/td>\n<td>-22\u00b0F a 22\u00b0F (-30\u00b0C a 50\u00b0C)<\/td>\n<\/tr>\n<tr>\n<td>Precisi\u00f3n<\/td>\n<td>0\u00b0F a 275\u00b0F \u00b1 1.8\u00b0F (0\u00b0C a 135\u00b0C \u00b11.0\u00b0C);<br \/>\nDe 275\u00b0F a 302\u00b0F \u00b1 de 2\u00b0C a 7\u00b0\u00b1C (135.150\u00b0F (1.5\u00b0C)<\/td>\n<\/tr>\n<tr>\n<td>Sonda<\/td>\n<td>6.5\u2033 (17cm) acero inoxidable, punta reducida. Desmontable<\/td>\n<\/tr>\n<tr>\n<td>Cable de Sonda<\/td>\n<td>30\u2033 (76cm) Teflon resistente al calor<\/td>\n<\/tr>\n<tr>\n<td>Tiempo<\/td>\n<td>Hasta 23 hr 59 min.en contar hacia arriba\/abajo<\/td>\n<\/tr>\n<tr>\n<td>Cuerpo<\/td>\n<td>Pl\u00e1stico ABS<\/td>\n<\/tr>\n<tr>\n<td>Peso de la Unidad<\/td>\n<td>3,8 onzas (107,7 g)<\/td>\n<\/tr>\n<tr>\n<td>Resoluci\u00f3n<\/td>\n<td>0.1 \u00b0 (F a C)<\/td>\n<\/tr>\n<tr>\n<td>Bater\u00eda<\/td>\n<td>Dos botones 1.5V , vida de la bateria<\/td>\n<\/tr>\n<tr>\n<td>Certificaci\u00f3n<\/td>\n<td>CE, calibrado de f\u00e1brica con los est\u00e1ndares NIST, compatible con RoHS<\/td>\n<\/tr>\n<\/tbody>\n<\/table>\n","protected":false},"excerpt":{"rendered":"<h3><strong>Caracter\u00edsticas<\/strong><\/h3>\n<ul>\n<li>Alarmas audibles para notificaci\u00f3n PASA \/ FALLO y la operaci\u00f3n sin atenci\u00f3n.<\/li>\n<li>Herramienta en cumplimiento con HACCP.<\/li>\n<li>Incluye soporte de montaje extra\u00edble.<\/li>\n<\/ul>\n","protected":false},"featured_media":6733,"template":"","meta":[],"product_cat":[16],"product_tag":[],"class_list":["post-6724","product","type-product","status-publish","has-post-thumbnail","hentry","product_cat-uncategorized"],"_links":{"self":[{"href":"https:\/\/calibracion.com.mx\/tienda\/wp-json\/wp\/v2\/product\/6724","targetHints":{"allow":["GET"]}}],"collection":[{"href":"https:\/\/calibracion.com.mx\/tienda\/wp-json\/wp\/v2\/product"}],"about":[{"href":"https:\/\/calibracion.com.mx\/tienda\/wp-json\/wp\/v2\/types\/product"}],"wp:featuredmedia":[{"embeddable":true,"href":"https:\/\/calibracion.com.mx\/tienda\/wp-json\/wp\/v2\/media\/6733"}],"wp:attachment":[{"href":"https:\/\/calibracion.com.mx\/tienda\/wp-json\/wp\/v2\/media?parent=6724"}],"wp:term":[{"taxonomy":"product_cat","embeddable":true,"href":"https:\/\/calibracion.com.mx\/tienda\/wp-json\/wp\/v2\/product_cat?post=6724"},{"taxonomy":"product_tag","embeddable":true,"href":"https:\/\/calibracion.com.mx\/tienda\/wp-json\/wp\/v2\/product_tag?post=6724"}],"curies":[{"name":"wp","href":"https:\/\/api.w.org\/{rel}","templated":true}]}}