{"id":6816,"date":"2024-01-04T19:11:37","date_gmt":"2024-01-04T19:11:37","guid":{"rendered":"https:\/\/calibracion.com.mx\/tienda\/?post_type=product&#038;p=6816"},"modified":"2024-01-04T19:12:42","modified_gmt":"2024-01-04T19:12:42","slug":"termometro-digital-de-alarma-flashcheck-min-max-modelo-12217","status":"publish","type":"product","link":"https:\/\/calibracion.com.mx\/tienda\/termometro-digital-de-alarma-flashcheck-min-max-modelo-12217\/","title":{"rendered":"Term\u00f3metro digital de alarma flashcheck min-max Modelo 12217"},"content":{"rendered":"<ul>\n<li>Memoria m\u00ednima \/ m\u00e1xima almacena lecturas m\u00e1s bajas \/ mucho m\u00e1s altas.<\/li>\n<\/ul>\n<h5><strong>Modelo 12217:<\/strong><\/h5>\n<ul>\n<li>Mucho m\u00e1s de 1 a\u00f1o de chequeo continuo.<\/li>\n<li>Fuerte fijaci\u00f3n imantada y soporte plegable.<\/li>\n<li>Conserva la configuraci\u00f3n a lo largo del cambio de bater\u00eda.<\/li>\n<li>Alarmas de delay configurables con zumbador audible y \/ o luz intermitente.<\/li>\n<li>Sensor de punta chata con cable resistente a la tensi\u00f3n de 10 pies (3 metros).<\/li>\n<li>Escala seleccionable de \u00b0 F \/ \u00b0 C.<\/li>\n<\/ul>\n<p>El 12217 es una herramienta de aseguramiento de calidad econ\u00f3mica y conveniente para el chequeo continuo de ambientes con temperatura controlada o para la verificaci\u00f3n de \u00e1reas concretas. El cable del sensor est\u00e9reo chapado en oro garantiza lecturas de temperatura exactas y confiables. La memoria m\u00ednima \/ m\u00e1xima guarda las lecturas m\u00e1s bajas y m\u00e1s altas para la restauraci\u00f3n instant\u00e1nea. Las alarmas se alertan con una alarma audible y \/ o visual. Tiene una sonda de acero inoxidable de respuesta r\u00e1pida con un cable duradero de diez pies (3 metros) que se separa de la unidad base para una f\u00e1cil instalaci\u00f3n.<\/p>\n<p>&nbsp;<\/p>\n<table>\n<caption>Modelo 12217 Term\u00f3metro digital de alarma m\u00ednima-m\u00e1xima<\/caption>\n<thead>\n<tr>\n<th scope=\"col\">Funci\u00f3n<\/th>\n<th scope=\"col\">Especificaci\u00f3n<\/th>\n<\/tr>\n<\/thead>\n<tfoot>\n<tr>\n<td colspan=\"2\">DeltaTrak fabrica productos bajo un sistema de gesti\u00f3n de calidad registrado ISO 9001: 2015<\/td>\n<\/tr>\n<\/tfoot>\n<tbody>\n<tr>\n<td>Rango de Medicion<\/td>\n<td>-58\u00b0F a 158\u00b0F (-50\u00b0C a 70\u00b0C)<\/td>\n<\/tr>\n<tr>\n<td>Rango de Operaci\u00f3n<\/td>\n<td>De 14\u00b0F a 122\u00b0F (-10\u00b0C a 50\u00b0C)<\/td>\n<\/tr>\n<tr>\n<td>Precisi\u00f3n<\/td>\n<td>\u00b1 1.0\u00b0F (-22\u00b0F a 131\u00b0F) \u00b1 0.5\u00b0C (-30\u00b0C a 55\u00b0C); de lo contrario \u00b1 1.8 \u00b0F (\u00b1 1.0 \u00b0C)<\/td>\n<\/tr>\n<tr>\n<td>Resoluci\u00f3n de Pantalla<\/td>\n<td>0.1\u00b0F\/\u00b0C<\/td>\n<\/tr>\n<tr>\n<td>Actualizaci\u00f3n de Lectura<\/td>\n<td>17 segundos<\/td>\n<\/tr>\n<tr>\n<td>Tama\u00f1o de Pantalla<\/td>\n<td>1.92 pulgadas de ancho x 2.08 pulgadas de largo (49 mm de ancho x 53 mm de largo)<\/td>\n<\/tr>\n<tr>\n<td>Tama\u00f1o del instrumento<\/td>\n<td>2.99 pulgadas de ancho x 3.74 pulgadas de largo x 0.74 pulgadas de profundidad (76 mm de ancho x 95 mm de largo x 19 mm de profundidad)<\/td>\n<\/tr>\n<tr>\n<td>Vivienda<\/td>\n<td>Pol\u00edmero ABS, resistente a productos qu\u00edmicos y de alto impacto.<\/td>\n<\/tr>\n<tr>\n<td>Sensor<\/td>\n<td>Termistor<\/td>\n<\/tr>\n<tr>\n<td>Tipo \/ Tama\u00f1o de Aguja Externa<\/td>\n<td>Acero inoxidable, 0.7in L x 0.2in Dia (17.8mm L x 5mm D\u00eda)<\/td>\n<\/tr>\n<tr>\n<td>Sensor de cable<\/td>\n<td>9.84 pies x 0.08 pulgadas de di\u00e1metro (3 metros x 2 mm de di\u00e1metro)<\/td>\n<\/tr>\n<tr>\n<td>Bater\u00eda<\/td>\n<td>Bater\u00eda AA, reemplazable por el usuario<\/td>\n<\/tr>\n<tr>\n<td>Certificaci\u00f3n \/ Calibraci\u00f3n<\/td>\n<td>Marca CE, NIST rastreable, RoHS, WEEE<\/td>\n<\/tr>\n<\/tbody>\n<\/table>\n","protected":false},"excerpt":{"rendered":"<ul>\n<li>Jumbo LCD.<\/li>\n<li>Configuraciones alta\/baja de alarma.<\/li>\n<li>Enormemente preciso hasta \u00b1 1 \u00b0 F (\u00b1 0.5 \u00b0 C).<\/li>\n<li>El conector chapado en oro est\u00e9reo disminuye las lecturas defectuosas.<\/li>\n<li>Rango de medici\u00f3n de -58 \u00b0 F a 158 \u00b0 F (-50 \u00b0 C a 70 \u00b0 C).<\/li>\n<\/ul>\n","protected":false},"featured_media":6817,"template":"","meta":[],"product_cat":[16],"product_tag":[],"class_list":["post-6816","product","type-product","status-publish","has-post-thumbnail","hentry","product_cat-uncategorized"],"_links":{"self":[{"href":"https:\/\/calibracion.com.mx\/tienda\/wp-json\/wp\/v2\/product\/6816","targetHints":{"allow":["GET"]}}],"collection":[{"href":"https:\/\/calibracion.com.mx\/tienda\/wp-json\/wp\/v2\/product"}],"about":[{"href":"https:\/\/calibracion.com.mx\/tienda\/wp-json\/wp\/v2\/types\/product"}],"wp:featuredmedia":[{"embeddable":true,"href":"https:\/\/calibracion.com.mx\/tienda\/wp-json\/wp\/v2\/media\/6817"}],"wp:attachment":[{"href":"https:\/\/calibracion.com.mx\/tienda\/wp-json\/wp\/v2\/media?parent=6816"}],"wp:term":[{"taxonomy":"product_cat","embeddable":true,"href":"https:\/\/calibracion.com.mx\/tienda\/wp-json\/wp\/v2\/product_cat?post=6816"},{"taxonomy":"product_tag","embeddable":true,"href":"https:\/\/calibracion.com.mx\/tienda\/wp-json\/wp\/v2\/product_tag?post=6816"}],"curies":[{"name":"wp","href":"https:\/\/api.w.org\/{rel}","templated":true}]}}