{"id":6833,"date":"2024-01-04T19:33:15","date_gmt":"2024-01-04T19:33:15","guid":{"rendered":"https:\/\/calibracion.com.mx\/tienda\/?post_type=product&#038;p=6833"},"modified":"2024-01-04T19:35:47","modified_gmt":"2024-01-04T19:35:47","slug":"flashcheck-jumbo-display-termometro-de-sonda-de-punta-reducida-modelo-11066","status":"publish","type":"product","link":"https:\/\/calibracion.com.mx\/tienda\/flashcheck-jumbo-display-termometro-de-sonda-de-punta-reducida-modelo-11066\/","title":{"rendered":"Flashcheck jumbo display term\u00f3metro de sonda de punta reducida Modelo 11066"},"content":{"rendered":"<h5><strong>Modelo 11066:<\/strong><\/h5>\n<ul>\n<li>Incluye una correa de velcro que afirma el term\u00f3metro a las tuber\u00edas refrigerantes.<\/li>\n<li>Incluye una funda de color amarillo de alta visibilidad.<\/li>\n<li>PATENTE N\u00ba 5.709.476; 5,801,968.<\/li>\n<li>Instrumento fuerte al agua y fuerte a la grasa (IP56).<\/li>\n<\/ul>\n<h5><strong>Aplicaciones :<\/strong><\/h5>\n<p>Establecimientos de Alimentos, Centros de Distribuci\u00f3n, Almacenamiento en Fr\u00edo, Instalaciones de Procesamiento.<br \/>\nEste Term\u00f3metro de Aguja Digital de Bolsillo, \u00fanico y de nueva generaci\u00f3n , est\u00e1 desarrollado para establecer el est\u00e1ndar de la industria para precisi\u00f3n, durabilidad y legibilidad. Se ha dise\u00f1ado y construido bajo los est\u00e1ndares mucho m\u00e1s rigurosos para satisfacer y sobrepasar las informaciones primordiales para usos comerciales y profesionales.<\/p>\n<table style=\"height: 463px;\" width=\"814\">\n<caption>11066 Pantalla Jumbo Term\u00f3metro de sonda de punta reducida<\/caption>\n<thead>\n<tr>\n<th scope=\"col\">Caracter\u00edstica<\/th>\n<th scope=\"col\">Especificaci\u00f3n<\/th>\n<\/tr>\n<\/thead>\n<tfoot>\n<tr>\n<td colspan=\"2\">DeltaTrak fabrica productos bajo un sistema de calidad registrado ISO 9001:2015<\/td>\n<\/tr>\n<\/tfoot>\n<tbody>\n<tr>\n<td>Intervalo de Medici\u00f3n<\/td>\n<td>-40\u00b0F a 311\u00b0F (-40\u00b0C a 155\u00b0C)<\/td>\n<\/tr>\n<tr>\n<td>Precisi\u00f3n<\/td>\n<td>\u00b11\u00b0F (14\u00b0F a 194\u00b0F), \u00b10.5\u00b0C (-10\u00b0C a 90\u00b0C) o el que sea mayor a \u00b11%<\/td>\n<\/tr>\n<tr>\n<td>Tiempo de Respuesta<\/td>\n<td>Menos de 6 segundos De 32 \u00b0C a 77 \u00b0C (de 0 \u00b0F a 25 \u00b0F)<\/td>\n<\/tr>\n<tr>\n<td>Resoluci\u00f3n<\/td>\n<td>0.1\u00b0F (0.1\u00b0C)<\/td>\n<\/tr>\n<tr>\n<td>Tama\u00f1o de la Pantalla\/Actualizaci\u00f3n<\/td>\n<td>1.5\u201d x 0.5\u201d (38mm x 12.7mm) \/ cada 2 segundos<\/td>\n<\/tr>\n<tr>\n<td>Longitud de la Aguja y Di\u00e1metro de la Punta<\/td>\n<td>Aguja de acero inoxidable, longitud de 3.9 +\/- 0.004 pulg. (99 +\/- 0.1mm); Punta de la aguja reducida en 0.1 pulg (2.6mm) dia.<\/td>\n<\/tr>\n<tr>\n<td>Cuerpo<\/td>\n<td>Pl\u00e1stico ABS<\/td>\n<\/tr>\n<tr>\n<td>Bater\u00eda (Tipo \/ Vida)<\/td>\n<td>Bot\u00f3n de 1.5V<\/td>\n<\/tr>\n<tr>\n<td>Calibraci\u00f3n de Fabrica<\/td>\n<td>Certificado de calibraci\u00f3n de trazabilidad NIST<\/td>\n<\/tr>\n<tr>\n<td>Certificado de Cumplimiento<\/td>\n<td>Certificado del fabricante sobre el cumplimiento a disposici\u00f3n de DeltaTrak, Trazable a NIST y CE Mark.<\/td>\n<\/tr>\n<tr>\n<td>Grado Impermeable<\/td>\n<td>IP56<\/td>\n<\/tr>\n<\/tbody>\n<\/table>\n","protected":false},"excerpt":{"rendered":"<p>&nbsp;<\/p>\n<ul>\n<li>La aguja de punta reducida da menos de seis (6) segundos en tiempo de respuesta.<\/li>\n<li>Incluye una cubierta de la aguja con un im\u00e1n desarrollado para adjuntar el term\u00f3metro a la ventilaci\u00f3n.<\/li>\n<li>Con una construcci\u00f3n uniforme sellada y cumplimiento RoHS.<\/li>\n<li>Tiene una nueva funci\u00f3n de \u201cCoche -Calibraci\u00f3n \u201d.<\/li>\n<\/ul>\n","protected":false},"featured_media":6834,"template":"","meta":[],"product_cat":[16],"product_tag":[],"class_list":["post-6833","product","type-product","status-publish","has-post-thumbnail","hentry","product_cat-uncategorized"],"_links":{"self":[{"href":"https:\/\/calibracion.com.mx\/tienda\/wp-json\/wp\/v2\/product\/6833","targetHints":{"allow":["GET"]}}],"collection":[{"href":"https:\/\/calibracion.com.mx\/tienda\/wp-json\/wp\/v2\/product"}],"about":[{"href":"https:\/\/calibracion.com.mx\/tienda\/wp-json\/wp\/v2\/types\/product"}],"wp:featuredmedia":[{"embeddable":true,"href":"https:\/\/calibracion.com.mx\/tienda\/wp-json\/wp\/v2\/media\/6834"}],"wp:attachment":[{"href":"https:\/\/calibracion.com.mx\/tienda\/wp-json\/wp\/v2\/media?parent=6833"}],"wp:term":[{"taxonomy":"product_cat","embeddable":true,"href":"https:\/\/calibracion.com.mx\/tienda\/wp-json\/wp\/v2\/product_cat?post=6833"},{"taxonomy":"product_tag","embeddable":true,"href":"https:\/\/calibracion.com.mx\/tienda\/wp-json\/wp\/v2\/product_tag?post=6833"}],"curies":[{"name":"wp","href":"https:\/\/api.w.org\/{rel}","templated":true}]}}