{"id":6902,"date":"2024-01-05T14:50:20","date_gmt":"2024-01-05T14:50:20","guid":{"rendered":"https:\/\/calibracion.com.mx\/tienda\/?post_type=product&#038;p=6902"},"modified":"2024-01-05T14:50:21","modified_gmt":"2024-01-05T14:50:21","slug":"termohigrometro-tipo-bolsillo-modelo-13308","status":"publish","type":"product","link":"https:\/\/calibracion.com.mx\/tienda\/termohigrometro-tipo-bolsillo-modelo-13308\/","title":{"rendered":"Termohigr\u00f3metro tipo bolsillo Modelo 13308"},"content":{"rendered":"<p><strong>Aplicaciones : <\/strong><\/p>\n<p>Distribuci\u00f3n de Alimentos, \u00c1reas de Almacenamiento , Hospitales , Farmacias, Bancos de Sangre, Invernaderos, Granjas de Engorda, Criaderos , Salas Limpias, Refrigeradores<br \/>\nApps : Se emplea para monitorear las propiedades del ambiente a lo largo de la distribuci\u00f3n de alimentos y en las \u00e1reas de almacenaje , c\u00e1maras de maduraci\u00f3n, invernaderos y m\u00e1s.<\/p>\n<p>El Termo-Higr\u00f3metro de Bolsillo, modelo 13308, es un instrumento compacto que cuenta con un clip de bolsillo en la parte posterior. Con la funda de alta visibilidad, este instrumento nunca se perder\u00e1 en laboratorio o en el campo.<\/p>\n<p>&nbsp;<\/p>\n<table>\n<caption>Modelo 13308 Pocket-Type Thermo-Hygrometer Thermometer (Term\u00f3metro termohigr\u00f3metro de bolsillo)<\/caption>\n<thead>\n<tr>\n<th scope=\"col\">Caracter\u00edstica<\/th>\n<th colspan=\"2\" scope=\"col\">Especificaci\u00f3n<\/th>\n<\/tr>\n<\/thead>\n<tfoot>\n<tr>\n<td colspan=\"3\"><\/td>\n<\/tr>\n<\/tfoot>\n<tbody>\n<tr>\n<td><\/td>\n<td>Humedad<\/td>\n<td>Temperatura<\/td>\n<\/tr>\n<tr>\n<td rowspan=\"3\">Rango de Medida<\/td>\n<td>Rango de 20-95% HR en 15-50 \u00b0C \/ 59-122 \u00b0F<\/td>\n<td rowspan=\"3\">0-50\u00b0C \/ 32-122\u00b0F<\/td>\n<\/tr>\n<tr>\n<td class=\"spec\">Rango 25-95% HR en\u00a0\u00a05-50 \u00b0C \/ 41-122 \u00a0\u00b0F<\/td>\n<\/tr>\n<tr>\n<td class=\"spec\">Rango 30-95% HR en 0-50\u00b0C\u00a0\/ 32-122\u00b0F<\/td>\n<\/tr>\n<tr>\n<td>Presici\u00f3n<\/td>\n<td>3% HR (Solo en rango 30-90%)<\/td>\n<td>\u00b10.5\u00b0C \/ \u00b10.9\u00b0F<\/td>\n<\/tr>\n<tr>\n<td>Resoluci\u00f3n<\/td>\n<td>1%<\/td>\n<td>\u00a0\u00b0C \/ 0.1\u00b0F<\/td>\n<\/tr>\n<tr>\n<td>Actualizaci\u00f3n de Lectura<\/td>\n<td colspan=\"2\">10 segundos<\/td>\n<\/tr>\n<tr>\n<td>Bater\u00eda<\/td>\n<td colspan=\"2\">C\u00e9lula de moneda CR2032 o equivalente, X 1 pieza<\/td>\n<\/tr>\n<tr>\n<td>Vida de la Bater\u00eda<\/td>\n<td colspan=\"2\">cerca de 15,000 horas<\/td>\n<\/tr>\n<tr>\n<td>Tama\u00f1o de la Pantalla<\/td>\n<td colspan=\"2\">47 mm (ancho) x 12 mm (alto) \/ 1.85 pulgadas (ancho) x 0.47 pulgadas (alto)<\/td>\n<\/tr>\n<tr>\n<td>Tama\u00f1o del Producto<\/td>\n<td colspan=\"2\">130 mm (ancho) x 23 mm (alto) 20 mm (profundidad) \/ 5.12 pulg. (ancho) x 0.91 pulg. (alto) x 0.79 pulg. (profundidad)<\/td>\n<\/tr>\n<tr>\n<td>Peso del Producto<\/td>\n<td colspan=\"2\">27.2g \/ 0.96oz\u00a0 (sin bater\u00eda)<\/td>\n<\/tr>\n<tr>\n<td>Certificaci\u00f3n<\/td>\n<td colspan=\"2\">Marca CE<\/td>\n<\/tr>\n<\/tbody>\n<\/table>\n","protected":false},"excerpt":{"rendered":"<h3><strong>Caracter\u00edsticas:<\/strong><\/h3>\n<p>Cuenta con un display dual para la humedad y temperatura.<br \/>\nCuenta con una memoria m\u00e1xima y m\u00ednima de la lectura.<br \/>\nCon escala seleccionable en \u00b0C \/ \u00b0F.<br \/>\nCon una actualizaci\u00f3n r\u00e1pida de lectura.<br \/>\nInstrumento de pantalla grande y clara.<br \/>\nDise\u00f1o en forma de pluma con un clip de bolsillo conectado a la parte posterior.<\/p>\n","protected":false},"featured_media":6903,"template":"","meta":[],"product_cat":[16],"product_tag":[],"class_list":["post-6902","product","type-product","status-publish","has-post-thumbnail","hentry","product_cat-uncategorized"],"_links":{"self":[{"href":"https:\/\/calibracion.com.mx\/tienda\/wp-json\/wp\/v2\/product\/6902","targetHints":{"allow":["GET"]}}],"collection":[{"href":"https:\/\/calibracion.com.mx\/tienda\/wp-json\/wp\/v2\/product"}],"about":[{"href":"https:\/\/calibracion.com.mx\/tienda\/wp-json\/wp\/v2\/types\/product"}],"wp:featuredmedia":[{"embeddable":true,"href":"https:\/\/calibracion.com.mx\/tienda\/wp-json\/wp\/v2\/media\/6903"}],"wp:attachment":[{"href":"https:\/\/calibracion.com.mx\/tienda\/wp-json\/wp\/v2\/media?parent=6902"}],"wp:term":[{"taxonomy":"product_cat","embeddable":true,"href":"https:\/\/calibracion.com.mx\/tienda\/wp-json\/wp\/v2\/product_cat?post=6902"},{"taxonomy":"product_tag","embeddable":true,"href":"https:\/\/calibracion.com.mx\/tienda\/wp-json\/wp\/v2\/product_tag?post=6902"}],"curies":[{"name":"wp","href":"https:\/\/api.w.org\/{rel}","templated":true}]}}