{"id":6905,"date":"2024-01-05T15:00:54","date_gmt":"2024-01-05T15:00:54","guid":{"rendered":"https:\/\/calibracion.com.mx\/tienda\/?post_type=product&#038;p=6905"},"modified":"2024-01-05T15:00:55","modified_gmt":"2024-01-05T15:00:55","slug":"termometro-de-sonda-de-aguja-flashcheck-modelo-11089-01","status":"publish","type":"product","link":"https:\/\/calibracion.com.mx\/tienda\/termometro-de-sonda-de-aguja-flashcheck-modelo-11089-01\/","title":{"rendered":"Term\u00f3metro de sonda de aguja flashcheck modelo 11089-01"},"content":{"rendered":"<ul>\n<li>Clip de bolsillo para la portabilidad.<\/li>\n<\/ul>\n<h5><b>Aplicaciones:<\/b><\/h5>\n<p>Establecimientos de Alimentos, Centros de Distribuci\u00f3n, Almacenaje en Fr\u00edo, Instalaciones de Procesamiento.<\/p>\n<p>El term\u00f3metro de aguja FlashCheck de DeltaTrak tiene una escala ajustable en \u00b0C\/\u00b0F con s\u00f3lo apretar un bot\u00f3n. La unidad viene con una sonda de punta de aguja que da un tiempo de respuesta incre\u00edblemente veloz , todo en una forma ultra port\u00e1til.El Term\u00f3metro de punta de aguja FlashCheck tiene como caracter\u00edstica una punta achicada que es ideal para medir la temperatura de alimentos de \u201cmasa fina\u201d as\u00ed como hamburguesas de carne, pollo y filetes de pescado seg\u00fan el C\u00f3digo Alimentario de la FDA 4-30212(B). El term\u00f3metro est\u00e1 desarrollado y construido bajo normas rigurosos para cumplir y superar las especificaciones requeridas para usos comerciales y expertos.<\/p>\n<p>&nbsp;<\/p>\n<table>\n<caption>11089-01 Term\u00f3metro de punta de aguja<\/caption>\n<thead>\n<tr>\n<th scope=\"col\">Caracter\u00edstica<\/th>\n<th scope=\"col\">Especificaci\u00f3n<\/th>\n<\/tr>\n<\/thead>\n<tfoot>\n<tr>\n<td colspan=\"2\"><\/td>\n<\/tr>\n<\/tfoot>\n<tbody>\n<tr>\n<td>Rango de Medici\u00f3n<\/td>\n<td>-40\u00b0F a 311\u00b0F (-40\u00b0C a 155\u00b0C)<\/td>\n<\/tr>\n<tr>\n<td>Precisi\u00f3n<\/td>\n<td>\u00b10.9\u00b0F de -40\u00b0F a +14\u00b0F (\u00b10.5\u00b0C de -40\u00b0C a -10\u00b0C) \u00b10.5\u00b0F de +14\u00b0F a +68\u00b0F (\u00b10.3\u00b0C de -10\u00b0C a +20\u00b0C) \u00b10.9\u00b0F de +69\u00b0F a +122\u00b0F (\u00b10.5\u00b0C de +21\u00b0C a +50\u00b0C) \u00b11.8\u00b0F de +123\u00b0F a +311\u00b0F&nbsp;<\/p>\n<p>(\u00b11.0\u00b0C de +51\u00b0C a +155\u00b0C)<\/td>\n<\/tr>\n<tr>\n<td>Resoluci\u00f3n<\/td>\n<td>0.1\u00b0F (0.1\u00b0C)<\/td>\n<\/tr>\n<tr>\n<td>Actualizaci\u00f3n de la Lectura de la Pantalla<\/td>\n<td>Cada 2 segundos<\/td>\n<\/tr>\n<tr>\n<td>Tama\u00f1o de la Pantalla<\/td>\n<td>1.5 pulgadas de ancho x 0.5\u00a0pulgadas de Alto (38mm Ancho x 12.7mm Alto)<\/td>\n<\/tr>\n<tr>\n<td>Sonda\/Aguja<\/td>\n<td>Sonda de punta de aguja de acero inoxidable, di\u00e1metro 0.1 pulgadas (2.5mm), longitud del v\u00e1stago de la sonda 3.90 pulgadas (99mm)<\/td>\n<\/tr>\n<tr>\n<td>Cuerpo<\/td>\n<td>Pl\u00e1stico ABS<\/td>\n<\/tr>\n<tr>\n<td>Calibraci\u00f3n<\/td>\n<td>Calibrado de f\u00e1brica con los est\u00e1ndares de rastreo del NIST<\/td>\n<\/tr>\n<tr>\n<td>Bater\u00eda<\/td>\n<td>Bot\u00f3n de 1.5V<\/td>\n<\/tr>\n<tr>\n<td>Ahorro de Bater\u00eda<\/td>\n<td>Apagado autom\u00e1tico despu\u00e9s de 10 minutos<\/td>\n<\/tr>\n<tr>\n<td>Cumplimiento de la Normativa<\/td>\n<td>Dispositivo conforme a RoHS y herramienta HACCP rastreable por el NIST<\/td>\n<\/tr>\n<\/tbody>\n<\/table>\n","protected":false},"excerpt":{"rendered":"<p><strong>Peculiaridades:<\/strong><\/p>\n<ul>\n<li>La punta de la aguja da un tiempo de contestaci\u00f3n extremadamente r\u00e1pido.<\/li>\n<li>Punta reducida perfecto para medir la temperatura de alimentos de masa delgada como hamburguesas de carne, pollo y filetes de pescado, seg\u00fan el C\u00f3digo Alimenticio 4-302.12 (B) de la FDA.<\/li>\n<li>Escala conmutable en \u00b0C\/\u00b0F con solo apretar un bot\u00f3n.<\/li>\n<\/ul>\n","protected":false},"featured_media":6908,"template":"","meta":[],"product_cat":[16],"product_tag":[],"class_list":["post-6905","product","type-product","status-publish","has-post-thumbnail","hentry","product_cat-uncategorized"],"_links":{"self":[{"href":"https:\/\/calibracion.com.mx\/tienda\/wp-json\/wp\/v2\/product\/6905","targetHints":{"allow":["GET"]}}],"collection":[{"href":"https:\/\/calibracion.com.mx\/tienda\/wp-json\/wp\/v2\/product"}],"about":[{"href":"https:\/\/calibracion.com.mx\/tienda\/wp-json\/wp\/v2\/types\/product"}],"wp:featuredmedia":[{"embeddable":true,"href":"https:\/\/calibracion.com.mx\/tienda\/wp-json\/wp\/v2\/media\/6908"}],"wp:attachment":[{"href":"https:\/\/calibracion.com.mx\/tienda\/wp-json\/wp\/v2\/media?parent=6905"}],"wp:term":[{"taxonomy":"product_cat","embeddable":true,"href":"https:\/\/calibracion.com.mx\/tienda\/wp-json\/wp\/v2\/product_cat?post=6905"},{"taxonomy":"product_tag","embeddable":true,"href":"https:\/\/calibracion.com.mx\/tienda\/wp-json\/wp\/v2\/product_tag?post=6905"}],"curies":[{"name":"wp","href":"https:\/\/api.w.org\/{rel}","templated":true}]}}