{"id":6984,"date":"2024-01-08T14:28:51","date_gmt":"2024-01-08T14:28:51","guid":{"rendered":"https:\/\/calibracion.com.mx\/tienda\/?post_type=product&#038;p=6984"},"modified":"2024-01-08T14:29:37","modified_gmt":"2024-01-08T14:29:37","slug":"termohigrometro-digital-traceable-4040","status":"publish","type":"product","link":"https:\/\/calibracion.com.mx\/tienda\/termohigrometro-digital-traceable-4040\/","title":{"rendered":"Termohigrometro digital traceable 4040"},"content":{"rendered":"<p>El rango de temperatura es de 32,0 a 122,0 \u00b0 F y de 0,0 a 50,0 \u00b0 C. La resoluci\u00f3n es de 0,1 \u00b0 y la precisi\u00f3n es de \u00b1 1 \u00b0 C. El rango de humedad relativa es del 20 al 90%. La resoluci\u00f3n es 1% RH y la precisi\u00f3n es \u00b1 5% RH en el rango medio, en caso contrario \u00b1 8%. Deja monitorear las condiciones a lo largo de la noche, los fines de semana o en cualquier per\u00edodo de tiempo.<\/p>\n<h5><strong>Certificado Traceable:<\/strong><\/h5>\n<p>Medici\u00f3n multipunto en un certificado Traceable numerado individualmente que asegura la precisi\u00f3n de nuestro laboratorio de medici\u00f3n ISO \/ IEC 17025: 2017 (1750.01) acreditado por A2LA. Se\u00f1ala la trazabilidad de las mediciones a las unidades SI a trav\u00e9s del NIST u otros institutos nacionales de medici\u00f3n ( NMI ) reconocidos que son signatarios del Acuerdo de reconocimiento mutuo del CIPM.<\/p>\n<h5><strong>Suministrado Con:<\/strong><\/h5>\n<p>Certificado Traceable, bater\u00eda, soporte integrado y montaje en pared.<\/p>\n<h4><strong>Especificaciones Tecnicas:<\/strong><\/h4>\n<table id=\"product-attribute-specs-table\" class=\"data-table\" style=\"height: 486px;\" width=\"700\">\n<tbody>\n<tr class=\"first odd\">\n<th class=\"label\">Rango de temperatura ambiente<\/th>\n<td class=\"data last\">0,0 hasta 50,0 \u00b0 C<\/td>\n<\/tr>\n<tr class=\"even\">\n<th class=\"label\">Resoluci\u00f3n de temperatura ambiente<\/th>\n<td class=\"data last\">0,1 \u00b0<\/td>\n<\/tr>\n<tr class=\"odd\">\n<th class=\"label\">Precisi\u00f3n de temperatura ambiente<\/th>\n<td class=\"data last\">\u00b1 1 \u00b0 C<\/td>\n<\/tr>\n<tr class=\"even\">\n<th class=\"label\">Rango RH<\/th>\n<td class=\"data last\">20 a 90% de humedad relativa<\/td>\n<\/tr>\n<tr class=\"odd\">\n<th class=\"label\">Precisi\u00f3n de HR<\/th>\n<td class=\"data last\">\u00b1 5% RH rango medio de lo contrario \u00b1 8% RH<\/td>\n<\/tr>\n<tr class=\"even\">\n<th class=\"label\">Resoluci\u00f3n RH<\/th>\n<td class=\"data last\">1% de humedad relativa<\/td>\n<\/tr>\n<tr class=\"odd\">\n<th class=\"label\">Tipo de sonda<\/th>\n<td class=\"data last\">Sensor interno<\/td>\n<\/tr>\n<tr class=\"even\">\n<th class=\"label\">Sonda RH Externa \/ Interna?<\/th>\n<td class=\"data last\">Interno (ambiente)<\/td>\n<\/tr>\n<tr class=\"odd\">\n<th class=\"label\">RH M\u00edn. \/ M\u00e1x. De memoria<\/th>\n<td class=\"data last\">Y<\/td>\n<\/tr>\n<tr class=\"even\">\n<th class=\"label\">Capacidad de tiempo<\/th>\n<td class=\"data last\">12\/24 horas<\/td>\n<\/tr>\n<tr class=\"odd\">\n<th class=\"label\">Precisi\u00f3n de tiempo<\/th>\n<td class=\"data last\">0.01% de precisi\u00f3n<\/td>\n<\/tr>\n<tr class=\"even\">\n<th class=\"label\">Resoluci\u00f3n de tiempo<\/th>\n<td class=\"data last\">1 minuto<\/td>\n<\/tr>\n<tr class=\"odd\">\n<th class=\"label\">Peso<\/th>\n<td class=\"data last\">2-1 \/ 2 onzas<\/td>\n<\/tr>\n<tr class=\"even\">\n<th class=\"label\">Temp MIN \/ MAX Memoria<\/th>\n<td class=\"data last\">Y<\/td>\n<\/tr>\n<tr class=\"odd\">\n<th class=\"label\">Tama\u00f1o de d\u00edgitos de la pantalla LCD<\/th>\n<td class=\"data last\">5\/8 pulg.<\/td>\n<\/tr>\n<tr class=\"even\">\n<th class=\"label\">Dimensiones<\/th>\n<td class=\"data last\">4-1 \/ 4 \u201cx2-1 \/ 4\u201d x1 \/ 2 \u201c<\/td>\n<\/tr>\n<\/tbody>\n<\/table>\n","protected":false},"excerpt":{"rendered":"<p>Unidad \u00fanica que exhibe simult\u00e1neamente la hora del d\u00eda, la temperatura y la humedad. El reloj exhibe AM \/ PM o la hora militar de 24 h al minuto exacto con una precisi\u00f3n del 001%. Ver los cambios es bien simple con la pantalla triple.<\/p>\n","protected":false},"featured_media":6985,"template":"","meta":[],"product_cat":[16],"product_tag":[],"class_list":["post-6984","product","type-product","status-publish","has-post-thumbnail","hentry","product_cat-uncategorized"],"_links":{"self":[{"href":"https:\/\/calibracion.com.mx\/tienda\/wp-json\/wp\/v2\/product\/6984","targetHints":{"allow":["GET"]}}],"collection":[{"href":"https:\/\/calibracion.com.mx\/tienda\/wp-json\/wp\/v2\/product"}],"about":[{"href":"https:\/\/calibracion.com.mx\/tienda\/wp-json\/wp\/v2\/types\/product"}],"wp:featuredmedia":[{"embeddable":true,"href":"https:\/\/calibracion.com.mx\/tienda\/wp-json\/wp\/v2\/media\/6985"}],"wp:attachment":[{"href":"https:\/\/calibracion.com.mx\/tienda\/wp-json\/wp\/v2\/media?parent=6984"}],"wp:term":[{"taxonomy":"product_cat","embeddable":true,"href":"https:\/\/calibracion.com.mx\/tienda\/wp-json\/wp\/v2\/product_cat?post=6984"},{"taxonomy":"product_tag","embeddable":true,"href":"https:\/\/calibracion.com.mx\/tienda\/wp-json\/wp\/v2\/product_tag?post=6984"}],"curies":[{"name":"wp","href":"https:\/\/api.w.org\/{rel}","templated":true}]}}