{"id":6995,"date":"2024-01-08T14:50:50","date_gmt":"2024-01-08T14:50:50","guid":{"rendered":"https:\/\/calibracion.com.mx\/tienda\/?post_type=product&#038;p=6995"},"modified":"2024-01-08T14:50:51","modified_gmt":"2024-01-08T14:50:51","slug":"termohigrometro-taylor-1523","status":"publish","type":"product","link":"https:\/\/calibracion.com.mx\/tienda\/termohigrometro-taylor-1523\/","title":{"rendered":"Termohigr\u00f3metro Taylor 1523"},"content":{"rendered":"<p>El instrumento de medici\u00f3n Taylor 1523 para farmacia es un instrumento de medic\u00f3n que indica la temperatura y humedad relativa en el aire.<\/p>\n<p>Este articulo incluye una sonda externa que se utiliza como term\u00f3metro para censar temperatura de medios como; l\u00edquidos y soluciones aguadas , asimismo se puede emplear el term\u00f3metro del instrumento Taylor 1523 para medir la temperatura interna en refrigeradoras, incubadoras y ba\u00f1os. Este equipo tiene un term\u00f3metro que asimismo mide la temperatura y humedad de ambientes controlados (Farmacias, laboratorios, industria y almacenes de medicinas). Taylor 1523 es capaz para eludir sanciones de COFEPRIS y para uso en laboratorios de control de calidad.<\/p>\n<h5><strong>Peculiaridades :<\/strong><\/h5>\n<ul>\n<li>Funciona con una pila AAA.<\/li>\n<li>Rango de tempera interna es de -diez a +50\u00b0C.<\/li>\n<li>Resoluci\u00f3n: 0.1\u00b0C 1%hr.<\/li>\n<li>Rango de temperatura externa (sonda) -50 a 70\u00b0C.<\/li>\n<li>Unidad de temperatura mezclable en \u00b0C \u00f3 \u00b0F.<\/li>\n<li>Rango de humedad interna 20 a 99%hr.<\/li>\n<li>Incluye bater\u00edas.<\/li>\n<li>Memoria de m\u00e1ximo y m\u00ednimo en temperatura y humedad, deja el registro de la variaci\u00f3n existente en el laboratorio.<\/li>\n<\/ul>\n","protected":false},"excerpt":{"rendered":"<p>El instrumento de medici\u00f3n Taylor 1523 para farmacia es un instrumento de medic\u00f3n que indica la temperatura y humedad relativa en el aire.<\/p>\n","protected":false},"featured_media":7001,"template":"","meta":[],"product_cat":[16],"product_tag":[],"class_list":["post-6995","product","type-product","status-publish","has-post-thumbnail","hentry","product_cat-uncategorized"],"_links":{"self":[{"href":"https:\/\/calibracion.com.mx\/tienda\/wp-json\/wp\/v2\/product\/6995","targetHints":{"allow":["GET"]}}],"collection":[{"href":"https:\/\/calibracion.com.mx\/tienda\/wp-json\/wp\/v2\/product"}],"about":[{"href":"https:\/\/calibracion.com.mx\/tienda\/wp-json\/wp\/v2\/types\/product"}],"wp:featuredmedia":[{"embeddable":true,"href":"https:\/\/calibracion.com.mx\/tienda\/wp-json\/wp\/v2\/media\/7001"}],"wp:attachment":[{"href":"https:\/\/calibracion.com.mx\/tienda\/wp-json\/wp\/v2\/media?parent=6995"}],"wp:term":[{"taxonomy":"product_cat","embeddable":true,"href":"https:\/\/calibracion.com.mx\/tienda\/wp-json\/wp\/v2\/product_cat?post=6995"},{"taxonomy":"product_tag","embeddable":true,"href":"https:\/\/calibracion.com.mx\/tienda\/wp-json\/wp\/v2\/product_tag?post=6995"}],"curies":[{"name":"wp","href":"https:\/\/api.w.org\/{rel}","templated":true}]}}