{"id":7058,"date":"2024-01-08T17:13:36","date_gmt":"2024-01-08T17:13:36","guid":{"rendered":"https:\/\/calibracion.com.mx\/tienda\/?post_type=product&#038;p=7058"},"modified":"2024-01-08T17:13:37","modified_gmt":"2024-01-08T17:13:37","slug":"termohigrometro-control-company-4040","status":"publish","type":"product","link":"https:\/\/calibracion.com.mx\/tienda\/termohigrometro-control-company-4040\/","title":{"rendered":"Termohigr\u00f3metro Control Company 4040"},"content":{"rendered":"<p>Ver los cambios es simple con la pantalla triple. El rango de temperatura es de 32.0 a 122.0 \u00b0 F y de 0.0 a 50.0 \u00b0 C. La resoluci\u00f3n es 0.1 \u00b0 y la precisi\u00f3n es \u00b1 1 \u00b0 C. El rango de humedad relativa es del 20 al 90%. La resoluci\u00f3n es 1% RH y la precisi\u00f3n es \u00b1 5% RH de rango medio, de lo contrario \u00b1 8%. Permite monitorear las condiciones a lo largo de la noche, los \u00faltimos d\u00edas de la semana o cualquier per\u00edodo de tiempo.<\/p>\n<p>Caracter\u00edsticas del termohigr\u00f3metro Control Company 4040:<\/p>\n<table id=\"product-attribute-specs-table\" class=\"data-table\">\n<tbody>\n<tr class=\"first odd\">\n<th class=\"label\">Rango de temperatura ambiente<\/th>\n<td class=\"data last\">0.0 a 50.0 \u00b0 C<\/td>\n<\/tr>\n<tr class=\"even\">\n<th class=\"label\">Resoluci\u00f3n de temperatura ambiente<\/th>\n<td class=\"data last\">0.1 \u00b0<\/td>\n<\/tr>\n<tr class=\"odd\">\n<th class=\"label\">Precisi\u00f3n de temperatura ambiente<\/th>\n<td class=\"data last\">\u00b1 1 \u00b0 C<\/td>\n<\/tr>\n<tr class=\"even\">\n<th class=\"label\">Rango RH<\/th>\n<td class=\"data last\">20 a 90% HR<\/td>\n<\/tr>\n<tr class=\"odd\">\n<th class=\"label\">Exactitud de HR<\/th>\n<td class=\"data last\">\u00b1 5% RH rango medio de lo contrario \u00b1 8% RH<\/td>\n<\/tr>\n<tr class=\"even\">\n<th class=\"label\">Resoluci\u00f3n de HR<\/th>\n<td class=\"data last\">1% HR<\/td>\n<\/tr>\n<tr class=\"odd\">\n<th class=\"label\">Tipo de sonda<\/th>\n<td class=\"data last\">Sensor interno<\/td>\n<\/tr>\n<tr class=\"even\">\n<th class=\"label\">Sonda RH externa \/ interna?<\/th>\n<td class=\"data last\">Interno (ambiente)<\/td>\n<\/tr>\n<tr class=\"odd\">\n<th class=\"label\">Memoria RH Min \/ Max<\/th>\n<td class=\"data last\">Y<\/td>\n<\/tr>\n<tr class=\"even\">\n<th class=\"label\">Capacidad de tiempo<\/th>\n<td class=\"data last\">12\/24 horas<\/td>\n<\/tr>\n<tr class=\"odd\">\n<th class=\"label\">Precisi\u00f3n de tiempo<\/th>\n<td class=\"data last\">0.01% de precisi\u00f3n<\/td>\n<\/tr>\n<tr class=\"even\">\n<th class=\"label\">Resoluci\u00f3n de tiempo<\/th>\n<td class=\"data last\">1 minuto<\/td>\n<\/tr>\n<tr class=\"odd\">\n<th class=\"label\">Peso<\/th>\n<td class=\"data last\">2-1 \/ 2 onzas<\/td>\n<\/tr>\n<tr class=\"even\">\n<th class=\"label\">Temp MIN \/ MAX Memory<\/th>\n<td class=\"data last\">Y<\/td>\n<\/tr>\n<tr class=\"odd\">\n<th class=\"label\">Tama\u00f1o de d\u00edgitos LCD<\/th>\n<td class=\"data last\">5\/8 en<\/td>\n<\/tr>\n<tr class=\"even\">\n<th class=\"label\">Dimensiones<\/th>\n<td class=\"data last\">4-1 \/ 4 \u201cx2-1 \/ 4\u201d x1 \/ 2 \u201c<\/td>\n<\/tr>\n<tr class=\"odd\">\n<th class=\"label\">Enchufe A \/ C (S \/ N)<\/th>\n<td class=\"data last\">norte<\/td>\n<\/tr>\n<tr class=\"even\">\n<th class=\"label\">Trazable<\/th>\n<td class=\"data last\">Y<\/td>\n<\/tr>\n<tr class=\"odd\">\n<th class=\"label\">Marcado CE<\/th>\n<td class=\"data last\">Y<\/td>\n<\/tr>\n<tr class=\"last even\">\n<th class=\"label\">Suministrado con<\/th>\n<td class=\"data last\">soporte, montaje en pared, cinta de doble respaldo, bater\u00edas, certificado Traceable\u00ae<\/td>\n<\/tr>\n<\/tbody>\n<\/table>\n","protected":false},"excerpt":{"rendered":"<p>La unidad \u00fanica exhibe simult\u00e1neamente la hora del d\u00eda, la temperatura y la humedad. El reloj exhibe AM \/ PM o la hora militar de 24 horas al minuto exacto con una precisi\u00f3n del 001%.<\/p>\n","protected":false},"featured_media":7060,"template":"","meta":[],"product_cat":[16],"product_tag":[],"class_list":["post-7058","product","type-product","status-publish","has-post-thumbnail","hentry","product_cat-uncategorized"],"_links":{"self":[{"href":"https:\/\/calibracion.com.mx\/tienda\/wp-json\/wp\/v2\/product\/7058","targetHints":{"allow":["GET"]}}],"collection":[{"href":"https:\/\/calibracion.com.mx\/tienda\/wp-json\/wp\/v2\/product"}],"about":[{"href":"https:\/\/calibracion.com.mx\/tienda\/wp-json\/wp\/v2\/types\/product"}],"wp:featuredmedia":[{"embeddable":true,"href":"https:\/\/calibracion.com.mx\/tienda\/wp-json\/wp\/v2\/media\/7060"}],"wp:attachment":[{"href":"https:\/\/calibracion.com.mx\/tienda\/wp-json\/wp\/v2\/media?parent=7058"}],"wp:term":[{"taxonomy":"product_cat","embeddable":true,"href":"https:\/\/calibracion.com.mx\/tienda\/wp-json\/wp\/v2\/product_cat?post=7058"},{"taxonomy":"product_tag","embeddable":true,"href":"https:\/\/calibracion.com.mx\/tienda\/wp-json\/wp\/v2\/product_tag?post=7058"}],"curies":[{"name":"wp","href":"https:\/\/api.w.org\/{rel}","templated":true}]}}