{"id":72,"date":"2023-10-24T19:18:43","date_gmt":"2023-10-24T19:18:43","guid":{"rendered":"https:\/\/calibracion.com.mx\/tienda\/?post_type=product&#038;p=72"},"modified":"2023-10-24T19:18:43","modified_gmt":"2023-10-24T19:18:43","slug":"elitech-rc-51h-datalogger-de-temperatura-y-humedad-auto-pdf","status":"publish","type":"product","link":"https:\/\/calibracion.com.mx\/tienda\/elitech-rc-51h-datalogger-de-temperatura-y-humedad-auto-pdf\/","title":{"rendered":"Elitech RC-51H datalogger de temperatura y humedad auto PDF"},"content":{"rendered":"<p>Marca: Elitech<\/p>\n<p>Modelo: RC-51H<\/p>\n<p>Funcionalidades :<\/p>\n<p>Registro de datos de temperatura y humedad en intervalos programables<br \/>\nGeneraci\u00f3n autom\u00e1tica de informes en formato PDF<br \/>\nPantalla LCD para visualizaci\u00f3n de lecturas y ajuste de factores<br \/>\nRango de medici\u00f3n de temperatura: -30\u00b0C a 70\u00b0C<br \/>\nRango de medici\u00f3n de humedad: 0% a cien % RH<br \/>\nFunci\u00f3n de alarma para valores de temperatura y humedad fuera del rango establecido<br \/>\nMemoria para almacenar hasta 32000 lecturas de temperatura y humedad<br \/>\nPlataforma de trabajo USB para descarga de datos y configuraci\u00f3n del datalogger<br \/>\nBater\u00eda reemplazable con una vida \u00fatil de hasta 2 a\u00f1os<br \/>\nEspecificaciones t\u00e9cnicas:<\/p>\n<p>Precisi\u00f3n de la medici\u00f3n de temperatura: +\/- 0.5\u00b0C<br \/>\nPrecisi\u00f3n de la medici\u00f3n de humedad: +\/- 3% RH<br \/>\nResoluci\u00f3n de la medici\u00f3n de temperatura: 0.1\u00b0C<br \/>\nResoluci\u00f3n de la medici\u00f3n de humedad: 0.1% RH<br \/>\nIntervalo de registro: programable desde 10 segundos hasta 24 h<br \/>\nTiempo de contestaci\u00f3n : menos de 5 segundos (para un cambio del 90% en la lectura)<br \/>\nDimensiones: 96mm x 50mm x 20mm<br \/>\nPeso: 60g<br \/>\nContenido del bulto :<\/p>\n<p>1 x Elitech RC-51H datalogger de temperatura y humedad coche PDF<br \/>\n1 x Cable USB<br \/>\n1 x Bater\u00eda de litio reemplazable<br \/>\n1 x Manual de usuario<br \/>\nApp : El Elitech RC-51H datalogger de temperatura y humedad es ideal para monitorear y registrar las propiedades del ambiente en una amplia y extensa pluralidad de \u00e1mbitos , tales como laboratorios, guardes , invernaderos, c\u00e1maras frigor\u00edficas, museos, entre otros.<\/p>\n<p>La funci\u00f3n de generaci\u00f3n autom\u00e1tica de reportes en formato PDF posibilita la presentaci\u00f3n de los datos compendiados y su posterior an\u00e1lisis. Adem\u00e1s de esto , la memoria interna del datalogger deja el almacenamiento de un elevado n\u00famero de lecturas, lo que posibilita la identificaci\u00f3n de patrones y tendencias en el registro de datos.<\/p>\n<p>La funci\u00f3n de alarma para valores de temperatura y humedad fuera del rango predeterminado , permite una r\u00e1pida detecci\u00f3n de situaciones anormales y la toma de medidas oportunas para prevenir p\u00e9rdidas o da\u00f1os en los productos almacenados.<\/p>\n<p>La interfaz USB permite la configuraci\u00f3n y descarga de los datos registrados, lo que hace que el RC-51H sea f\u00e1cil de usar y modificar. En resumen , el Elitech RC-51H datalogger de temperatura y humedad coche PDF es una herramienta esencial para el monitoreo y registro de condiciones ambientales en diversos entornos.<\/p>\n","protected":false},"excerpt":{"rendered":"<p>CARACTER\u00cdSTICAS ELITECH RC-51H DATALOGGER DE TEMPERATURA Y HUMEDAD AUTO PDFTERNO AUTO PDF<br \/>\nEl Elitech RC-51H datalogger de temperatura y humedad es perfecto para monitorear y registrar las propiedades del ambiente en una gran variedad de \u00e1mbitos , tales como laboratorios, guardes , invernaderos, c\u00e1maras frigor\u00edficas, museos, entre otros.<\/p>\n","protected":false},"featured_media":73,"template":"","meta":[],"product_cat":[16],"product_tag":[],"class_list":["post-72","product","type-product","status-publish","has-post-thumbnail","hentry","product_cat-uncategorized"],"_links":{"self":[{"href":"https:\/\/calibracion.com.mx\/tienda\/wp-json\/wp\/v2\/product\/72","targetHints":{"allow":["GET"]}}],"collection":[{"href":"https:\/\/calibracion.com.mx\/tienda\/wp-json\/wp\/v2\/product"}],"about":[{"href":"https:\/\/calibracion.com.mx\/tienda\/wp-json\/wp\/v2\/types\/product"}],"wp:featuredmedia":[{"embeddable":true,"href":"https:\/\/calibracion.com.mx\/tienda\/wp-json\/wp\/v2\/media\/73"}],"wp:attachment":[{"href":"https:\/\/calibracion.com.mx\/tienda\/wp-json\/wp\/v2\/media?parent=72"}],"wp:term":[{"taxonomy":"product_cat","embeddable":true,"href":"https:\/\/calibracion.com.mx\/tienda\/wp-json\/wp\/v2\/product_cat?post=72"},{"taxonomy":"product_tag","embeddable":true,"href":"https:\/\/calibracion.com.mx\/tienda\/wp-json\/wp\/v2\/product_tag?post=72"}],"curies":[{"name":"wp","href":"https:\/\/api.w.org\/{rel}","templated":true}]}}