{"id":7339,"date":"2024-01-10T19:34:24","date_gmt":"2024-01-10T19:34:24","guid":{"rendered":"https:\/\/calibracion.com.mx\/tienda\/?post_type=product&#038;p=7339"},"modified":"2024-01-10T19:34:25","modified_gmt":"2024-01-10T19:34:25","slug":"registrador-de-graficos-de-temperatura-en-transito-modelo-16000-16500","status":"publish","type":"product","link":"https:\/\/calibracion.com.mx\/tienda\/registrador-de-graficos-de-temperatura-en-transito-modelo-16000-16500\/","title":{"rendered":"Registrador de gr\u00e1ficos de temperatura en tr\u00e1nsito Modelo 16000-16500"},"content":{"rendered":"<ul>\n<li>No. de Patente 4,990,940.<\/li>\n<li>Tiene una pesta\u00f1ita novedosa y avanzada dise\u00f1ada para hacer mucho m\u00e1s simple el INICIO.<\/li>\n<li>Tiene varios modelos que van en periodos de tr\u00e1nsito desde los 5 d\u00edas a 90 d\u00edas.<\/li>\n<li>Cuenta con una caja de cubierta ventilada para una mejor contestaci\u00f3n y redusca el peso<\/li>\n<li>Tiene un archivo nuevo en 2 partes que posibilita el uso.<\/li>\n<li>Con gr\u00e1fico de escala doble (\u00b0F \/ \u00b0C).<\/li>\n<\/ul>\n<h5><b>Aplicaciones:<\/b><\/h5>\n<p>Los registros permanentes producidos por estos term\u00f3grafos de temperatura sirven como pruebas de corroboraci\u00f3n en las reclamaciones de seguros, documentaci\u00f3n de control de calidad y la protecci\u00f3n de sus importantes modelos. Los modelos est\u00e1n libres a partir de 5 d\u00edas a 90 d\u00edas para los per\u00edodos en tr\u00e1nsito con tres intervalos de temperatura.<\/p>\n<p>Establecimientos de Alimentos, Centros de Distribuci\u00f3n, Almacenamiento en Fr\u00edo, Instalaciones de Procesamiento<br \/>\nEl Term\u00f3grafo de Temperatura En-Tr\u00e1nsito de DeltaTrak, modelos 16000-16502 son tiras gr\u00e1ficas de registro de tiempo y temperatura enormemente fiables y se utilizan para registrar propiedades del ambiente encontradas durante el almacenaje y transporte de alimentos, art\u00edculos farmac\u00e9uticos, art\u00edculos qu\u00edmicos y otros art\u00edculos sensibles a la temperatura en camiones refrigerados, furgones de ferrocarril, contenedores mar\u00edtimos y a\u00e9reos.<\/p>\n<p>Los modelos de Term\u00f3grafos de Temperatura En-Tr\u00e1nsito est\u00e1n singularmente dise\u00f1ados a base de una cubierta ligera y durable para poder una circulaci\u00f3n de aire superior y de contestaci\u00f3n de la temperatura m\u00e1s r\u00e1pida. Estos term\u00f3grafos proporcionan la m\u00e1xima precisi\u00f3n y generan un registro permanente de las condiciones de tr\u00e1nsito en una tira de papel de 36 pulgadas (91 cm). Un puerto de vista deja al operador confirmar visualmente la activaci\u00f3n tras tirar la pesta\u00f1ita de comienzo del registrador gr\u00e1fico de temperatura.<\/p>\n<p>Aplicaciones : En instalaciones de guardes y a lo largo del transporte. Los registros permanentes producidos sirven como pruebas de corroboraci\u00f3n de calidad del producto en los productos caducos , como documentaci\u00f3n de control de calidad y en las reclamaciones de seguros en caso de variantes de temperatura.<\/p>\n<p>&nbsp;<\/p>\n<div class=\"prod-desc\">\n<table width=\"669\">\n<thead>\n<tr>\n<th scope=\"col\">Modelos<\/th>\n<th scope=\"col\">5 d\u00edas<\/th>\n<th scope=\"col\">10 d\u00edas<\/th>\n<th scope=\"col\">20 d\u00edas<\/th>\n<th scope=\"col\">30 d\u00edas<\/th>\n<th scope=\"col\">40 d\u00edas<\/th>\n<th scope=\"col\">60 d\u00edas<\/th>\n<th scope=\"col\">90 d\u00edas<\/th>\n<\/tr>\n<\/thead>\n<tbody>\n<tr>\n<td><strong>Modelo Est\u00e1ndar<\/strong><br \/>\nDe -20 \u00b0F a 100 \u00b0F (-29 \u00b0C a 38 \u00b0C)<\/td>\n<td>16000<\/td>\n<td>16100<\/td>\n<td>16200<\/td>\n<td>16300<\/td>\n<td>16350<\/td>\n<td>16400<\/td>\n<td>16500<\/td>\n<\/tr>\n<tr>\n<td><strong>Modelo de rango alto<\/strong><br \/>\nde 32 \u00b0F a 150 \u00b0F (0 \u00b0C a 65 \u00b0C)<\/td>\n<td>16002<\/td>\n<td>16102<\/td>\n<td>16202<\/td>\n<td>16302<\/td>\n<td><\/td>\n<td>16402<\/td>\n<td>16502<\/td>\n<\/tr>\n<tr>\n<td><strong>Modelo de Intervalo Bajo<\/strong><br \/>\nDe -40 \u00b0F a 80 \u00b0F (-40 \u00b0C a 27 \u00b0C)<\/td>\n<td>16004<\/td>\n<td>16104<\/td>\n<td>16203<\/td>\n<td><\/td>\n<td><\/td>\n<td>16403<\/td>\n<td><\/td>\n<\/tr>\n<\/tbody>\n<\/table>\n<\/div>\n<p>&nbsp;<\/p>\n<p>&nbsp;<\/p>\n<table>\n<caption>Modelo 16000 In-Transit Temperature Chart Recorder<\/caption>\n<thead>\n<tr>\n<th scope=\"col\">Caracter\u00edstica<\/th>\n<th scope=\"col\">Especificaci\u00f3n<\/th>\n<\/tr>\n<\/thead>\n<tfoot>\n<tr>\n<td colspan=\"2\"><\/td>\n<\/tr>\n<\/tfoot>\n<tbody>\n<tr>\n<td>Rango de temperatura<\/td>\n<td>Modelo Est\u00e1ndar: De -20 \u00b0F a 100 \u00b0F (-29 \u00b0C a 38 \u00b0C)<br \/>\nModelo de Intervalo Alto: De 32 \u00b0F a 150 \u00b0F (0 \u00b0C a 65 \u00b0C)<br \/>\nModelo de Intervalo Bajo: De -40 \u00b0F a 80 \u00b0F (-40 \u00b0C a 27 \u00b0C)<\/td>\n<\/tr>\n<tr>\n<td>Precisi\u00f3n<\/td>\n<td>\u00b12 \u00b0F (\u00b11 \u00b0C) o m\u00e1s<\/td>\n<\/tr>\n<tr>\n<td>Sensor<\/td>\n<td>Bobina bimet\u00e1lica<\/td>\n<\/tr>\n<tr>\n<td>Gr\u00e1fico<\/td>\n<td>Sensible a la presi\u00f3n, longitud de total de 36 pulgadas (91.4 cm), escala dual de \u00b0F\/\u00b0C<\/td>\n<\/tr>\n<tr>\n<td>Motor<\/td>\n<td>Motor de estado s\u00f3lido de cuarzo<\/td>\n<\/tr>\n<tr>\n<td>Precisi\u00f3n del Cronometro \/ Motor del Reloj<\/td>\n<td>Promedio de \u00b120 segundos al mes<\/td>\n<\/tr>\n<tr>\n<td>Bater\u00eda<\/td>\n<td>Pila Alcalina AA \u2013 Modelos de intervalo Alto<br \/>\nPila Zinc de Carb\u00f3n AA \u2013 Modelos Est\u00e1ndar<br \/>\nPila de Litio AA \u2013 Modelos de Intervalo Bajo<\/td>\n<\/tr>\n<tr>\n<td>Vida \u00datil<\/td>\n<td>3 a\u00f1os<\/td>\n<\/tr>\n<tr>\n<td>Tama\u00f1o<\/td>\n<td>5.5 pulg. (largo) x 4 pulg. (ancho) x 2.5 pulg. (alto)<br \/>\n13.5 cm (largo) x 10 cm (ancho) x 6.3 cm (alto)<\/td>\n<\/tr>\n<tr>\n<td>Peso<\/td>\n<td>6,98 onzas (198 g)<\/td>\n<\/tr>\n<tr>\n<td>Tama\u00f1o de Lote \/ Peso<\/td>\n<td>20 registradores por caja \/ 12 lbs. (5.4 kg)<\/td>\n<\/tr>\n<tr>\n<td>Certificaci\u00f3n \/ Calibraci\u00f3n<\/td>\n<td>Marcado CE por T.U.V., trazable a NIST<\/td>\n<\/tr>\n<\/tbody>\n<\/table>\n","protected":false},"excerpt":{"rendered":"<h5><strong>Especificaciones:<\/strong><\/h5>\n<ul>\n<li>Disponible en tres intervalos de temperatura.<\/li>\n<li>Incluye normas de operaci\u00f3n en tres idiomas ( Ingles, Espa\u00f1ol, Chino).<\/li>\n<li>Incluye un n\u00famero de serie en cada unidad para su trazabilidad.<\/li>\n<li>Con un dise\u00f1o patentado que garantiza que el seguimiento de registro se detenga al final del viaje.<\/li>\n<\/ul>\n","protected":false},"featured_media":7340,"template":"","meta":[],"product_cat":[16],"product_tag":[],"class_list":["post-7339","product","type-product","status-publish","has-post-thumbnail","hentry","product_cat-uncategorized"],"_links":{"self":[{"href":"https:\/\/calibracion.com.mx\/tienda\/wp-json\/wp\/v2\/product\/7339","targetHints":{"allow":["GET"]}}],"collection":[{"href":"https:\/\/calibracion.com.mx\/tienda\/wp-json\/wp\/v2\/product"}],"about":[{"href":"https:\/\/calibracion.com.mx\/tienda\/wp-json\/wp\/v2\/types\/product"}],"wp:featuredmedia":[{"embeddable":true,"href":"https:\/\/calibracion.com.mx\/tienda\/wp-json\/wp\/v2\/media\/7340"}],"wp:attachment":[{"href":"https:\/\/calibracion.com.mx\/tienda\/wp-json\/wp\/v2\/media?parent=7339"}],"wp:term":[{"taxonomy":"product_cat","embeddable":true,"href":"https:\/\/calibracion.com.mx\/tienda\/wp-json\/wp\/v2\/product_cat?post=7339"},{"taxonomy":"product_tag","embeddable":true,"href":"https:\/\/calibracion.com.mx\/tienda\/wp-json\/wp\/v2\/product_tag?post=7339"}],"curies":[{"name":"wp","href":"https:\/\/api.w.org\/{rel}","templated":true}]}}