{"id":7361,"date":"2024-01-10T20:26:50","date_gmt":"2024-01-10T20:26:50","guid":{"rendered":"https:\/\/calibracion.com.mx\/tienda\/?post_type=product&#038;p=7361"},"modified":"2024-01-10T20:26:52","modified_gmt":"2024-01-10T20:26:52","slug":"registrador-en-transito-flashlink-rtl-prime-3g-2t-modelo-22367","status":"publish","type":"product","link":"https:\/\/calibracion.com.mx\/tienda\/registrador-en-transito-flashlink-rtl-prime-3g-2t-modelo-22367\/","title":{"rendered":"Registrador en tr\u00e1nsito flashlink rtl prime 3g-2t Modelo 22367"},"content":{"rendered":"<ul>\n<li>Simple de disponer a lo largo de la carga, f\u00e1cil de quitar al llegar a destino.<\/li>\n<li>No es necesario abrir las puertas del veh\u00edculo para acceder a la informaci\u00f3n.<\/li>\n<li>Datos transmitidos mediante redes celulares GSM.<\/li>\n<li>Vida \u00fatil de la bater\u00eda de 12 meses, mucho m\u00e1s 60 d\u00edas de duraci\u00f3n del viaje.<\/li>\n<li>Opci\u00f3n para bajar el informe en PDF a la PC con un cable USB.<\/li>\n<li>Servicio en la nube 24 h al d\u00eda , 7 d\u00edas por semana para poder ver y analizar datos de forma rec\u00f3ndita.<\/li>\n<li>La memoria integrada registra la temperatura cada diez minutos.<\/li>\n<li>Un gr\u00e1fico exhibe 2 conjuntos de datos de temperatura y luz.<\/li>\n<li>Personalice la configuraci\u00f3n para los l\u00edmites prominente \/ bajo de alarma.<\/li>\n<\/ul>\n<p>Dise\u00f1ado para contenedores mar\u00edtimos, este registrador de datos en el mismo instante tiene un sensor de adentro para medir la temperatura del aire en la parte posterior del contenedor y una sonda externa con un cable de 50 pies\/15 m para medir la temperatura del aire de suministro. Un registrador monitorea las dos \u00e1reas al tiempo , mostrando 2 conjuntos de datos en un gr\u00e1fico, con la localizaci\u00f3n rastreada en Google plus Maps en la nube.<\/p>\n<p>Los reportes de viaje son de forma f\u00e1cil accesibles desde un panel con cualquier dispositivo con acceso a Internet. No es necesario aguardar a que los receptores localicen y descarguen de forma manual un registrador. Las notificaciones se mandan por condiciones fuera de rango y en el momento en que el barco se acerca al puerto.<\/p>\n<h5><\/h5>\n<h5 class=\"rl_tabs-title nn_tabs-title\"><strong>Modelos:<\/strong><\/h5>\n<table>\n<tbody>\n<tr>\n<th>Modelos<\/th>\n<th>Duraci\u00f3n del viaje<\/th>\n<th>Intervalo de registro<\/th>\n<th>Intervalo de carga de datos<\/th>\n<\/tr>\n<tr>\n<td>22367<\/td>\n<td>60-D\u00edas<\/td>\n<td>10 Minutos<\/td>\n<td>120 Minutos<\/td>\n<\/tr>\n<\/tbody>\n<\/table>\n<h4>Especificaciones:<\/h4>\n<table style=\"height: 600px;\" width=\"1045\">\n<caption>Registrador en tr\u00e1nsito FlashLink RTL Prime 3G-2T<\/caption>\n<thead>\n<tr>\n<th scope=\"col\">Funci\u00f3n<\/th>\n<th scope=\"col\">Especificaci\u00f3n<\/th>\n<\/tr>\n<\/thead>\n<tfoot>\n<tr>\n<td colspan=\"2\"><\/td>\n<\/tr>\n<\/tfoot>\n<tbody>\n<tr>\n<td>Rango de medida de Temperatura Externa<\/td>\n<td>-40\u00b0F a 176\u00b0F (-40\u00b0C a 80\u00b0C)<\/td>\n<\/tr>\n<tr>\n<td>Rango de medida de Sensor Interno<\/td>\n<td>-22\u00b0F a 158\u00b0F (-30\u00b0C a 70\u00b0C)<\/td>\n<\/tr>\n<tr>\n<td>Precisi\u00f3n de la Temperatura<\/td>\n<td>\u00b10.9\u00b0F de 14\u00baF a 113\u00baF (\u00b10.5\u00b0C de -10\u00b0C a 45\u00b0C) \u00b12\u00b0F si&lt;14\u00baF y &gt;113\u00baF (\u00b1 1\u00baC si &lt; -10\u00baC y &gt; 45\u00baC)<\/td>\n<\/tr>\n<tr>\n<td>Resoluci\u00f3n de Temperatura<\/td>\n<td>0.1 \u00baF\/\u00baC<\/td>\n<\/tr>\n<tr>\n<td>Sensor de luz<\/td>\n<td>Sensor de doble etapa<\/td>\n<\/tr>\n<tr>\n<td>Capacidad de datos<\/td>\n<td>28,800\u00a0Puntos de datos<\/td>\n<\/tr>\n<tr>\n<td>Intervalo de registro<\/td>\n<td>10 Minutos<\/td>\n<\/tr>\n<tr>\n<td>Rojo GSM<\/td>\n<td>3G: Bandas 1\/2\/4\/5\/8 Cobertura gobal<br \/>\n2G cuatribanda GSM 850\/900\/1800\/1900 MHz, datos GPRS<\/td>\n<\/tr>\n<tr>\n<td>S\u00cd<\/td>\n<td>Integrado interno (Roaming Internacional)<\/td>\n<\/tr>\n<tr>\n<td>Fuente de alimentaci\u00f3n<\/td>\n<td>Bater\u00eda de iones de litio, cumple con UN38.3<\/td>\n<\/tr>\n<tr>\n<td>Vida \u00datil de la Bater\u00eda<\/td>\n<td>1 a\u00f1o<\/td>\n<\/tr>\n<tr>\n<td>Peso<\/td>\n<td>3.63 oz (103 gramos) (Sin cable\/sensor)<\/td>\n<\/tr>\n<tr>\n<td>Tama\u00f1o del registrador<\/td>\n<td>2,32 x 4,02 en x 0,75 en (59 mm x 102 mm x 20 mm)<\/td>\n<\/tr>\n<tr>\n<td>Tama\u00f1o del sensor<\/td>\n<td>3.15in L x 0.2in D (8cm W x 0.5cm D), punta afilada<\/td>\n<\/tr>\n<tr>\n<td>Cable<\/td>\n<td>50 pies \/ 15 metros<\/td>\n<\/tr>\n<tr>\n<td>Certificaciones<\/td>\n<td>RTCA\/DO-160, FCC, CE Mark, RoHS, WEEE, NIST precisi\u00f3n de temperatura rastreable, Certificado de ley de radio No. 001-A16425 (DS-CDMA and T-HCDMA) Certificaci\u00f3n de la Ley de empresas de telecomunicaciones No. D200002019<\/td>\n<\/tr>\n<tr>\n<td>Requisitos del Sistema<\/td>\n<td>El registrador requiere una conexi\u00f3n de red celular para enviar datos a una aplicaci\u00f3n segura en la nube. El usuario requiere una PC u otro dispositivo habilitado con Internet para ver los datos en l\u00ednea.<\/td>\n<\/tr>\n<tr>\n<td>Requisitos de Descarga<\/td>\n<td>Cable micro USB a USB para descargar a PC u otro dispositivo habilitado con USB que pueda leer archivos PDF<\/td>\n<\/tr>\n<tr>\n<td>Grado Impermeable<\/td>\n<td>IP65<\/td>\n<\/tr>\n<\/tbody>\n<\/table>\n","protected":false},"excerpt":{"rendered":"<p><strong>Peculiaridades:<\/strong><\/p>\n<ul>\n<li>Alerta del sensor de luz cuando se abren las puertas, para mayor seguridad.<\/li>\n<li>Monitorea la localizaci\u00f3n , luz y 2 temperaturas.<\/li>\n<li>Suministro de temperatura del aire en frente del contenedor.<\/li>\n<li>Aire de carga en la parte trasera , cerca de las puertas.<\/li>\n<\/ul>\n<p>&nbsp;<\/p>\n","protected":false},"featured_media":7362,"template":"","meta":[],"product_cat":[16],"product_tag":[],"class_list":["post-7361","product","type-product","status-publish","has-post-thumbnail","hentry","product_cat-uncategorized"],"_links":{"self":[{"href":"https:\/\/calibracion.com.mx\/tienda\/wp-json\/wp\/v2\/product\/7361","targetHints":{"allow":["GET"]}}],"collection":[{"href":"https:\/\/calibracion.com.mx\/tienda\/wp-json\/wp\/v2\/product"}],"about":[{"href":"https:\/\/calibracion.com.mx\/tienda\/wp-json\/wp\/v2\/types\/product"}],"wp:featuredmedia":[{"embeddable":true,"href":"https:\/\/calibracion.com.mx\/tienda\/wp-json\/wp\/v2\/media\/7362"}],"wp:attachment":[{"href":"https:\/\/calibracion.com.mx\/tienda\/wp-json\/wp\/v2\/media?parent=7361"}],"wp:term":[{"taxonomy":"product_cat","embeddable":true,"href":"https:\/\/calibracion.com.mx\/tienda\/wp-json\/wp\/v2\/product_cat?post=7361"},{"taxonomy":"product_tag","embeddable":true,"href":"https:\/\/calibracion.com.mx\/tienda\/wp-json\/wp\/v2\/product_tag?post=7361"}],"curies":[{"name":"wp","href":"https:\/\/api.w.org\/{rel}","templated":true}]}}