{"id":7517,"date":"2024-01-12T14:59:27","date_gmt":"2024-01-12T14:59:27","guid":{"rendered":"https:\/\/calibracion.com.mx\/tienda\/?post_type=product&#038;p=7517"},"modified":"2024-01-12T15:02:10","modified_gmt":"2024-01-12T15:02:10","slug":"registrador-de-datos-reutilizable-usb-flashlink-sensor-interno-de-temperatura-y-humedad-modelo-20248","status":"publish","type":"product","link":"https:\/\/calibracion.com.mx\/tienda\/registrador-de-datos-reutilizable-usb-flashlink-sensor-interno-de-temperatura-y-humedad-modelo-20248\/","title":{"rendered":"Registrador de datos reutilizable usb flashlink, sensor interno de temperatura y humedad Modelo 20248"},"content":{"rendered":"<ul>\n<li>Conexi\u00f3n USB.<\/li>\n<li>Pantalla LCD grande y f\u00e1cil de leer.<\/li>\n<li>Indicio de bater\u00eda restante (bater\u00eda baja).<\/li>\n<li>NIST trazable y marca CE.<\/li>\n<li>Estad\u00edsticas del historial de viajes visibles en la pantalla LCD.<\/li>\n<\/ul>\n<h5><b>Aplicaciones:<\/b><\/h5>\n<p>Art\u00edculos , Alimentos Preparados, Art\u00edculos Farmac\u00e9uticos, Art\u00edculos Qu\u00edmicos, Unidades de Almacenaje , Refrigeradores.<br \/>\nThe FlashLink USB reutilizable es un registrador de datos de temperatura y humedad que puede monitorear modelos sensibles a la temperatura en instalaciones de almacenaje , \u00e1mbitos de procesamiento, salas limpias, laboratorios y a lo largo del transporte.<\/p>\n<p>Este registrador de datos es una herramienta esencial para monitorear el aire ambiente en entornos con temperatura dominada , como almacenes de almacenaje en fr\u00edo, centros de distribuci\u00f3n, \u00e1reas de procesamiento y en autom\u00f3viles de distribuci\u00f3n. Da un apreciado historial de temperatura utilizado para tomar decisiones de administraci\u00f3n de la cadena de fr\u00edo, de este modo para validaci\u00f3n, mapeo t\u00e9rmico y documentaci\u00f3n requerida para auditor\u00edas, inspecciones y cumplimiento normativo. El programa FlashLink Program Manager descarga informes como ficheros PDF y CSV, que se tienen la posibilidad de comunicar y archivar f\u00e1cilmente por e-mail.<\/p>\n<p>El conector USB incorporado permite una f\u00e1cil programaci\u00f3n de los par\u00e1metros de registro y la descarga de datos grabados a una PC. Los clientes pueden modificar intervalos de muestra , l\u00edmites de alarma altos y bajos, inicio autom\u00e1tico o manual, saltar alarma, retraso de alarma, grabar datos en modo de bucle o para detenerse en el momento en que la memoria est\u00e1 llena. El historial de temperaturas descargadas se muestra como un PDF con un gr\u00e1fico y datos resumidos, que incluyen las temperaturas m\u00e1s altas y m\u00e1s bajas, la temperatura promedio, el tiempo destinado a la alarma, los grados de minutos y los c\u00e1lculos de MKT, y en el momento en que la unidad se inici\u00f3, se detuvo y se descarg\u00f3. El software asimismo crea datos tabulares y archivos CSV, que muestran detalles para cada punto de datos.<\/p>\n<p>&nbsp;<\/p>\n<table>\n<caption>Modelo 20248 FlashLink USB Registrador de datos reutilizable, sensor interno de temperatura y humedad<\/caption>\n<thead>\n<tr>\n<th scope=\"col\">Caracter\u00edstica<\/th>\n<th scope=\"col\">Especificaci\u00f3n<\/th>\n<\/tr>\n<\/thead>\n<tfoot>\n<tr>\n<td colspan=\"2\"><\/td>\n<\/tr>\n<\/tfoot>\n<tbody>\n<tr>\n<td>Rango de Medici\u00f3n<\/td>\n<td>-40\u00b0F a 122\u00b0F (-40\u00b0C a 50\u00b0C)<\/td>\n<\/tr>\n<tr>\n<td>Rango de Operaci\u00f3n<\/td>\n<td>-40\u00b0F a 122\u00b0F (-40\u00b0C a 50\u00b0C)<\/td>\n<\/tr>\n<tr>\n<td>Precisi\u00f3n de la Temperatura<\/td>\n<td>\u00b1 1 \u00b0 F (0.5 \u00b0 C) a 32 \u00b0 F a 150 \u00b0 F (0 \u00b0 C a 66 \u00b0 C) \u00b1 2 \u00b0 F (1 \u00b0 C) en todo el rango<\/td>\n<\/tr>\n<tr>\n<td>Resoluci\u00f3n de la Temperatura<\/td>\n<td>0.1\u00b0F\/C<\/td>\n<\/tr>\n<tr>\n<td>Rango de Humedad<\/td>\n<td>1% a 99% HR<\/td>\n<\/tr>\n<tr>\n<td>Precisi\u00f3n de Humedad<\/td>\n<td>\u00b1 3% a 50% HR a 25\u00b0C<\/td>\n<\/tr>\n<tr>\n<td>Capacidad de Datos<\/td>\n<td>21,000 puntos de datos<\/td>\n<\/tr>\n<tr>\n<td>Tiempo de Descarga de Datos<\/td>\n<td>5 segundos t\u00edpicos por 3800 puntos<\/td>\n<\/tr>\n<tr>\n<td>Niveles de Alarma Programables<\/td>\n<td>Niveles altos y bajos\u00a0 en todo el rango, que se muestra en la pantalla LCD<\/td>\n<\/tr>\n<tr>\n<td>Bater\u00eda<\/td>\n<td>Dos pilas AAA de 1.5V<\/td>\n<\/tr>\n<tr>\n<td>Dimensiones \/ Cuerpo<\/td>\n<td>1,57 pulgadas x 3,66 pulgadas x 0,94 pulgadas (87 mm x 50 mm x 15 mm)<\/td>\n<\/tr>\n<tr>\n<td>Caja<\/td>\n<td>Pl\u00e1stico ABS<\/td>\n<\/tr>\n<tr>\n<td>Peso<\/td>\n<td>1.4 oz. (39,7 gramos)<\/td>\n<\/tr>\n<tr>\n<td>Resistencia a los Golpes<\/td>\n<td>Resiste una ca\u00edda de 3 pies (1 metro) en una superficie dura<\/td>\n<\/tr>\n<tr>\n<td>Certificaci\u00f3n<\/td>\n<td>Marca CE, NIST trazable, cumple con RoHS<\/td>\n<\/tr>\n<tr>\n<td>Monitor<\/td>\n<td>LCD, alarma LED roja<\/td>\n<\/tr>\n<tr>\n<td>Clasificaci\u00f3n de Impermiabilidad<\/td>\n<td>IP56 (con tapa de silicona)<\/td>\n<\/tr>\n<tr>\n<td>Condiciones de Almacenaje<\/td>\n<td>-4 \u00b0 F a 122 \u00b0 F (-20 \u00b0 C a 50 \u00b0 C) 0% a 95% HR sin condensaci\u00f3n<\/td>\n<\/tr>\n<tr>\n<td>Requisitos del Sistema<\/td>\n<td>PC con Windows con sistema operativo actual, Adobe Reader<\/td>\n<\/tr>\n<tr>\n<td>Programaci\u00f3n<\/td>\n<td>Software FlashLink Program Manager<\/td>\n<\/tr>\n<tr>\n<td>Descarga de requisitos<\/td>\n<td>Conexi\u00f3n USB directa a PC<\/td>\n<\/tr>\n<\/tbody>\n<\/table>\n","protected":false},"excerpt":{"rendered":"<h5><strong>Especificaciones:<\/strong><\/h5>\n<ul>\n<li>Sensor de adentro de doble canal para temperatura y humedad del aire \u00e1mbito.<\/li>\n<li>Programable por el usuario: inicio manual o autom\u00e1tico, intervalo de exhibe , l\u00edmites de alarma, etiquetas de datos.<\/li>\n<\/ul>\n","protected":false},"featured_media":7518,"template":"","meta":[],"product_cat":[16],"product_tag":[],"class_list":["post-7517","product","type-product","status-publish","has-post-thumbnail","hentry","product_cat-uncategorized"],"_links":{"self":[{"href":"https:\/\/calibracion.com.mx\/tienda\/wp-json\/wp\/v2\/product\/7517","targetHints":{"allow":["GET"]}}],"collection":[{"href":"https:\/\/calibracion.com.mx\/tienda\/wp-json\/wp\/v2\/product"}],"about":[{"href":"https:\/\/calibracion.com.mx\/tienda\/wp-json\/wp\/v2\/types\/product"}],"wp:featuredmedia":[{"embeddable":true,"href":"https:\/\/calibracion.com.mx\/tienda\/wp-json\/wp\/v2\/media\/7518"}],"wp:attachment":[{"href":"https:\/\/calibracion.com.mx\/tienda\/wp-json\/wp\/v2\/media?parent=7517"}],"wp:term":[{"taxonomy":"product_cat","embeddable":true,"href":"https:\/\/calibracion.com.mx\/tienda\/wp-json\/wp\/v2\/product_cat?post=7517"},{"taxonomy":"product_tag","embeddable":true,"href":"https:\/\/calibracion.com.mx\/tienda\/wp-json\/wp\/v2\/product_tag?post=7517"}],"curies":[{"name":"wp","href":"https:\/\/api.w.org\/{rel}","templated":true}]}}