{"id":7556,"date":"2024-01-12T19:37:27","date_gmt":"2024-01-12T19:37:27","guid":{"rendered":"https:\/\/calibracion.com.mx\/tienda\/?post_type=product&#038;p=7556"},"modified":"2024-01-12T19:39:20","modified_gmt":"2024-01-12T19:39:20","slug":"termohigometro-analogico-anymetre-th600b","status":"publish","type":"product","link":"https:\/\/calibracion.com.mx\/tienda\/termohigometro-analogico-anymetre-th600b\/","title":{"rendered":"Termohigrometro analogico anymetre TH600B"},"content":{"rendered":"<p>Anymetre es una herramienta para medir la temperatura de la humedad de una habitaci\u00f3n. Con tecnolog\u00eda anal\u00f3gica provoca que este objetivo pueda medir con precisi\u00f3n la temperatura y la humedad \u00e1mbito. Hay un soporte de soporte de soporte a fin de que Anymetre se sostenga de forma f\u00e1cil , tambi\u00e9n se puede colgar en la pared como un reloj de pared.<\/p>\n<h5><strong>Especificaciones :<\/strong><\/h5>\n<p>Rango de temperatura: -20 C ~ cien C Rango de humedad: 0%~cien % HR Temperatura de precisi\u00f3n: +-0,9 C (diez ~ 30 C), +-1,9 C (otro) Precisi\u00f3n de humedad: +-4,9% HR (40% ~ 75% HR), +-7% HR (25% ~ 40% HR), +-9% HR (otro) Dimensi\u00f3n del producto: 130 mm de di\u00e1metro x 17 mm Peso del producto: 200g Medici\u00f3n de temperatura mediante detecci\u00f3n bimet\u00e1lica mec\u00e1nica Material: composici\u00f3n de acero inoxidable.<\/p>\n","protected":false},"excerpt":{"rendered":"<h5><strong>Peculiaridades :<\/strong><\/h5>\n<p>\u2013 En especial dise\u00f1ado para enfriador, nevera, congelador, buz\u00f3n y nevera.<\/p>\n<p>\u2013 Carcasa circular de acero inoxidable.<\/p>\n<p>\u2013 No hab\u00eda bater\u00eda.<\/p>\n<p>\u2013 Sensor de temperatura de movimiento bimet\u00e1lico mec\u00e1nico.<\/p>\n<p>\u2013 Soporte para colgar en la pared y de escritorio.<\/p>\n","protected":false},"featured_media":7557,"template":"","meta":[],"product_cat":[16],"product_tag":[],"class_list":["post-7556","product","type-product","status-publish","has-post-thumbnail","hentry","product_cat-uncategorized"],"_links":{"self":[{"href":"https:\/\/calibracion.com.mx\/tienda\/wp-json\/wp\/v2\/product\/7556","targetHints":{"allow":["GET"]}}],"collection":[{"href":"https:\/\/calibracion.com.mx\/tienda\/wp-json\/wp\/v2\/product"}],"about":[{"href":"https:\/\/calibracion.com.mx\/tienda\/wp-json\/wp\/v2\/types\/product"}],"wp:featuredmedia":[{"embeddable":true,"href":"https:\/\/calibracion.com.mx\/tienda\/wp-json\/wp\/v2\/media\/7557"}],"wp:attachment":[{"href":"https:\/\/calibracion.com.mx\/tienda\/wp-json\/wp\/v2\/media?parent=7556"}],"wp:term":[{"taxonomy":"product_cat","embeddable":true,"href":"https:\/\/calibracion.com.mx\/tienda\/wp-json\/wp\/v2\/product_cat?post=7556"},{"taxonomy":"product_tag","embeddable":true,"href":"https:\/\/calibracion.com.mx\/tienda\/wp-json\/wp\/v2\/product_tag?post=7556"}],"curies":[{"name":"wp","href":"https:\/\/api.w.org\/{rel}","templated":true}]}}