{"id":82,"date":"2023-10-24T20:03:47","date_gmt":"2023-10-24T20:03:47","guid":{"rendered":"https:\/\/calibracion.com.mx\/tienda\/?post_type=product&#038;p=82"},"modified":"2023-10-31T20:50:10","modified_gmt":"2023-10-31T20:50:10","slug":"elitech-tlog-b100h-datalogger-temperatura-y-humedad-bluetooth","status":"publish","type":"product","link":"https:\/\/calibracion.com.mx\/tienda\/elitech-tlog-b100h-datalogger-temperatura-y-humedad-bluetooth\/","title":{"rendered":"Elitech tlog b100h datalogger temperatura y humedad bluetooth"},"content":{"rendered":"<p>Funcionalidades :<\/p>\n<ul>\n<li>Conexi\u00f3n inal\u00e1mbrica Bluetooth con la aplicaci\u00f3n Elitech Data para Android e iOS<\/li>\n<li>Funci\u00f3n de bloqueo para evitar cambios no autorizados<\/li>\n<li>Medici\u00f3n y registro de temperatura y humedad relativa<\/li>\n<li>Alarma sonora y visual para valores de temperatura y humedad fuera de rango<\/li>\n<li>Funci\u00f3n de configuraci\u00f3n de registro de datos en tiempo y frecuencia<\/li>\n<li>Indicador de bater\u00eda baja<\/li>\n<\/ul>\n<p>Informaciones t\u00e9cnicas:<\/p>\n<ul>\n<li>Rango de medici\u00f3n de humedad relativa: 0% a 100%<\/li>\n<li>Peso: 54g<\/li>\n<li>Precisi\u00f3n de la medici\u00f3n de temperatura: +\/- 0.5\u00b0C<\/li>\n<li>Frecuencia de registro de datos: ajustable de 1 minuto a 24 horas<\/li>\n<li>Conectividad: Bluetooth 4.0<\/li>\n<li>Capacidad de registro de datos: hasta 32,000 registros<\/li>\n<li>Precisi\u00f3n de la medici\u00f3n de humedad relativa: +\/- 3% RH<\/li>\n<li>Dimensiones: 84mm x 44mm x 20mm<\/li>\n<li>Rango de medici\u00f3n de temperatura: -30\u00b0C a 70\u00b0C<\/li>\n<li>Alimentaci\u00f3n: 1 bater\u00eda CR2450 (incluida)<\/li>\n<\/ul>\n<p>Contenido del paquete :<\/p>\n<ul>\n<li>1 x manual de usuario<\/li>\n<li>1 x bater\u00eda CR2450<\/li>\n<li>1 x Elitech TLOG B100H Datalogger Temperatura Y Humedad Bluetooth<\/li>\n<\/ul>\n<p>&nbsp;<\/p>\n<p>El Elitech TLOG B100H Datalogger Temperatura Y Humedad Bluetooth se utiliza para la medici\u00f3n y registro de temperatura y humedad relativa en distintos entornos , as\u00ed como laboratorios, bodegas, invernaderos, y otros. La conexi\u00f3n inal\u00e1mbrica Bluetooth con la app Elitech Data para Android y tambi\u00e9n iOS deja la visualizaci\u00f3n en el mismo instante de los datos registrados y la configuraci\u00f3n de la continuidad y el tiempo de registro de datos.<\/p>\n<p>La funci\u00f3n de alarma sonora y visual para valores de temperatura y humedad fuera de rango es singularmente \u00fatil en la prevenci\u00f3n de da\u00f1os en modelos y equipos guardados. Adem\u00e1s , la capacidad de registro de hasta 32,000 registros permite la revisi\u00f3n y an\u00e1lisis de datos hist\u00f3ricos, lo que es \u00fatil en la toma de decisiones para el cuidado y la gesti\u00f3n de los entornos monitoreados.<\/p>\n<p>En resumen , el Elitech TLOG B100H Datalogger Temperatura Y Humedad Bluetooth es un dispositivo de chequeo preciso y f\u00e1cil de usar para la medici\u00f3n y registro de temperatura y humedad relativa en diversos entornos , con la capacidad de conexi\u00f3n inal\u00e1mbrica y la oportunidad de revisi\u00f3n y an\u00e1lisis de datos hist\u00f3ricos.<\/p>\n","protected":false},"excerpt":{"rendered":"<p>Funcionalidades : Conexi\u00f3n inal\u00e1mbrica Bluetooth con la aplicaci\u00f3n Elitech Data para Android e iOS Funci\u00f3n de bloqueo para evitar cambios no autorizados Medici\u00f3n y registro de temperatura y humedad relativa Alarma sonora y visual para valores de temperatura y humedad fuera de rango Funci\u00f3n de configuraci\u00f3n de registro de datos en tiempo y frecuencia Indicador [&hellip;]<\/p>\n","protected":false},"featured_media":83,"template":"","meta":[],"product_cat":[16],"product_tag":[],"class_list":["post-82","product","type-product","status-publish","has-post-thumbnail","hentry","product_cat-uncategorized"],"_links":{"self":[{"href":"https:\/\/calibracion.com.mx\/tienda\/wp-json\/wp\/v2\/product\/82","targetHints":{"allow":["GET"]}}],"collection":[{"href":"https:\/\/calibracion.com.mx\/tienda\/wp-json\/wp\/v2\/product"}],"about":[{"href":"https:\/\/calibracion.com.mx\/tienda\/wp-json\/wp\/v2\/types\/product"}],"wp:featuredmedia":[{"embeddable":true,"href":"https:\/\/calibracion.com.mx\/tienda\/wp-json\/wp\/v2\/media\/83"}],"wp:attachment":[{"href":"https:\/\/calibracion.com.mx\/tienda\/wp-json\/wp\/v2\/media?parent=82"}],"wp:term":[{"taxonomy":"product_cat","embeddable":true,"href":"https:\/\/calibracion.com.mx\/tienda\/wp-json\/wp\/v2\/product_cat?post=82"},{"taxonomy":"product_tag","embeddable":true,"href":"https:\/\/calibracion.com.mx\/tienda\/wp-json\/wp\/v2\/product_tag?post=82"}],"curies":[{"name":"wp","href":"https:\/\/api.w.org\/{rel}","templated":true}]}}