{"id":8378,"date":"2024-02-08T14:44:06","date_gmt":"2024-02-08T14:44:06","guid":{"rendered":"https:\/\/calibracion.com.mx\/tienda\/?post_type=product&#038;p=8378"},"modified":"2024-02-08T14:44:06","modified_gmt":"2024-02-08T14:44:06","slug":"positector-dpm-l-dew-point-meter-logger-dpml","status":"publish","type":"product","link":"https:\/\/calibracion.com.mx\/tienda\/positector-dpm-l-dew-point-meter-logger-dpml\/","title":{"rendered":"PosiTector DPM L Dew Point Meter Logger \u2013 DPML"},"content":{"rendered":"<ul>\n<li>Almacenaje en memoria interna de 10 ,000 conjuntos de datos (60,000 lecturas).<\/li>\n<li>Los sensores de precisi\u00f3n de contestaci\u00f3n r\u00e1pida proporcionan lecturas exactas y repetibles.<\/li>\n<li>Certificado de medici\u00f3n que muestra la trazabilidad al NIST incluido.<\/li>\n<li>Recinto sellado ambientalmente \u2013 fuerte a la intemperie, a prueba de polvo y a prueba de golpes \u2013 cumple o supera IP65.<\/li>\n<li>Cumple con los est\u00e1ndares nacionales y tambi\u00e9n internacionales , incluidos ISO y ASTM.<\/li>\n<li>Cada conjunto de datos almacenado tiene fecha y hora estampadas.<\/li>\n<li>Registra los factores a intervalos escogidos por el usuario desde 1 min. a 8 hrs.<\/li>\n<li>Ranura de seguridad Kensington para protecci\u00f3n antirrobo. Kensington Lock se vende separadamente.<\/li>\n<li>Garant\u00eda de un par de a\u00f1os.<\/li>\n<li>Utiliza bater\u00edas comunes de celda de moneda de litio (CR2032).<\/li>\n<\/ul>\n","protected":false},"excerpt":{"rendered":"<p>Se adhiere a estructuras de acero para medir y registrar par\u00e1metros ambientales de manera sin dependencia a lo largo de hasta 200 d\u00edas. Los conjuntos de datos almacenados se pueden bajar usando un cuerpo de medidor PosiTector Advanced o un dispositivo capaz Apple \/ Android.<\/p>\n","protected":false},"featured_media":8379,"template":"","meta":[],"product_cat":[16],"product_tag":[],"class_list":["post-8378","product","type-product","status-publish","has-post-thumbnail","hentry","product_cat-uncategorized"],"_links":{"self":[{"href":"https:\/\/calibracion.com.mx\/tienda\/wp-json\/wp\/v2\/product\/8378","targetHints":{"allow":["GET"]}}],"collection":[{"href":"https:\/\/calibracion.com.mx\/tienda\/wp-json\/wp\/v2\/product"}],"about":[{"href":"https:\/\/calibracion.com.mx\/tienda\/wp-json\/wp\/v2\/types\/product"}],"wp:featuredmedia":[{"embeddable":true,"href":"https:\/\/calibracion.com.mx\/tienda\/wp-json\/wp\/v2\/media\/8379"}],"wp:attachment":[{"href":"https:\/\/calibracion.com.mx\/tienda\/wp-json\/wp\/v2\/media?parent=8378"}],"wp:term":[{"taxonomy":"product_cat","embeddable":true,"href":"https:\/\/calibracion.com.mx\/tienda\/wp-json\/wp\/v2\/product_cat?post=8378"},{"taxonomy":"product_tag","embeddable":true,"href":"https:\/\/calibracion.com.mx\/tienda\/wp-json\/wp\/v2\/product_tag?post=8378"}],"curies":[{"name":"wp","href":"https:\/\/api.w.org\/{rel}","templated":true}]}}