{"id":84,"date":"2023-10-24T20:14:48","date_gmt":"2023-10-24T20:14:48","guid":{"rendered":"https:\/\/calibracion.com.mx\/tienda\/?post_type=product&#038;p=84"},"modified":"2023-10-24T20:14:48","modified_gmt":"2023-10-24T20:14:48","slug":"elitech-stc-1000-controlador-de-temperatura","status":"publish","type":"product","link":"https:\/\/calibracion.com.mx\/tienda\/elitech-stc-1000-controlador-de-temperatura\/","title":{"rendered":"Elitech STC-1000 controlador de temperatura"},"content":{"rendered":"<p>Marca: Elitech<\/p>\n<p>Modelo: STC-1000<\/p>\n<p>Funciones :<\/p>\n<p>Control de temperatura de refrigeraci\u00f3n y calefacci\u00f3n<br \/>\nFunci\u00f3n de calibraci\u00f3n de temperatura<br \/>\nFunci\u00f3n de retardo en la protecci\u00f3n de refrigeraci\u00f3n<br \/>\nPantalla LCD de lectura de temperatura en grados Celsius o Fahrenheit<br \/>\nFunci\u00f3n de memoria para sostener la configuraci\u00f3n anterior despu\u00e9s de un corte de energ\u00eda<br \/>\nAlarma sonora y visual en el caso de falla del sensor o de temperatura fuera de rango<br \/>\nDos sondas de temperatura dentro (una para calefacci\u00f3n y una para refrigeraci\u00f3n)<br \/>\nEspecificaciones t\u00e9cnicas:<\/p>\n<p>Rango de medici\u00f3n de temperatura: -50\u00b0C a 99\u00b0C<br \/>\nPrecisi\u00f3n de la medici\u00f3n de temperatura: +\/- 0.1\u00b0C<br \/>\nRango de control de temperatura: -50\u00b0C a 99\u00b0C<br \/>\nPrecisi\u00f3n de control de temperatura: +\/- 1\u00b0C<br \/>\nCorriente m\u00e1xima: 10A<br \/>\nVoltaje de entrada: AC 110V<br \/>\nConsumo de energ\u00eda: menos de 3W<br \/>\nDimensiones: 75mm x 34mm x 85mm<br \/>\nPeso: 140g<br \/>\nContenido del bulto :<\/p>\n<p>1 x Elitech STC-1000 controlador de temperatura<br \/>\n2 x sondas de temperatura<br \/>\n1 x manual de usuario<br \/>\nLa app principal del Elitech STC-1000 controlador de temperatura es en el control de la temperatura en sistemas de refrigeraci\u00f3n y calefacci\u00f3n. Este dispositivo es ideal para su uso en acuarios, invernaderos, incubadoras, sistemas de refrigeraci\u00f3n de alimentos, entre otros muchos.<\/p>\n<p>El controlador de temperatura STC-1000 permite al usuario detallar un rango de temperatura deseado y supervisar de forma autom\u00e1tica la activaci\u00f3n de un sistema de refrigeraci\u00f3n o calefacci\u00f3n para sostener la temperatura dentro del rango establecido.<\/p>\n<p>La funci\u00f3n de delay de protecci\u00f3n de refrigeraci\u00f3n asimismo es realmente \u00fatil en la prevenci\u00f3n de da\u00f1os al sistema de refrigeraci\u00f3n por el per\u00edodo constante de encendido y apagado.<\/p>\n<p>Adem\u00e1s de esto , la funci\u00f3n de alarma sonora y visual en el caso de falla del sensor o de temperatura fuera de rango permite al usuario detectar problemas de forma inmediata y tomar las medidas necesarias para corregir la situaci\u00f3n.<\/p>\n<p>Resumiendo , la aplicaci\u00f3n del Elitech STC-1000 controlador de temperatura es en cualquier sistema que requiera el control exacto de la temperatura, ya sea para sostener una temperatura incesante o para prevenir da\u00f1os a los equipos.<\/p>\n","protected":false},"excerpt":{"rendered":"<p>CARACTER\u00cdSTICAS ELITECH STC-1000 CONTROLADOR DE TEMPERATURA<br \/>\nLa aplicaci\u00f3n primordial del Elitech STC-1000 controlador de temperatura es en el control de la temperatura en sistemas de refrigeraci\u00f3n y calefacci\u00f3n. Este dispositivo es ideal para su uso en acuarios, invernaderos, incubadoras, sistemas de refrigeraci\u00f3n de alimentos, entre otros.<\/p>\n","protected":false},"featured_media":85,"template":"","meta":[],"product_cat":[16],"product_tag":[],"class_list":["post-84","product","type-product","status-publish","has-post-thumbnail","hentry","product_cat-uncategorized"],"_links":{"self":[{"href":"https:\/\/calibracion.com.mx\/tienda\/wp-json\/wp\/v2\/product\/84","targetHints":{"allow":["GET"]}}],"collection":[{"href":"https:\/\/calibracion.com.mx\/tienda\/wp-json\/wp\/v2\/product"}],"about":[{"href":"https:\/\/calibracion.com.mx\/tienda\/wp-json\/wp\/v2\/types\/product"}],"wp:featuredmedia":[{"embeddable":true,"href":"https:\/\/calibracion.com.mx\/tienda\/wp-json\/wp\/v2\/media\/85"}],"wp:attachment":[{"href":"https:\/\/calibracion.com.mx\/tienda\/wp-json\/wp\/v2\/media?parent=84"}],"wp:term":[{"taxonomy":"product_cat","embeddable":true,"href":"https:\/\/calibracion.com.mx\/tienda\/wp-json\/wp\/v2\/product_cat?post=84"},{"taxonomy":"product_tag","embeddable":true,"href":"https:\/\/calibracion.com.mx\/tienda\/wp-json\/wp\/v2\/product_tag?post=84"}],"curies":[{"name":"wp","href":"https:\/\/api.w.org\/{rel}","templated":true}]}}