{"id":8410,"date":"2024-02-08T16:21:25","date_gmt":"2024-02-08T16:21:25","guid":{"rendered":"https:\/\/calibracion.com.mx\/tienda\/?post_type=product&#038;p=8410"},"modified":"2024-02-08T16:21:26","modified_gmt":"2024-02-08T16:21:26","slug":"probador-multiple-wa2017sd","status":"publish","type":"product","link":"https:\/\/calibracion.com.mx\/tienda\/probador-multiple-wa2017sd\/","title":{"rendered":"Probador Multiple \u2013 WA2017SD"},"content":{"rendered":"<h5><strong>Especificaciones primordiales :<\/strong><\/h5>\n<ul>\n<li>Tiene compensaci\u00f3n de temperatura manual y autom\u00e1tica en la opci\u00f3n de PH.<\/li>\n<li>Registro de 99 situaciones para grabar y leer datos.<\/li>\n<li>Interfaz con PC v\u00eda cable USB.<\/li>\n<li>Perfecto para la mayor parte de aplicaciones en agua.<\/li>\n<li>Pantalla de dos l\u00edneas puede desplegar el valor de medici\u00f3n y temperatura al mismo tiempo.<\/li>\n<li>Veloz y simple de operar.<\/li>\n<li>Alta resoluci\u00f3n con definici\u00f3n de 0.001 pH.<\/li>\n<li>Indicio de estado del electrodo de PH.<\/li>\n<li>Mide pH, mV, conductividad, resistividad, salinidad concentraci\u00f3n y temperatura.<\/li>\n<li>Incesante de celda disponible K=0.1, K=1.0 y K=10.<\/li>\n<li>Modo de concentraci\u00f3n de datos, le dejar\u00e1 hacer una tabla de valores definida por el usuario.<\/li>\n<\/ul>\n","protected":false},"excerpt":{"rendered":"<h5>\n<strong>Aplicaciones :<\/strong><\/h5>\n<ul>\n<li>Plantas tratadoras de agua y purificadoras.<\/li>\n<li>Pruebas de calidad del agua, preparaciones industriales, agropecuarias y alimenticias.<\/li>\n<\/ul>\n","protected":false},"featured_media":8411,"template":"","meta":[],"product_cat":[16],"product_tag":[],"class_list":["post-8410","product","type-product","status-publish","has-post-thumbnail","hentry","product_cat-uncategorized"],"_links":{"self":[{"href":"https:\/\/calibracion.com.mx\/tienda\/wp-json\/wp\/v2\/product\/8410","targetHints":{"allow":["GET"]}}],"collection":[{"href":"https:\/\/calibracion.com.mx\/tienda\/wp-json\/wp\/v2\/product"}],"about":[{"href":"https:\/\/calibracion.com.mx\/tienda\/wp-json\/wp\/v2\/types\/product"}],"wp:featuredmedia":[{"embeddable":true,"href":"https:\/\/calibracion.com.mx\/tienda\/wp-json\/wp\/v2\/media\/8411"}],"wp:attachment":[{"href":"https:\/\/calibracion.com.mx\/tienda\/wp-json\/wp\/v2\/media?parent=8410"}],"wp:term":[{"taxonomy":"product_cat","embeddable":true,"href":"https:\/\/calibracion.com.mx\/tienda\/wp-json\/wp\/v2\/product_cat?post=8410"},{"taxonomy":"product_tag","embeddable":true,"href":"https:\/\/calibracion.com.mx\/tienda\/wp-json\/wp\/v2\/product_tag?post=8410"}],"curies":[{"name":"wp","href":"https:\/\/api.w.org\/{rel}","templated":true}]}}